{"id":10017,"date":"2025-02-04T20:25:51","date_gmt":"2025-02-04T20:25:51","guid":{"rendered":"https:\/\/edimeinter.com\/libreria\/?post_type=product&#038;p=10017"},"modified":"2025-03-09T20:38:32","modified_gmt":"2025-03-09T20:38:32","slug":"sisinio-de-castro-manual-de-patologia-general-9a-edicion","status":"publish","type":"product","link":"https:\/\/edimeinter.com\/libreria\/product\/sisinio-de-castro-manual-de-patologia-general-9a-edicion\/","title":{"rendered":"Sisinio de Castro. Manual de Patolog\u00eda general. 9\u00aa Edici\u00f3n"},"content":{"rendered":"\t\t<div data-elementor-type=\"wp-post\" data-elementor-id=\"10017\" class=\"elementor elementor-10017\">\n\t\t\t\t<div class=\"elementor-element elementor-element-2612b12 e-flex e-con-boxed e-con e-parent\" data-id=\"2612b12\" data-element_type=\"container\" data-e-type=\"container\">\n\t\t\t\t\t<div class=\"e-con-inner\">\n\t\t\n\t\t<div class=\"elementor-element elementor-element-498707ae elementor-widget elementor-widget-text-editor\" data-id=\"498707ae\" data-element_type=\"widget\" data-e-type=\"widget\" data-widget_type=\"text-editor.default\">\n\t\t\t\t<div class=\"elementor-widget-container\">\n\t\t\t\t\t\t\t\t\t<p>La novena edici\u00f3n de este manual aparece cuando se cumplen 50 a\u00f1os desde la primera y se ha convertido ya en un indiscutible texto de referencia para el estudio de la Patolog\u00eda general, indispensable tanto durante el estudio del grado como tras su finalizaci\u00f3n.<\/p><p>Ofrece contenidos plenamente actualizados, con la inclusi\u00f3n de un nuevo cap\u00edtulo sobre manifestaciones generales de la enfermedad, y con una reestructuraci\u00f3n en parte de los ya existente, para lograr una mayor coherencia conceptual, as\u00ed como una revisi\u00f3n de las referencias bibliogr\u00e1ficas, disponibles en versi\u00f3n electr\u00f3nica<\/p><p>Los contenidos se estructuran en una introducci\u00f3n y tres partes dedicadas respectivamente a la etiolog\u00eda, la patogenia y la fisiopatolog\u00eda; esta \u00faltima a su vez se subdivide en\u00a010 secciones\u00a0en que se abordan los\u00a0diferentes sistemas y aparatos corporales.<b><strong>\u00a0<\/strong><\/b><\/p><p>Por primera vez, la versi\u00f3n impresa incluye la totalidad de las tablas y figuras de la obra, enteramente en color y se ofrece acceso a la versi\u00f3n electr\u00f3nica completa del libro con contenidos complementarios sobre estructuras anat\u00f3micas e histol\u00f3gicas, y mol\u00e9culas biol\u00f3gicas, incluyendo 71 figuras y 10 tablas; ex\u00e1menes complementarios; glosario de t\u00e9rminos b\u00e1sicos, con sus ra\u00edces etimol\u00f3gicas griegas; autoevaluaci\u00f3n de opci\u00f3n m\u00faltiple y bibliograf\u00eda actualizada.<\/p>\t\t\t\t\t\t\t\t<\/div>\n\t\t\t\t<\/div>\n\t\t\t\t\t<\/div>\n\t\t\t\t<\/div>\n\t\t\t\t<\/div>\n\t\t","protected":false},"excerpt":{"rendered":"<p><strong>Autores:<\/strong>\u00a0Jos\u00e9 Luis P\u00e9rez Arellano<br \/>\n<strong>ISBN:<\/strong>\u00a09788413822785<br \/>\n<strong>Editorial:<\/strong>\u00a0Elsevier<br \/>\n<strong>Edici\u00f3n:<\/strong>\u00a09\u00aa<br \/>\n<strong>Especialidad<\/strong>: Patolog\u00eda<br \/>\n<strong>P\u00e1ginas<\/strong>: 804<br \/>\n\u00a9 2024<\/p>\n","protected":false},"featured_media":10018,"comment_status":"open","ping_status":"open","template":"","meta":{"_joinchat":[]},"product_cat":[134],"product_tag":[240,85,135],"class_list":{"0":"post-10017","1":"product","2":"type-product","3":"status-publish","4":"has-post-thumbnail","6":"product_cat-patologia","7":"product_tag-240","8":"product_tag-elsevier","9":"product_tag-patologia","11":"first","12":"instock","13":"featured","14":"taxable","15":"shipping-taxable","16":"purchasable","17":"product-type-simple"},"_links":{"self":[{"href":"https:\/\/edimeinter.com\/libreria\/wp-json\/wp\/v2\/product\/10017","targetHints":{"allow":["GET"]}}],"collection":[{"href":"https:\/\/edimeinter.com\/libreria\/wp-json\/wp\/v2\/product"}],"about":[{"href":"https:\/\/edimeinter.com\/libreria\/wp-json\/wp\/v2\/types\/product"}],"replies":[{"embeddable":true,"href":"https:\/\/edimeinter.com\/libreria\/wp-json\/wp\/v2\/comments?post=10017"}],"version-history":[{"count":1,"href":"https:\/\/edimeinter.com\/libreria\/wp-json\/wp\/v2\/product\/10017\/revisions"}],"predecessor-version":[{"id":14924,"href":"https:\/\/edimeinter.com\/libreria\/wp-json\/wp\/v2\/product\/10017\/revisions\/14924"}],"wp:featuredmedia":[{"embeddable":true,"href":"https:\/\/edimeinter.com\/libreria\/wp-json\/wp\/v2\/media\/10018"}],"wp:attachment":[{"href":"https:\/\/edimeinter.com\/libreria\/wp-json\/wp\/v2\/media?parent=10017"}],"wp:term":[{"taxonomy":"product_cat","embeddable":true,"href":"https:\/\/edimeinter.com\/libreria\/wp-json\/wp\/v2\/product_cat?post=10017"},{"taxonomy":"product_tag","embeddable":true,"href":"https:\/\/edimeinter.com\/libreria\/wp-json\/wp\/v2\/product_tag?post=10017"}],"curies":[{"name":"wp","href":"https:\/\/api.w.org\/{rel}","templated":true}]}}