{"id":10023,"date":"2025-02-04T20:31:54","date_gmt":"2025-02-04T20:31:54","guid":{"rendered":"https:\/\/edimeinter.com\/libreria\/?post_type=product&#038;p=10023"},"modified":"2026-01-12T18:18:09","modified_gmt":"2026-01-12T18:18:09","slug":"balcells-la-clinica-y-el-laboratorio-24a-edicion","status":"publish","type":"product","link":"https:\/\/edimeinter.com\/libreria\/product\/balcells-la-clinica-y-el-laboratorio-24a-edicion\/","title":{"rendered":"Balcells. La cl\u00ednica y el laboratorio. 24\u00aa Edici\u00f3n"},"content":{"rendered":"\t\t<div data-elementor-type=\"wp-post\" data-elementor-id=\"10023\" class=\"elementor elementor-10023\">\n\t\t\t\t<div class=\"elementor-element elementor-element-2612b12 e-flex e-con-boxed e-con e-parent\" data-id=\"2612b12\" data-element_type=\"container\" data-e-type=\"container\">\n\t\t\t\t\t<div class=\"e-con-inner\">\n\t\t\n\t\t<div class=\"elementor-element elementor-element-498707ae elementor-widget elementor-widget-text-editor\" data-id=\"498707ae\" data-element_type=\"widget\" data-e-type=\"widget\" data-widget_type=\"text-editor.default\">\n\t\t\t\t<div class=\"elementor-widget-container\">\n\t\t\t\t\t\t\t\t\t<p>Vigesimocuarta\u00a0edici\u00f3n de esta obra de referencia que se mantiene en constante actualizaci\u00f3n para presentar de modo exhaustivo y preciso las alteraciones anal\u00edticas de los fluidos del organismo y los cambios bioqu\u00edmicos y celulares que tienen lugar en los distintos procesos patol\u00f3gicos.<\/p><p>Su objetivo es ofrecer al estudiante y al m\u00e9dico en formaci\u00f3n un instrumento \u00fatil y un punto de referencia en su labor diaria ,que le oriente en las peticiones de ex\u00e1menes complementarios y le ayude en la interpretaci\u00f3n de los resultados del laboratorio en su pr\u00e1ctica cl\u00ednica.<\/p><p>Esta nueva edici\u00f3n\u00a0presenta una reestructuraci\u00f3n de los cap\u00edtulos y con una\u00a0completa y profunda actualizaci\u00f3n, incorpora\u00a0los \u00faltimos avances en el conocimiento de las enfermedades\u00a0y sus respectivos mecanismos patog\u00e9nicos, cuenta con\u00a0nuevos casos cl\u00ednicos e incluye seis pr\u00e1cticas\u00a0tablas de valores de referencia.<\/p>\t\t\t\t\t\t\t\t<\/div>\n\t\t\t\t<\/div>\n\t\t\t\t\t<\/div>\n\t\t\t\t<\/div>\n\t\t\t\t<\/div>\n\t\t","protected":false},"excerpt":{"rendered":"<p><strong>Autores:<\/strong>\u00a0Jes\u00fas M. Prieto Valtue\u00f1a &amp; Jos\u00e9 Ram\u00f3n Yuste<br \/>\n<strong>ISBN:<\/strong>\u00a09788413824833<br \/>\n<strong>Editorial:<\/strong>\u00a0Elsevier<br \/>\n<strong>Edici\u00f3n:<\/strong>\u00a024\u00aa<br \/>\n<strong>Especialidad<\/strong>: Laboratorio Cl\u00ednico<br \/>\n<strong>P\u00e1ginas<\/strong>: 1050<br \/>\n\u00a9 2024<\/p>\n","protected":false},"featured_media":10024,"comment_status":"open","ping_status":"closed","template":"","meta":{"_joinchat":[]},"product_cat":[136],"product_tag":[240,85,137],"class_list":{"0":"post-10023","1":"product","2":"type-product","3":"status-publish","4":"has-post-thumbnail","6":"product_cat-laboratorio-clinico","7":"product_tag-240","8":"product_tag-elsevier","9":"product_tag-laboratorio-clinico","11":"first","12":"instock","13":"featured","14":"taxable","15":"shipping-taxable","16":"purchasable","17":"product-type-simple"},"_links":{"self":[{"href":"https:\/\/edimeinter.com\/libreria\/wp-json\/wp\/v2\/product\/10023","targetHints":{"allow":["GET"]}}],"collection":[{"href":"https:\/\/edimeinter.com\/libreria\/wp-json\/wp\/v2\/product"}],"about":[{"href":"https:\/\/edimeinter.com\/libreria\/wp-json\/wp\/v2\/types\/product"}],"replies":[{"embeddable":true,"href":"https:\/\/edimeinter.com\/libreria\/wp-json\/wp\/v2\/comments?post=10023"}],"version-history":[{"count":2,"href":"https:\/\/edimeinter.com\/libreria\/wp-json\/wp\/v2\/product\/10023\/revisions"}],"predecessor-version":[{"id":16221,"href":"https:\/\/edimeinter.com\/libreria\/wp-json\/wp\/v2\/product\/10023\/revisions\/16221"}],"wp:featuredmedia":[{"embeddable":true,"href":"https:\/\/edimeinter.com\/libreria\/wp-json\/wp\/v2\/media\/10024"}],"wp:attachment":[{"href":"https:\/\/edimeinter.com\/libreria\/wp-json\/wp\/v2\/media?parent=10023"}],"wp:term":[{"taxonomy":"product_cat","embeddable":true,"href":"https:\/\/edimeinter.com\/libreria\/wp-json\/wp\/v2\/product_cat?post=10023"},{"taxonomy":"product_tag","embeddable":true,"href":"https:\/\/edimeinter.com\/libreria\/wp-json\/wp\/v2\/product_tag?post=10023"}],"curies":[{"name":"wp","href":"https:\/\/api.w.org\/{rel}","templated":true}]}}

Balcells. La clínica y el laboratorio. 24ª Edición

<div data-elementor-type="wp-post" data-elementor-id="10023" class="elementor elementor-10023">
				<div class="elementor-element elementor-element-2612b12 e-flex e-con-boxed e-con e-parent" data-id="2612b12" data-element_type="container" data-e-type="container">
					<div class="e-con-inner">
		
		<div class="elementor-element elementor-element-498707ae elementor-widget elementor-widget-text-editor" data-id="498707ae" data-element_type="widget" data-e-type="widget" data-widget_type="text-editor.default">
				<div class="elementor-widget-container">
									<p>Vigesimocuarta edición de esta obra de referencia que se mantiene en constante actualización para presentar de modo exhaustivo y preciso las alteraciones analíticas de los fluidos del organismo y los cambios bioquímicos y celulares que tienen lugar en los distintos procesos patológicos.</p><p>Su objetivo es ofrecer al estudiante y al médico en formación un instrumento útil y un punto de referencia en su labor diaria ,que le oriente en las peticiones de exámenes complementarios y le ayude en la interpretación de los resultados del laboratorio en su práctica clínica.</p><p>Esta nueva edición presenta una reestructuración de los capítulos y con una completa y profunda actualización, incorpora los últimos avances en el conocimiento de las enfermedades y sus respectivos mecanismos patogénicos, cuenta con nuevos casos clínicos e incluye seis prácticas tablas de valores de referencia.</p>								</div>
				</div>
					</div>
				</div>
				</div>

<p><strong>Autores:</strong> Jesús M. Prieto Valtueña &amp; José Ramón Yuste<br />
<strong>ISBN:</strong> 9788413824833<br />
<strong>Editorial:</strong> Elsevier<br />
<strong>Edición:</strong> 24ª<br />
<strong>Especialidad</strong>: Laboratorio Clínico<br />
<strong>Páginas</strong>: 1050<br />
© 2024</p>
