{"id":10041,"date":"2025-02-04T20:55:01","date_gmt":"2025-02-04T20:55:01","guid":{"rendered":"https:\/\/edimeinter.com\/libreria\/?post_type=product&#038;p=10041"},"modified":"2026-04-20T18:11:59","modified_gmt":"2026-04-20T18:11:59","slug":"atencion-primaria-autoevaluacion-para-la-preparacion-de-examenes-y-oposiciones-9a-edicion","status":"publish","type":"product","link":"https:\/\/edimeinter.com\/libreria\/product\/atencion-primaria-autoevaluacion-para-la-preparacion-de-examenes-y-oposiciones-9a-edicion\/","title":{"rendered":"Atenci\u00f3n primaria. Autoevaluaci\u00f3n para la preparaci\u00f3n de ex\u00e1menes y oposiciones. 9\u00aa Edici\u00f3n"},"content":{"rendered":"\t\t<div data-elementor-type=\"wp-post\" data-elementor-id=\"10041\" class=\"elementor elementor-10041\">\n\t\t\t\t<div class=\"elementor-element elementor-element-2612b12 e-flex e-con-boxed e-con e-parent\" data-id=\"2612b12\" data-element_type=\"container\" data-e-type=\"container\">\n\t\t\t\t\t<div class=\"e-con-inner\">\n\t\t\n\t\t<div class=\"elementor-element elementor-element-498707ae elementor-widget elementor-widget-text-editor\" data-id=\"498707ae\" data-element_type=\"widget\" data-e-type=\"widget\" data-widget_type=\"text-editor.default\">\n\t\t\t\t<div class=\"elementor-widget-container\">\n\t\t\t\t\t\t\t\t\t<p>Acerc\u00e1ndose a los cuarenta a\u00f1os de vida, Atenci\u00f3n Primaria se renueva presentando la actualidad en Atenci\u00f3n Primaria de Salud y Medicina Familiar y Comunitaria para continuar siendo un instrumento de referencia para la formaci\u00f3n y la consulta de los profesionales interesados en esta parte nuclear de los sistemas sanitarios. En esta novena edici\u00f3n, adem\u00e1s de la actualizaci\u00f3n del contenido, se han incluido cinco cap\u00edtulos nuevos, que tratan la Enfermer\u00eda Familiar y Comunitaria, la consulta no presencial, la Atenci\u00f3n Primaria en las crisis sanitarias, el cuidado de la salud en las personas transg\u00e9nero y la ecograf\u00eda de cabecera.<\/p>\t\t\t\t\t\t\t\t<\/div>\n\t\t\t\t<\/div>\n\t\t\t\t\t<\/div>\n\t\t\t\t<\/div>\n\t\t\t\t<\/div>\n\t\t","protected":false},"excerpt":{"rendered":"<p><strong>Autores:<\/strong>\u00a0Amando Mart\u00edn Zurro &amp; Juan Francisco Cano P\u00e9rez &amp; Joan Gen\u00e9 Badia<br \/>\n<strong>ISBN:<\/strong>\u00a09788413821320<br \/>\n<strong>Editorial:<\/strong>\u00a0Elsevier<br \/>\n<strong>Edici\u00f3n:<\/strong>\u00a09\u00aa<br \/>\n<strong>Especialidad<\/strong>: Medicina Familiar y Comunitaria<br \/>\n<strong>P\u00e1ginas<\/strong>: 392<br \/>\n\u00a9 2024<\/p>\n","protected":false},"featured_media":10042,"comment_status":"open","ping_status":"closed","template":"","meta":{"_joinchat":[]},"product_cat":[138],"product_tag":[240,85,139],"class_list":{"0":"post-10041","1":"product","2":"type-product","3":"status-publish","4":"has-post-thumbnail","6":"product_cat-medicina-familiar-y-comunitaria","7":"product_tag-240","8":"product_tag-elsevier","9":"product_tag-medicina-familiar-y-comunitaria","11":"first","12":"instock","13":"featured","14":"taxable","15":"shipping-taxable","16":"purchasable","17":"product-type-simple"},"_links":{"self":[{"href":"https:\/\/edimeinter.com\/libreria\/wp-json\/wp\/v2\/product\/10041","targetHints":{"allow":["GET"]}}],"collection":[{"href":"https:\/\/edimeinter.com\/libreria\/wp-json\/wp\/v2\/product"}],"about":[{"href":"https:\/\/edimeinter.com\/libreria\/wp-json\/wp\/v2\/types\/product"}],"replies":[{"embeddable":true,"href":"https:\/\/edimeinter.com\/libreria\/wp-json\/wp\/v2\/comments?post=10041"}],"version-history":[{"count":2,"href":"https:\/\/edimeinter.com\/libreria\/wp-json\/wp\/v2\/product\/10041\/revisions"}],"predecessor-version":[{"id":16226,"href":"https:\/\/edimeinter.com\/libreria\/wp-json\/wp\/v2\/product\/10041\/revisions\/16226"}],"wp:featuredmedia":[{"embeddable":true,"href":"https:\/\/edimeinter.com\/libreria\/wp-json\/wp\/v2\/media\/10042"}],"wp:attachment":[{"href":"https:\/\/edimeinter.com\/libreria\/wp-json\/wp\/v2\/media?parent=10041"}],"wp:term":[{"taxonomy":"product_cat","embeddable":true,"href":"https:\/\/edimeinter.com\/libreria\/wp-json\/wp\/v2\/product_cat?post=10041"},{"taxonomy":"product_tag","embeddable":true,"href":"https:\/\/edimeinter.com\/libreria\/wp-json\/wp\/v2\/product_tag?post=10041"}],"curies":[{"name":"wp","href":"https:\/\/api.w.org\/{rel}","templated":true}]}}