{"id":10249,"date":"2025-02-05T00:11:16","date_gmt":"2025-02-05T00:11:16","guid":{"rendered":"https:\/\/edimeinter.com\/libreria\/?post_type=product&#038;p=10249"},"modified":"2025-11-19T20:11:03","modified_gmt":"2025-11-19T20:11:03","slug":"compendio-de-robbins-y-cotran-patologia-estructural-y-funcional-10a-edicion","status":"publish","type":"product","link":"https:\/\/edimeinter.com\/libreria\/product\/compendio-de-robbins-y-cotran-patologia-estructural-y-funcional-10a-edicion\/","title":{"rendered":"Compendio de Robbins y Cotran. Patolog\u00eda estructural y funcional \u2013 10\u00aa Edici\u00f3n"},"content":{"rendered":"\t\t<div data-elementor-type=\"wp-post\" data-elementor-id=\"10249\" class=\"elementor elementor-10249\">\n\t\t\t\t<div class=\"elementor-element elementor-element-2612b12 e-flex e-con-boxed e-con e-parent\" data-id=\"2612b12\" data-element_type=\"container\" data-e-type=\"container\">\n\t\t\t\t\t<div class=\"e-con-inner\">\n\t\t\n\t\t<div class=\"elementor-element elementor-element-498707ae elementor-widget elementor-widget-text-editor\" data-id=\"498707ae\" data-element_type=\"widget\" data-e-type=\"widget\" data-widget_type=\"text-editor.default\">\n\t\t\t\t<div class=\"elementor-widget-container\">\n\t\t\t\t\t\t\t\t\t<p>Nueva edici\u00f3n del Compendio de Robbins y Cotran, que una vez m\u00e1s sigue fielmente la estructura y organizaci\u00f3n del tratado de referencia\u00a0(Robbins y Cotran, Patolog\u00eda estructural y funcional 10\u00aa ed) y que se presenta como una magn\u00edfica\u00a0condensaci\u00f3n del contenido m\u00e1s relevante y representativo del libro<\/p><p>Se encuentra totalmente actualizado siguiendo las mismas pautas y directrices que el tratado de referencia. El compendio proporciona as\u00ed un acceso f\u00e1cil y r\u00e1pido a la informaci\u00f3n relativa a la anatom\u00eda patol\u00f3gica, convirti\u00e9ndose en una magn\u00edfica herramienta tanto de repaso como de preparaci\u00f3n para los ex\u00e1menes. Incluso, y debido a su tama\u00f1o \u00abde bolsillo\u00bb es un contenido muy apreciado para estudiantes de cursos m\u00e1s avanzados o incluso como consulta para el residente.<\/p><p>A lo largo del texto se incluyen numerosas tablas y esquemas de los procesos y patolog\u00edas m\u00e1s importantes (la nueva ed. incorpora 125 figuras nuevas) aunque se omiten tanto las im\u00e1genes cl\u00ednicas histol\u00f3gicas.<\/p><p>Al igual que en las ediciones anteriores, el Compendio de Robbins y Cotran incluye numerosas referencias a las p\u00e1ginas del tratado de referencia por si se desea consultar informaci\u00f3n adicional.<\/p><p>La nueva edici\u00f3n ofrece la versi\u00f3n digital en ingl\u00e9s a trav\u00e9s de e-book+.<\/p>\t\t\t\t\t\t\t\t<\/div>\n\t\t\t\t<\/div>\n\t\t\t\t\t<\/div>\n\t\t\t\t<\/div>\n\t\t\t\t<\/div>\n\t\t","protected":false},"excerpt":{"rendered":"<p><strong>Autores:<\/strong>\u00a0Richard N Mitchell &amp; Vinay Kumar &amp; Abul K. Abbas &amp; Jon C. Aster<br \/>\n<strong>ISBN:<\/strong>\u00a09788413826073<br \/>\n<strong>Editorial:<\/strong>\u00a0Elsevier<br \/>\n<strong>Edici\u00f3n:<\/strong>\u00a010\u00aa<br \/>\n<strong>Especialidad<\/strong>: Patolog\u00eda<br \/>\n<strong>P\u00e1ginas<\/strong>: 1040<br \/>\n\u00a9 2024<\/p>\n","protected":false},"featured_media":10251,"comment_status":"open","ping_status":"closed","template":"","meta":{"_joinchat":[]},"product_cat":[134],"product_tag":[240,85,135],"class_list":{"0":"post-10249","1":"product","2":"type-product","3":"status-publish","4":"has-post-thumbnail","6":"product_cat-patologia","7":"product_tag-240","8":"product_tag-elsevier","9":"product_tag-patologia","11":"first","12":"outofstock","13":"featured","14":"taxable","15":"shipping-taxable","16":"purchasable","17":"product-type-simple"},"_links":{"self":[{"href":"https:\/\/edimeinter.com\/libreria\/wp-json\/wp\/v2\/product\/10249","targetHints":{"allow":["GET"]}}],"collection":[{"href":"https:\/\/edimeinter.com\/libreria\/wp-json\/wp\/v2\/product"}],"about":[{"href":"https:\/\/edimeinter.com\/libreria\/wp-json\/wp\/v2\/types\/product"}],"replies":[{"embeddable":true,"href":"https:\/\/edimeinter.com\/libreria\/wp-json\/wp\/v2\/comments?post=10249"}],"version-history":[{"count":1,"href":"https:\/\/edimeinter.com\/libreria\/wp-json\/wp\/v2\/product\/10249\/revisions"}],"predecessor-version":[{"id":14961,"href":"https:\/\/edimeinter.com\/libreria\/wp-json\/wp\/v2\/product\/10249\/revisions\/14961"}],"wp:featuredmedia":[{"embeddable":true,"href":"https:\/\/edimeinter.com\/libreria\/wp-json\/wp\/v2\/media\/10251"}],"wp:attachment":[{"href":"https:\/\/edimeinter.com\/libreria\/wp-json\/wp\/v2\/media?parent=10249"}],"wp:term":[{"taxonomy":"product_cat","embeddable":true,"href":"https:\/\/edimeinter.com\/libreria\/wp-json\/wp\/v2\/product_cat?post=10249"},{"taxonomy":"product_tag","embeddable":true,"href":"https:\/\/edimeinter.com\/libreria\/wp-json\/wp\/v2\/product_tag?post=10249"}],"curies":[{"name":"wp","href":"https:\/\/api.w.org\/{rel}","templated":true}]}}