{"id":10267,"date":"2025-02-05T00:19:15","date_gmt":"2025-02-05T00:19:15","guid":{"rendered":"https:\/\/edimeinter.com\/libreria\/?post_type=product&#038;p=10267"},"modified":"2025-11-25T19:11:09","modified_gmt":"2025-11-25T19:11:09","slug":"inmunologia-basica-7a-edicion","status":"publish","type":"product","link":"https:\/\/edimeinter.com\/libreria\/product\/inmunologia-basica-7a-edicion\/","title":{"rendered":"Inmunolog\u00eda b\u00e1sica. 7\u00aa Edici\u00f3n"},"content":{"rendered":"\t\t<div data-elementor-type=\"wp-post\" data-elementor-id=\"10267\" class=\"elementor elementor-10267\">\n\t\t\t\t<div class=\"elementor-element elementor-element-2612b12 e-flex e-con-boxed e-con e-parent\" data-id=\"2612b12\" data-element_type=\"container\" data-e-type=\"container\">\n\t\t\t\t\t<div class=\"e-con-inner\">\n\t\t\n\t\t<div class=\"elementor-element elementor-element-498707ae elementor-widget elementor-widget-text-editor\" data-id=\"498707ae\" data-element_type=\"widget\" data-e-type=\"widget\" data-widget_type=\"text-editor.default\">\n\t\t\t\t<div class=\"elementor-widget-container\">\n\t\t\t\t\t\t\t\t\t<p>Nueva edici\u00f3n del texto derivado de la obra de referencia en Inmunolog\u00eda, \u00abAbbas, Inmunolog\u00eda molecular y celular\u00bb en el que se presenta de una forma concisa y visual el nivel de informaci\u00f3n adecuado para el estudiante que se enfrenta por primera vez a la asignatura.<\/p><p>Destaca su\u00a0gran riqueza y calidad iconogr\u00e1fica. La inclusi\u00f3n de tablas, esquemas, puntos clave en negrita y preguntas de autoevaluaci\u00f3n.<\/p><p>En cuanto a las principales novedades cabe destacar la inclusi\u00f3n de contenidos nuevos y ampliados sobre pandemias, COVID-19 e inmunidad de reba\u00f1o, resistencia y susceptibilidad a COVID-19, vacunas de ARN y vacunas h\u00edbridas, inmunoterapia tumoral, respuestas inmunitarias innatas a los virus, mecanismos de tolerancia inmunol\u00f3gica e inmunoterapia para enfermedades autoinmunes, al\u00e9rgicas y otras enfermedades inflamatorias y el c\u00e1ncer.<\/p><p>La nueva edici\u00f3n ofrece acceso a material adicional online en ingl\u00e9s a trav\u00e9s de e-book+.<\/p>\t\t\t\t\t\t\t\t<\/div>\n\t\t\t\t<\/div>\n\t\t\t\t\t<\/div>\n\t\t\t\t<\/div>\n\t\t\t\t<\/div>\n\t\t","protected":false},"excerpt":{"rendered":"<p><strong>Autores:<\/strong>\u00a0Abul K. Abbas &amp; Andrew H. Lichtman &amp; Shiv Pillai<br \/>\n<strong>ISBN:<\/strong>\u00a09788413826578<br \/>\n<strong>Editorial:<\/strong>\u00a0Elsevier<br \/>\n<strong>Edici\u00f3n:<\/strong>\u00a07\u00aa<br \/>\n<strong>Especialidad<\/strong>: Inmunolog\u00eda<br \/>\n<strong>P\u00e1ginas<\/strong>: 352<br \/>\n\u00a9 2024<\/p>\n","protected":false},"featured_media":10268,"comment_status":"open","ping_status":"closed","template":"","meta":{"_joinchat":[]},"product_cat":[164],"product_tag":[240,85,165],"class_list":{"0":"post-10267","1":"product","2":"type-product","3":"status-publish","4":"has-post-thumbnail","6":"product_cat-inmunologia","7":"product_tag-240","8":"product_tag-elsevier","9":"product_tag-inmunologia","11":"first","12":"outofstock","13":"featured","14":"taxable","15":"shipping-taxable","16":"purchasable","17":"product-type-simple"},"_links":{"self":[{"href":"https:\/\/edimeinter.com\/libreria\/wp-json\/wp\/v2\/product\/10267","targetHints":{"allow":["GET"]}}],"collection":[{"href":"https:\/\/edimeinter.com\/libreria\/wp-json\/wp\/v2\/product"}],"about":[{"href":"https:\/\/edimeinter.com\/libreria\/wp-json\/wp\/v2\/types\/product"}],"replies":[{"embeddable":true,"href":"https:\/\/edimeinter.com\/libreria\/wp-json\/wp\/v2\/comments?post=10267"}],"version-history":[{"count":1,"href":"https:\/\/edimeinter.com\/libreria\/wp-json\/wp\/v2\/product\/10267\/revisions"}],"predecessor-version":[{"id":14964,"href":"https:\/\/edimeinter.com\/libreria\/wp-json\/wp\/v2\/product\/10267\/revisions\/14964"}],"wp:featuredmedia":[{"embeddable":true,"href":"https:\/\/edimeinter.com\/libreria\/wp-json\/wp\/v2\/media\/10268"}],"wp:attachment":[{"href":"https:\/\/edimeinter.com\/libreria\/wp-json\/wp\/v2\/media?parent=10267"}],"wp:term":[{"taxonomy":"product_cat","embeddable":true,"href":"https:\/\/edimeinter.com\/libreria\/wp-json\/wp\/v2\/product_cat?post=10267"},{"taxonomy":"product_tag","embeddable":true,"href":"https:\/\/edimeinter.com\/libreria\/wp-json\/wp\/v2\/product_tag?post=10267"}],"curies":[{"name":"wp","href":"https:\/\/api.w.org\/{rel}","templated":true}]}}