{"id":10299,"date":"2025-02-05T00:37:41","date_gmt":"2025-02-05T00:37:41","guid":{"rendered":"https:\/\/edimeinter.com\/libreria\/?post_type=product&#038;p=10299"},"modified":"2025-03-09T20:29:47","modified_gmt":"2025-03-09T20:29:47","slug":"sims-sintomas-mentales-7a-edicion","status":"publish","type":"product","link":"https:\/\/edimeinter.com\/libreria\/product\/sims-sintomas-mentales-7a-edicion\/","title":{"rendered":"Sims. S\u00edntomas mentales. 7\u00aa Edici\u00f3n"},"content":{"rendered":"\t\t<div data-elementor-type=\"wp-post\" data-elementor-id=\"10299\" class=\"elementor elementor-10299\">\n\t\t\t\t<div class=\"elementor-element elementor-element-2612b12 e-flex e-con-boxed e-con e-parent\" data-id=\"2612b12\" data-element_type=\"container\" data-e-type=\"container\">\n\t\t\t\t\t<div class=\"e-con-inner\">\n\t\t\n\t\t<div class=\"elementor-element elementor-element-498707ae elementor-widget elementor-widget-text-editor\" data-id=\"498707ae\" data-element_type=\"widget\" data-e-type=\"widget\" data-widget_type=\"text-editor.default\">\n\t\t\t\t<div class=\"elementor-widget-container\">\n\t\t\t\t\t\t\t\t\t<p>Principal manual introductorio a la psicopatolog\u00eda, que ofrece el marco conceptual necesario para la formaci\u00f3n de todo psiquiatra. En \u00e9l se definen y explican los principales s\u00edntomas y s\u00edndromes de los trastornos mentales que pueden encontrarse en la pr\u00e1ctica cl\u00ednica.<\/p><p>\u00a0En esta s\u00e9ptima edici\u00f3n, el manual ha sido completamente revisado y actualizado con los \u00faltimos conocimientos, conceptos, y modelos te\u00f3ricos y explicativos. Incluye un nuevo cap\u00edtulo sobre el emergente campo de las anomal\u00edas del sentido est\u00e9tico, e informaci\u00f3n ampliada sobre las alucinaciones musicales, la erotoman\u00eda, las anomal\u00edas del pensamiento, y la fascinante naturaleza de los gestos y sus alteraciones.<\/p><p>Incorpora, adem\u00e1s, una magistral introducci\u00f3n a esta compleja disciplina que pondr\u00e1 a prueba el intelecto del lector, al tiempo que potenciar\u00e1 su aprendizaje.<\/p><p>La versi\u00f3n electr\u00f3nica en l\u00ednea, en ingl\u00e9s, incluye materiales audiovisuales complementarios como v\u00eddeos y p\u00f3dcast en l\u00ednea, que aportan t\u00e9cnicas y consejos para las entrevistas cl\u00ednicas, que convierten a este manual en un recurso imprescindible para residentes de psiquiatr\u00eda y en una preciada obra de referencia para profesores universitarios, psiquiatras y psic\u00f3logos cl\u00ednicos, profesionales sanitarios relacionados e investigadores.<\/p>\t\t\t\t\t\t\t\t<\/div>\n\t\t\t\t<\/div>\n\t\t\t\t\t<\/div>\n\t\t\t\t<\/div>\n\t\t\t\t<\/div>\n\t\t","protected":false},"excerpt":{"rendered":"<p><strong>Autores:<\/strong>\u00a0Femi Oyebode<br \/>\n<strong>ISBN:<\/strong>\u00a09788413825250<br \/>\n<strong>Editorial:<\/strong>\u00a0Elsevier<br \/>\n<strong>Edici\u00f3n:<\/strong>\u00a07\u00aa<br \/>\n<strong>Especialidad<\/strong>: Psiquiatr\u00eda<br \/>\n<strong>P\u00e1ginas<\/strong>: 376<br \/>\n\u00a9 2024<\/p>\n","protected":false},"featured_media":10300,"comment_status":"open","ping_status":"open","template":"","meta":{"_joinchat":[]},"product_cat":[68],"product_tag":[240,85,69],"class_list":{"0":"post-10299","1":"product","2":"type-product","3":"status-publish","4":"has-post-thumbnail","6":"product_cat-psiquiatria","7":"product_tag-240","8":"product_tag-elsevier","9":"product_tag-psiquiatria","11":"first","12":"instock","13":"featured","14":"taxable","15":"shipping-taxable","16":"purchasable","17":"product-type-simple"},"_links":{"self":[{"href":"https:\/\/edimeinter.com\/libreria\/wp-json\/wp\/v2\/product\/10299","targetHints":{"allow":["GET"]}}],"collection":[{"href":"https:\/\/edimeinter.com\/libreria\/wp-json\/wp\/v2\/product"}],"about":[{"href":"https:\/\/edimeinter.com\/libreria\/wp-json\/wp\/v2\/types\/product"}],"replies":[{"embeddable":true,"href":"https:\/\/edimeinter.com\/libreria\/wp-json\/wp\/v2\/comments?post=10299"}],"version-history":[{"count":1,"href":"https:\/\/edimeinter.com\/libreria\/wp-json\/wp\/v2\/product\/10299\/revisions"}],"predecessor-version":[{"id":14970,"href":"https:\/\/edimeinter.com\/libreria\/wp-json\/wp\/v2\/product\/10299\/revisions\/14970"}],"wp:featuredmedia":[{"embeddable":true,"href":"https:\/\/edimeinter.com\/libreria\/wp-json\/wp\/v2\/media\/10300"}],"wp:attachment":[{"href":"https:\/\/edimeinter.com\/libreria\/wp-json\/wp\/v2\/media?parent=10299"}],"wp:term":[{"taxonomy":"product_cat","embeddable":true,"href":"https:\/\/edimeinter.com\/libreria\/wp-json\/wp\/v2\/product_cat?post=10299"},{"taxonomy":"product_tag","embeddable":true,"href":"https:\/\/edimeinter.com\/libreria\/wp-json\/wp\/v2\/product_tag?post=10299"}],"curies":[{"name":"wp","href":"https:\/\/api.w.org\/{rel}","templated":true}]}}