{"id":10396,"date":"2025-02-05T16:05:14","date_gmt":"2025-02-05T16:05:14","guid":{"rendered":"https:\/\/edimeinter.com\/libreria\/?post_type=product&#038;p=10396"},"modified":"2026-01-25T23:12:45","modified_gmt":"2026-01-25T23:12:45","slug":"medicina-familiar-y-practica-ambulatoria-3a-edicion","status":"publish","type":"product","link":"https:\/\/edimeinter.com\/libreria\/product\/medicina-familiar-y-practica-ambulatoria-3a-edicion\/","title":{"rendered":"Medicina Familiar y Pr\u00e1ctica Ambulatoria. 3\u00aa Edici\u00f3n"},"content":{"rendered":"\t\t<div data-elementor-type=\"wp-post\" data-elementor-id=\"10396\" class=\"elementor elementor-10396\">\n\t\t\t\t<div class=\"elementor-element elementor-element-6df9a7c9 e-flex e-con-boxed e-con e-parent\" data-id=\"6df9a7c9\" data-element_type=\"container\" data-e-type=\"container\">\n\t\t\t\t\t<div class=\"e-con-inner\">\n\t\t\n\t\t<div class=\"elementor-element elementor-element-6a22be31 elementor-widget elementor-widget-text-editor\" data-id=\"6a22be31\" data-element_type=\"widget\" data-e-type=\"widget\" data-widget_type=\"text-editor.default\">\n\t\t\t\t<div class=\"elementor-widget-container\">\n\t\t\t\t\t\t\t\t\t<p>Medicina Familiar y Pr\u00e1ctica Ambulatoria es la tercera edici\u00f3n de la prestigiosa obra que llev\u00f3 el sello del Dr. Adolfo Rubinstein en las dos primeras ediciones. La excelente recepci\u00f3n de la obra, la favorable opini\u00f3n manifestada por los lectores, y el constante trabajo cl\u00ednico y acad\u00e9mico desarrollado por el Servicio de Medicina Familiar y Comunitaria del Hospital Italiano de Buenos Aires, encabezado por la Dra. Karin Kopitowski y equipo, han determinado la realizaci\u00f3n de esta nueva edici\u00f3n.<\/p><p>Un sello que hist\u00f3ricamente ha distinguido a este libro es su abordaje por problemas, el sustento de las recomendaciones teniendo en cuenta la mejor evidencia cient\u00edfica disponible y el enfoque en el contexto. Los cap\u00edtulos persiguen el prop\u00f3sito de proveer herramientas para el manejo adecuado de los problemas de salud m\u00e1s prevalentes que se presentan en el \u00e1mbito ambulatorio, alertando sobre aquellos elementos que obligan a pensar en cuadros graves, siempre teniendo en cuenta las circunstancias del paciente, su situaci\u00f3n familiar y laboral, y los recursos de la comunidad. La medicina ambulatoria ha sido tradicionalmente asociada a la resoluci\u00f3n de problemas frecuentes, al abordaje de problemas indiferenciados y a la prevenci\u00f3n, todos elementos contemplados en profundidad en el texto.<\/p>\t\t\t\t\t\t\t\t<\/div>\n\t\t\t\t<\/div>\n\t\t\t\t\t<\/div>\n\t\t\t\t<\/div>\n\t\t\t\t<\/div>\n\t\t","protected":false},"excerpt":{"rendered":"<p><strong>Autor:<\/strong>\u00a0Servicio de Medicina Familiar y Comunitaria del Hospital Italiano de Buenos Aires<br \/>\n<strong>ISBN:<\/strong>\u00a09789500606752<br \/>\n<strong>Edici\u00f3n:<\/strong>\u00a03\u00aa<br \/>\n<strong>Especialidad:<\/strong> Medicina Familiar<br \/>\n<strong>P\u00e1ginas:<\/strong> 2150<br \/>\n\u00a9 2016<\/p>\n","protected":false},"featured_media":10403,"comment_status":"open","ping_status":"closed","template":"","meta":{"_joinchat":[]},"product_cat":[138],"product_tag":[139,70],"class_list":{"0":"post-10396","1":"product","2":"type-product","3":"status-publish","4":"has-post-thumbnail","6":"product_cat-medicina-familiar-y-comunitaria","7":"product_tag-medicina-familiar-y-comunitaria","8":"product_tag-panamericana","10":"first","11":"instock","12":"featured","13":"taxable","14":"shipping-taxable","15":"purchasable","16":"product-type-simple"},"_links":{"self":[{"href":"https:\/\/edimeinter.com\/libreria\/wp-json\/wp\/v2\/product\/10396","targetHints":{"allow":["GET"]}}],"collection":[{"href":"https:\/\/edimeinter.com\/libreria\/wp-json\/wp\/v2\/product"}],"about":[{"href":"https:\/\/edimeinter.com\/libreria\/wp-json\/wp\/v2\/types\/product"}],"replies":[{"embeddable":true,"href":"https:\/\/edimeinter.com\/libreria\/wp-json\/wp\/v2\/comments?post=10396"}],"version-history":[{"count":1,"href":"https:\/\/edimeinter.com\/libreria\/wp-json\/wp\/v2\/product\/10396\/revisions"}],"predecessor-version":[{"id":14984,"href":"https:\/\/edimeinter.com\/libreria\/wp-json\/wp\/v2\/product\/10396\/revisions\/14984"}],"wp:featuredmedia":[{"embeddable":true,"href":"https:\/\/edimeinter.com\/libreria\/wp-json\/wp\/v2\/media\/10403"}],"wp:attachment":[{"href":"https:\/\/edimeinter.com\/libreria\/wp-json\/wp\/v2\/media?parent=10396"}],"wp:term":[{"taxonomy":"product_cat","embeddable":true,"href":"https:\/\/edimeinter.com\/libreria\/wp-json\/wp\/v2\/product_cat?post=10396"},{"taxonomy":"product_tag","embeddable":true,"href":"https:\/\/edimeinter.com\/libreria\/wp-json\/wp\/v2\/product_tag?post=10396"}],"curies":[{"name":"wp","href":"https:\/\/api.w.org\/{rel}","templated":true}]}}

Medicina Familiar y Práctica Ambulatoria. 3ª Edición

<div data-elementor-type="wp-post" data-elementor-id="10396" class="elementor elementor-10396">
				<div class="elementor-element elementor-element-6df9a7c9 e-flex e-con-boxed e-con e-parent" data-id="6df9a7c9" data-element_type="container" data-e-type="container">
					<div class="e-con-inner">
		
		<div class="elementor-element elementor-element-6a22be31 elementor-widget elementor-widget-text-editor" data-id="6a22be31" data-element_type="widget" data-e-type="widget" data-widget_type="text-editor.default">
				<div class="elementor-widget-container">
									<p>Medicina Familiar y Práctica Ambulatoria es la tercera edición de la prestigiosa obra que llevó el sello del Dr. Adolfo Rubinstein en las dos primeras ediciones. La excelente recepción de la obra, la favorable opinión manifestada por los lectores, y el constante trabajo clínico y académico desarrollado por el Servicio de Medicina Familiar y Comunitaria del Hospital Italiano de Buenos Aires, encabezado por la Dra. Karin Kopitowski y equipo, han determinado la realización de esta nueva edición.</p><p>Un sello que históricamente ha distinguido a este libro es su abordaje por problemas, el sustento de las recomendaciones teniendo en cuenta la mejor evidencia científica disponible y el enfoque en el contexto. Los capítulos persiguen el propósito de proveer herramientas para el manejo adecuado de los problemas de salud más prevalentes que se presentan en el ámbito ambulatorio, alertando sobre aquellos elementos que obligan a pensar en cuadros graves, siempre teniendo en cuenta las circunstancias del paciente, su situación familiar y laboral, y los recursos de la comunidad. La medicina ambulatoria ha sido tradicionalmente asociada a la resolución de problemas frecuentes, al abordaje de problemas indiferenciados y a la prevención, todos elementos contemplados en profundidad en el texto.</p>								</div>
				</div>
					</div>
				</div>
				</div>

<p><strong>Autor:</strong> Servicio de Medicina Familiar y Comunitaria del Hospital Italiano de Buenos Aires<br />
<strong>ISBN:</strong> 9789500606752<br />
<strong>Edición:</strong> 3ª<br />
<strong>Especialidad:</strong> Medicina Familiar<br />
<strong>Páginas:</strong> 2150<br />
© 2016</p>
