{"id":10427,"date":"2025-02-05T16:13:32","date_gmt":"2025-02-05T16:13:32","guid":{"rendered":"https:\/\/edimeinter.com\/libreria\/?post_type=product&#038;p=10427"},"modified":"2025-03-09T20:28:16","modified_gmt":"2025-03-09T20:28:16","slug":"manual-md-anderson-de-oncologia-quirurgica-7a-edicion","status":"publish","type":"product","link":"https:\/\/edimeinter.com\/libreria\/product\/manual-md-anderson-de-oncologia-quirurgica-7a-edicion\/","title":{"rendered":"Manual MD Anderson de Oncolog\u00eda quir\u00fargica. 7\u00aa Edici\u00f3n"},"content":{"rendered":"\t\t<div data-elementor-type=\"wp-post\" data-elementor-id=\"10427\" class=\"elementor elementor-10427\">\n\t\t\t\t<div class=\"elementor-element elementor-element-2612b12 e-flex e-con-boxed e-con e-parent\" data-id=\"2612b12\" data-element_type=\"container\" data-e-type=\"container\">\n\t\t\t\t\t<div class=\"e-con-inner\">\n\t\t\n\t\t<div class=\"elementor-element elementor-element-498707ae elementor-widget elementor-widget-text-editor\" data-id=\"498707ae\" data-element_type=\"widget\" data-e-type=\"widget\" data-widget_type=\"text-editor.default\">\n\t\t\t\t<div class=\"elementor-widget-container\">\n\t\t\t\t\t\t\t\t\t<p><b>Manual MD Anderson de Oncolog\u00eda quir\u00fargica<\/b>\u00a0es una obra que se centra en un enfoques multidisciplinario y colaborativos para los problemas a los que se enfrenta el cirujano onc\u00f3logo hoy en d\u00eda. El editor principal de la obra, el Dr. Barry W. Feig, cuenta con la colaboraci\u00f3n de residentes y\u00a0<i>fellows\u00a0<\/i>de oncolog\u00eda quir\u00fargica Michael G. White, Cameron E. Gaskill, Anai N. Kothari y Sandra R. DiBrito con el fin de ofrecer al lector informaci\u00f3n exhaustiva pero concisa sobre toda la gama de consideraciones oncol\u00f3gicas necesarias para comprender de forma eficaz la enfermedad tumoral y todos los aspectos relacionados con su su tratamiento.<\/p>\t\t\t\t\t\t\t\t<\/div>\n\t\t\t\t<\/div>\n\t\t\t\t\t<\/div>\n\t\t\t\t<\/div>\n\t\t\t\t<\/div>\n\t\t","protected":false},"excerpt":{"rendered":"<p><strong>Autores:<\/strong>\u00a0Barry W. Feig MD<br \/>\n<strong>ISBN:<\/strong>\u00a09788419663276<br \/>\n<strong>Editorial:<\/strong>\u00a0WOLTERS KLUWER<br \/>\n<strong>Edici\u00f3n:<\/strong>\u00a07\u00aa<br \/>\n<strong>Especialidad<\/strong>: Oncolog\u00eda<br \/>\n<strong>P\u00e1ginas<\/strong>: 656<br \/>\n\u00a9 2024<\/p>\n","protected":false},"featured_media":10428,"comment_status":"open","ping_status":"open","template":"","meta":{"_joinchat":[]},"product_cat":[77],"product_tag":[240,78,92],"class_list":{"0":"post-10427","1":"product","2":"type-product","3":"status-publish","4":"has-post-thumbnail","6":"product_cat-oncologia","7":"product_tag-240","8":"product_tag-oncologia","9":"product_tag-wolters-kluwer","11":"first","12":"instock","13":"featured","14":"taxable","15":"shipping-taxable","16":"purchasable","17":"product-type-simple"},"_links":{"self":[{"href":"https:\/\/edimeinter.com\/libreria\/wp-json\/wp\/v2\/product\/10427","targetHints":{"allow":["GET"]}}],"collection":[{"href":"https:\/\/edimeinter.com\/libreria\/wp-json\/wp\/v2\/product"}],"about":[{"href":"https:\/\/edimeinter.com\/libreria\/wp-json\/wp\/v2\/types\/product"}],"replies":[{"embeddable":true,"href":"https:\/\/edimeinter.com\/libreria\/wp-json\/wp\/v2\/comments?post=10427"}],"version-history":[{"count":1,"href":"https:\/\/edimeinter.com\/libreria\/wp-json\/wp\/v2\/product\/10427\/revisions"}],"predecessor-version":[{"id":14988,"href":"https:\/\/edimeinter.com\/libreria\/wp-json\/wp\/v2\/product\/10427\/revisions\/14988"}],"wp:featuredmedia":[{"embeddable":true,"href":"https:\/\/edimeinter.com\/libreria\/wp-json\/wp\/v2\/media\/10428"}],"wp:attachment":[{"href":"https:\/\/edimeinter.com\/libreria\/wp-json\/wp\/v2\/media?parent=10427"}],"wp:term":[{"taxonomy":"product_cat","embeddable":true,"href":"https:\/\/edimeinter.com\/libreria\/wp-json\/wp\/v2\/product_cat?post=10427"},{"taxonomy":"product_tag","embeddable":true,"href":"https:\/\/edimeinter.com\/libreria\/wp-json\/wp\/v2\/product_tag?post=10427"}],"curies":[{"name":"wp","href":"https:\/\/api.w.org\/{rel}","templated":true}]}}