{"id":10515,"date":"2025-02-05T16:58:54","date_gmt":"2025-02-05T16:58:54","guid":{"rendered":"https:\/\/edimeinter.com\/libreria\/?post_type=product&#038;p=10515"},"modified":"2025-03-09T20:25:23","modified_gmt":"2025-03-09T20:25:23","slug":"tecnicas-quirurgicas-de-pie-y-tobillo-3a-edicion","status":"publish","type":"product","link":"https:\/\/edimeinter.com\/libreria\/product\/tecnicas-quirurgicas-de-pie-y-tobillo-3a-edicion\/","title":{"rendered":"T\u00e9cnicas quir\u00fargicas de pie y tobillo. 3\u00aa Edici\u00f3n"},"content":{"rendered":"\t\t<div data-elementor-type=\"wp-post\" data-elementor-id=\"10515\" class=\"elementor elementor-10515\">\n\t\t\t\t<div class=\"elementor-element elementor-element-2612b12 e-flex e-con-boxed e-con e-parent\" data-id=\"2612b12\" data-element_type=\"container\" data-e-type=\"container\">\n\t\t\t\t\t<div class=\"e-con-inner\">\n\t\t\n\t\t<div class=\"elementor-element elementor-element-498707ae elementor-widget elementor-widget-text-editor\" data-id=\"498707ae\" data-element_type=\"widget\" data-e-type=\"widget\" data-widget_type=\"text-editor.default\">\n\t\t\t\t<div class=\"elementor-widget-container\">\n\t\t\t\t\t\t\t\t\t<p><b>T\u00e9cnicas quir\u00fargicas de pie y tobillo<\/b>, una obra derivada de los cuatro vol\u00famenes de\u00a0<i>T\u00e9cnicas quir\u00fargicas en cirug\u00eda ortop\u00e9dica\u00a0<\/i>de los doctores Sam W. Wiesel y Todd J. Albert, aborda en un \u00fanico volumen todo sobre la atenci\u00f3n quir\u00fargica del pie. El contenido incluye magn\u00edficas ilustraciones a todo color y explicaciones paso a paso para dominar las t\u00e9cnicas quir\u00fargicas, seleccionar el mejor procedimiento, conocer sus indicaciones, evitar complicaciones y anticipar sus resultados. Escrita por destacados expertos de las m\u00e1s prestigiosas instituciones de ortopedia, esta 3.\u00aa edici\u00f3n liderada por el doctor Mark E. Easley demuestra con claridad y paso a paso c\u00f3mo realizar las diversas t\u00e9cnicas quir\u00fargicas, lo que lo convierte en un recurso esencial y de uso cotidiano para residentes y especialistas.<br \/>Los 140 cap\u00edtulos que conforman esta obra se encuentran organizados en seis secciones principales: antepi\u00e9, mediopi\u00e9, retropi\u00e9, tobillo, procedimientos para el tobillo y el retropi\u00e9 relacionados con el deporte, y trauma; adem\u00e1s, incluye una pr\u00e1ctica tabla para la exploraci\u00f3n del pie y el tobillo al final del libro.<\/p>\t\t\t\t\t\t\t\t<\/div>\n\t\t\t\t<\/div>\n\t\t\t\t\t<\/div>\n\t\t\t\t<\/div>\n\t\t\t\t<\/div>\n\t\t","protected":false},"excerpt":{"rendered":"<p><strong>Autores:<\/strong>\u00a0Mark Erik Easley MD<br \/>\n<strong>ISBN:<\/strong>\u00a09788419663283<br \/>\n<strong>Editorial:<\/strong>\u00a0WOLTERS KLUWER<br \/>\n<strong>Edici\u00f3n:<\/strong>\u00a03\u00aa<br \/>\n<strong>Especialidad<\/strong>: Ortopedia y Traumatolog\u00eda<br \/>\n<strong>P\u00e1ginas<\/strong>: 1518<br \/>\n\u00a9 2024<\/p>\n","protected":false},"featured_media":10516,"comment_status":"open","ping_status":"open","template":"","meta":{"_joinchat":[]},"product_cat":[97],"product_tag":[240,98,92],"class_list":{"0":"post-10515","1":"product","2":"type-product","3":"status-publish","4":"has-post-thumbnail","6":"product_cat-ortopedia-y-traumatologia","7":"product_tag-240","8":"product_tag-ortopedia-y-traumatologia","9":"product_tag-wolters-kluwer","11":"first","12":"instock","13":"featured","14":"taxable","15":"shipping-taxable","16":"purchasable","17":"product-type-simple"},"_links":{"self":[{"href":"https:\/\/edimeinter.com\/libreria\/wp-json\/wp\/v2\/product\/10515","targetHints":{"allow":["GET"]}}],"collection":[{"href":"https:\/\/edimeinter.com\/libreria\/wp-json\/wp\/v2\/product"}],"about":[{"href":"https:\/\/edimeinter.com\/libreria\/wp-json\/wp\/v2\/types\/product"}],"replies":[{"embeddable":true,"href":"https:\/\/edimeinter.com\/libreria\/wp-json\/wp\/v2\/comments?post=10515"}],"version-history":[{"count":1,"href":"https:\/\/edimeinter.com\/libreria\/wp-json\/wp\/v2\/product\/10515\/revisions"}],"predecessor-version":[{"id":15001,"href":"https:\/\/edimeinter.com\/libreria\/wp-json\/wp\/v2\/product\/10515\/revisions\/15001"}],"wp:featuredmedia":[{"embeddable":true,"href":"https:\/\/edimeinter.com\/libreria\/wp-json\/wp\/v2\/media\/10516"}],"wp:attachment":[{"href":"https:\/\/edimeinter.com\/libreria\/wp-json\/wp\/v2\/media?parent=10515"}],"wp:term":[{"taxonomy":"product_cat","embeddable":true,"href":"https:\/\/edimeinter.com\/libreria\/wp-json\/wp\/v2\/product_cat?post=10515"},{"taxonomy":"product_tag","embeddable":true,"href":"https:\/\/edimeinter.com\/libreria\/wp-json\/wp\/v2\/product_tag?post=10515"}],"curies":[{"name":"wp","href":"https:\/\/api.w.org\/{rel}","templated":true}]}}