{"id":10538,"date":"2025-02-05T17:37:49","date_gmt":"2025-02-05T17:37:49","guid":{"rendered":"https:\/\/edimeinter.com\/libreria\/?post_type=product&#038;p=10538"},"modified":"2025-03-03T00:20:14","modified_gmt":"2025-03-03T00:20:14","slug":"medicina-interna-pediatrica-1a-edicion","status":"publish","type":"product","link":"https:\/\/edimeinter.com\/libreria\/product\/medicina-interna-pediatrica-1a-edicion\/","title":{"rendered":"Medicina Interna Pedi\u00e1trica. 1\u00aa Edici\u00f3n"},"content":{"rendered":"\t\t<div data-elementor-type=\"wp-post\" data-elementor-id=\"10538\" class=\"elementor elementor-10538\">\n\t\t\t\t<div class=\"elementor-element elementor-element-2612b12 e-flex e-con-boxed e-con e-parent\" data-id=\"2612b12\" data-element_type=\"container\" data-e-type=\"container\">\n\t\t\t\t\t<div class=\"e-con-inner\">\n\t\t\n\t\t<div class=\"elementor-element elementor-element-498707ae elementor-widget elementor-widget-text-editor\" data-id=\"498707ae\" data-element_type=\"widget\" data-e-type=\"widget\" data-widget_type=\"text-editor.default\">\n\t\t\t\t<div class=\"elementor-widget-container\">\n\t\t\t\t\t\t\t\t\t<p>La Medicina interna pedi\u00e1trica es la subespecialidad encargada de la mirada integral y el seguimiento exhaustivo de los pacientes internados. El pediatra internista debe comprender e integrar los diferentes aspectos del paciente en cada escenario cl\u00ednico, con el fin de conducir los procesos diagn\u00f3sticos y terap\u00e9uticos. Medicina interna pedi\u00e1trica es el primer libro que aborda exclusivamente una amplia y destacada selecci\u00f3n de contenidos que conforman la subespecialidad, seleccionados seg\u00fan su frecuencia, relevancia y complejidad. Se describen las estrategias diagn\u00f3stico-terap\u00e9uticas con una per<span class=\"shorten-detail\">spectiva racional y escalonada, basada en la mejor evidencia disponible y de acuerdo con est\u00e1ndares nacionales e internacionales, al tiempo que se ofrecen las herramientas necesarias para resolver adecuadamente la gran mayor\u00eda de las situaciones cl\u00ednicas que se presentan en el \u00e1mbito hospitalario. Asimismo, se presenta una gu\u00eda detallada de las pr\u00e1cticas y procedimientos esenciales para el pediatra internista.<\/span><\/p>\t\t\t\t\t\t\t\t<\/div>\n\t\t\t\t<\/div>\n\t\t\t\t\t<\/div>\n\t\t\t\t<\/div>\n\t\t\t\t<\/div>\n\t\t","protected":false},"excerpt":{"rendered":"<p><strong>Autores:<\/strong>\u00a0Juan B. Dartiguelongue Ariel Cheistwer Daniel Montero<br \/>\n<strong>ISBN:<\/strong>\u00a09789878452395<br \/>\n<strong>Editorial:<\/strong>\u00a0Ediciones Journal<br \/>\n<strong>Edici\u00f3n:<\/strong>\u00a01\u00aa<br \/>\n<strong>Especialidad<\/strong>: Pediatr\u00eda y Neonatolog\u00eda<br \/>\n<strong>P\u00e1ginas<\/strong>: 971<br \/>\n\u00a9 2023<\/p>\n","protected":false},"featured_media":10591,"comment_status":"open","ping_status":"open","template":"","meta":{"_joinchat":[]},"product_cat":[130],"product_tag":[110,131],"class_list":{"0":"post-10538","1":"product","2":"type-product","3":"status-publish","4":"has-post-thumbnail","6":"product_cat-pediatria-y-neonatologia","7":"product_tag-ediciones-journal","8":"product_tag-pediatria-y-neonatologia","10":"first","11":"instock","12":"featured","13":"taxable","14":"shipping-taxable","15":"purchasable","16":"product-type-simple"},"_links":{"self":[{"href":"https:\/\/edimeinter.com\/libreria\/wp-json\/wp\/v2\/product\/10538","targetHints":{"allow":["GET"]}}],"collection":[{"href":"https:\/\/edimeinter.com\/libreria\/wp-json\/wp\/v2\/product"}],"about":[{"href":"https:\/\/edimeinter.com\/libreria\/wp-json\/wp\/v2\/types\/product"}],"replies":[{"embeddable":true,"href":"https:\/\/edimeinter.com\/libreria\/wp-json\/wp\/v2\/comments?post=10538"}],"version-history":[{"count":2,"href":"https:\/\/edimeinter.com\/libreria\/wp-json\/wp\/v2\/product\/10538\/revisions"}],"predecessor-version":[{"id":15006,"href":"https:\/\/edimeinter.com\/libreria\/wp-json\/wp\/v2\/product\/10538\/revisions\/15006"}],"wp:featuredmedia":[{"embeddable":true,"href":"https:\/\/edimeinter.com\/libreria\/wp-json\/wp\/v2\/media\/10591"}],"wp:attachment":[{"href":"https:\/\/edimeinter.com\/libreria\/wp-json\/wp\/v2\/media?parent=10538"}],"wp:term":[{"taxonomy":"product_cat","embeddable":true,"href":"https:\/\/edimeinter.com\/libreria\/wp-json\/wp\/v2\/product_cat?post=10538"},{"taxonomy":"product_tag","embeddable":true,"href":"https:\/\/edimeinter.com\/libreria\/wp-json\/wp\/v2\/product_tag?post=10538"}],"curies":[{"name":"wp","href":"https:\/\/api.w.org\/{rel}","templated":true}]}}

Medicina Interna Pediátrica. 1ª Edición

<div data-elementor-type="wp-post" data-elementor-id="10538" class="elementor elementor-10538">
				<div class="elementor-element elementor-element-2612b12 e-flex e-con-boxed e-con e-parent" data-id="2612b12" data-element_type="container" data-e-type="container">
					<div class="e-con-inner">
		
		<div class="elementor-element elementor-element-498707ae elementor-widget elementor-widget-text-editor" data-id="498707ae" data-element_type="widget" data-e-type="widget" data-widget_type="text-editor.default">
				<div class="elementor-widget-container">
									<p>La Medicina interna pediátrica es la subespecialidad encargada de la mirada integral y el seguimiento exhaustivo de los pacientes internados. El pediatra internista debe comprender e integrar los diferentes aspectos del paciente en cada escenario clínico, con el fin de conducir los procesos diagnósticos y terapéuticos. Medicina interna pediátrica es el primer libro que aborda exclusivamente una amplia y destacada selección de contenidos que conforman la subespecialidad, seleccionados según su frecuencia, relevancia y complejidad. Se describen las estrategias diagnóstico-terapéuticas con una per<span class="shorten-detail">spectiva racional y escalonada, basada en la mejor evidencia disponible y de acuerdo con estándares nacionales e internacionales, al tiempo que se ofrecen las herramientas necesarias para resolver adecuadamente la gran mayoría de las situaciones clínicas que se presentan en el ámbito hospitalario. Asimismo, se presenta una guía detallada de las prácticas y procedimientos esenciales para el pediatra internista.</span></p>								</div>
				</div>
					</div>
				</div>
				</div>

<p><strong>Autores:</strong> Juan B. Dartiguelongue Ariel Cheistwer Daniel Montero<br />
<strong>ISBN:</strong> 9789878452395<br />
<strong>Editorial:</strong> Ediciones Journal<br />
<strong>Edición:</strong> 1ª<br />
<strong>Especialidad</strong>: Pediatría y Neonatología<br />
<strong>Páginas</strong>: 971<br />
© 2023</p>
