{"id":10658,"date":"2025-02-05T19:08:01","date_gmt":"2025-02-05T19:08:01","guid":{"rendered":"https:\/\/edimeinter.com\/libreria\/?post_type=product&#038;p=10658"},"modified":"2025-12-22T19:35:15","modified_gmt":"2025-12-22T19:35:15","slug":"fundamentos-de-tc-de-alta-resolucion-pulmonar-2a-edicion","status":"publish","type":"product","link":"https:\/\/edimeinter.com\/libreria\/product\/fundamentos-de-tc-de-alta-resolucion-pulmonar-2a-edicion\/","title":{"rendered":"Fundamentos de TC de alta resoluci\u00f3n pulmonar. 2\u00aa Edici\u00f3n"},"content":{"rendered":"\t\t<div data-elementor-type=\"wp-post\" data-elementor-id=\"10658\" class=\"elementor elementor-10658\">\n\t\t\t\t<div class=\"elementor-element elementor-element-2612b12 e-flex e-con-boxed e-con e-parent\" data-id=\"2612b12\" data-element_type=\"container\" data-e-type=\"container\">\n\t\t\t\t\t<div class=\"e-con-inner\">\n\t\t\n\t\t<div class=\"elementor-element elementor-element-498707ae elementor-widget elementor-widget-text-editor\" data-id=\"498707ae\" data-element_type=\"widget\" data-e-type=\"widget\" data-widget_type=\"text-editor.default\">\n\t\t\t\t<div class=\"elementor-widget-container\">\n\t\t\t\t\t\t\t\t\t<p>Fundamentos de TC de alta resoluci\u00f3n pulmonar ofrece una gu\u00eda sencilla para comprender la evaluaci\u00f3n de enfermedades pulmonares difusas mediante la tomograf\u00eda computarizada de alta resoluci\u00f3n (TCAR). Permite aprender a interpretar los hallazgos de la TCAR con precisi\u00f3n y relacionarlos con el diagn\u00f3stico correcto o con los diagn\u00f3sticos diferenciales apropiados.<\/p><p>El libro incluye m\u00e1s de 600 im\u00e1genes cl\u00e1sicas, muchas de las cuales han sido actualizadas y mejoradas para facilitar la lectura y una interpretaci\u00f3n m\u00e1s precisa, y aborda enfermedades frecuentes (neumon\u00edas, sarcoidosis y enfermedades del tejido conjuntivo) y enfermedades raras.<\/p>\t\t\t\t\t\t\t\t<\/div>\n\t\t\t\t<\/div>\n\t\t\t\t\t<\/div>\n\t\t\t\t<\/div>\n\t\t\t\t<\/div>\n\t\t","protected":false},"excerpt":{"rendered":"<p><strong>Autores:<\/strong>\u00a0Elicker, Brett M. Webb, Richard<br \/>\n<strong>ISBN:<\/strong>\u00a09789874922953<br \/>\n<strong>Editorial:<\/strong>\u00a0Ediciones Journal<br \/>\n<strong>Edici\u00f3n:<\/strong>\u00a02\u00aa<br \/>\n<strong>Especialidad<\/strong>: Diagn\u00f3stico por Imagen<br \/>\n<strong>P\u00e1ginas<\/strong>: 293<br \/>\n\u00a9 2021<\/p>\n","protected":false},"featured_media":10659,"comment_status":"open","ping_status":"closed","template":"","meta":{"_joinchat":[]},"product_cat":[80],"product_tag":[81,110],"class_list":{"0":"post-10658","1":"product","2":"type-product","3":"status-publish","4":"has-post-thumbnail","6":"product_cat-diagnostico-por-imagenes","7":"product_tag-diagnostico-por-imagenes","8":"product_tag-ediciones-journal","10":"first","11":"instock","12":"featured","13":"taxable","14":"shipping-taxable","15":"purchasable","16":"product-type-simple"},"_links":{"self":[{"href":"https:\/\/edimeinter.com\/libreria\/wp-json\/wp\/v2\/product\/10658","targetHints":{"allow":["GET"]}}],"collection":[{"href":"https:\/\/edimeinter.com\/libreria\/wp-json\/wp\/v2\/product"}],"about":[{"href":"https:\/\/edimeinter.com\/libreria\/wp-json\/wp\/v2\/types\/product"}],"replies":[{"embeddable":true,"href":"https:\/\/edimeinter.com\/libreria\/wp-json\/wp\/v2\/comments?post=10658"}],"version-history":[{"count":1,"href":"https:\/\/edimeinter.com\/libreria\/wp-json\/wp\/v2\/product\/10658\/revisions"}],"predecessor-version":[{"id":15022,"href":"https:\/\/edimeinter.com\/libreria\/wp-json\/wp\/v2\/product\/10658\/revisions\/15022"}],"wp:featuredmedia":[{"embeddable":true,"href":"https:\/\/edimeinter.com\/libreria\/wp-json\/wp\/v2\/media\/10659"}],"wp:attachment":[{"href":"https:\/\/edimeinter.com\/libreria\/wp-json\/wp\/v2\/media?parent=10658"}],"wp:term":[{"taxonomy":"product_cat","embeddable":true,"href":"https:\/\/edimeinter.com\/libreria\/wp-json\/wp\/v2\/product_cat?post=10658"},{"taxonomy":"product_tag","embeddable":true,"href":"https:\/\/edimeinter.com\/libreria\/wp-json\/wp\/v2\/product_tag?post=10658"}],"curies":[{"name":"wp","href":"https:\/\/api.w.org\/{rel}","templated":true}]}}