{"id":10708,"date":"2025-02-05T20:01:56","date_gmt":"2025-02-05T20:01:56","guid":{"rendered":"https:\/\/edimeinter.com\/libreria\/?post_type=product&#038;p=10708"},"modified":"2025-03-09T20:24:47","modified_gmt":"2025-03-09T20:24:47","slug":"procedimientos-en-obstetricia-incluye-ebook-1a-edicion","status":"publish","type":"product","link":"https:\/\/edimeinter.com\/libreria\/product\/procedimientos-en-obstetricia-incluye-ebook-1a-edicion\/","title":{"rendered":"Procedimientos en Obstetricia. Incluye eBook. 1\u00aa Edici\u00f3n"},"content":{"rendered":"\t\t<div data-elementor-type=\"wp-post\" data-elementor-id=\"10708\" class=\"elementor elementor-10708\">\n\t\t\t\t\n<div class=\"elementor-element elementor-element-2612b12 e-flex e-con-boxed e-con e-parent\" data-id=\"2612b12\" data-element_type=\"container\" data-e-type=\"container\">\n\t\t\t\t\t<div class=\"e-con-inner\">\n\t\t\n\t\t<div class=\"elementor-element elementor-element-498707ae elementor-widget elementor-widget-text-editor\" data-id=\"498707ae\" data-element_type=\"widget\" data-e-type=\"widget\" data-widget_type=\"text-editor.default\">\n\t\t\t\t<div class=\"elementor-widget-container\">\n\t\t\t\t\t\t\t\t\t<p class=\"font-light !leading-[22px] tracking-[1.12px] text-base mb-3 text-gray-500\">Todo acto quir\u00fargico y la realizaci\u00f3n de procedimientos son expresiones del arte de la Medicina que solamente se aprenden con la gu\u00eda de quienes los han practicado sistem\u00e1ticamente y comprenden la importancia de cada paso. Este libro, como la Medicina misma, es una combinaci\u00f3n de ciencia y arte para bien de las pacientes, la sociedad y la comunidad educativa.<\/p>\t\t\t\t\t\t\t\t<\/div>\n\t\t\t\t<\/div>\n\t\t\t\t\t<\/div>\n\t\t\t\t<\/div>\n\t\t\t\t<\/div>\n\t\t","protected":false},"excerpt":{"rendered":"<p><strong>Autores:\u00a0<\/strong>Edith Angel M\u00fcller, Astrid Lizeth Sandoval \u00c1ngulo, Jes\u00fas Daniel Toro Bola\u00f1os<br \/>\n<strong>ISBN:<\/strong>\u00a09788411062374<br \/>\n<strong>Editorial:<\/strong>\u00a0Panamericana<br \/>\n<strong>Edici\u00f3n:<\/strong>\u00a01\u00aa<br \/>\n<strong>Especialidad<\/strong>: Ginecolog\u00eda y Obstetricia y Reproducci\u00f3n<br \/>\n<strong>P\u00e1ginas<\/strong>:\u00a0300<br \/>\n\u00a9 2024<\/p>\n","protected":false},"featured_media":10709,"comment_status":"open","ping_status":"open","template":"","meta":{"_joinchat":[]},"product_cat":[104,187],"product_tag":[240,105,70,188],"class_list":{"0":"post-10708","1":"product","2":"type-product","3":"status-publish","4":"has-post-thumbnail","6":"product_cat-ginecologia-y-obstetricia","7":"product_cat-reproduccion","8":"product_tag-240","9":"product_tag-ginecologia-y-obstetricia","10":"product_tag-panamericana","11":"product_tag-reproduccion","13":"first","14":"instock","15":"featured","16":"taxable","17":"shipping-taxable","18":"purchasable","19":"product-type-simple"},"_links":{"self":[{"href":"https:\/\/edimeinter.com\/libreria\/wp-json\/wp\/v2\/product\/10708","targetHints":{"allow":["GET"]}}],"collection":[{"href":"https:\/\/edimeinter.com\/libreria\/wp-json\/wp\/v2\/product"}],"about":[{"href":"https:\/\/edimeinter.com\/libreria\/wp-json\/wp\/v2\/types\/product"}],"replies":[{"embeddable":true,"href":"https:\/\/edimeinter.com\/libreria\/wp-json\/wp\/v2\/comments?post=10708"}],"version-history":[{"count":1,"href":"https:\/\/edimeinter.com\/libreria\/wp-json\/wp\/v2\/product\/10708\/revisions"}],"predecessor-version":[{"id":15032,"href":"https:\/\/edimeinter.com\/libreria\/wp-json\/wp\/v2\/product\/10708\/revisions\/15032"}],"wp:featuredmedia":[{"embeddable":true,"href":"https:\/\/edimeinter.com\/libreria\/wp-json\/wp\/v2\/media\/10709"}],"wp:attachment":[{"href":"https:\/\/edimeinter.com\/libreria\/wp-json\/wp\/v2\/media?parent=10708"}],"wp:term":[{"taxonomy":"product_cat","embeddable":true,"href":"https:\/\/edimeinter.com\/libreria\/wp-json\/wp\/v2\/product_cat?post=10708"},{"taxonomy":"product_tag","embeddable":true,"href":"https:\/\/edimeinter.com\/libreria\/wp-json\/wp\/v2\/product_tag?post=10708"}],"curies":[{"name":"wp","href":"https:\/\/api.w.org\/{rel}","templated":true}]}}