{"id":10714,"date":"2025-02-05T20:07:35","date_gmt":"2025-02-05T20:07:35","guid":{"rendered":"https:\/\/edimeinter.com\/libreria\/?post_type=product&#038;p=10714"},"modified":"2025-03-09T20:24:42","modified_gmt":"2025-03-09T20:24:42","slug":"reanimacion-cardiopulmonar-en-pediatria-manual-del-programa-de-reanimacion-avanzada-pediatrica-prap-incluye-ebook-1a-edicion","status":"publish","type":"product","link":"https:\/\/edimeinter.com\/libreria\/product\/reanimacion-cardiopulmonar-en-pediatria-manual-del-programa-de-reanimacion-avanzada-pediatrica-prap-incluye-ebook-1a-edicion\/","title":{"rendered":"Reanimaci\u00f3n Cardiopulmonar en Pediatr\u00eda. Manual del Programa de Reanimaci\u00f3n Avanzada Pedi\u00e1trica (PRAP). Incluye ebook. 1\u00aa Edici\u00f3n"},"content":{"rendered":"\t\t<div data-elementor-type=\"wp-post\" data-elementor-id=\"10714\" class=\"elementor elementor-10714\">\n\t\t\t\t<div class=\"elementor-element elementor-element-2612b12 e-flex e-con-boxed e-con e-parent\" data-id=\"2612b12\" data-element_type=\"container\" data-e-type=\"container\">\n\t\t\t\t\t<div class=\"e-con-inner\">\n\t\t\n\t\t<div class=\"elementor-element elementor-element-498707ae elementor-widget elementor-widget-text-editor\" data-id=\"498707ae\" data-element_type=\"widget\" data-e-type=\"widget\" data-widget_type=\"text-editor.default\">\n\t\t\t\t<div class=\"elementor-widget-container\">\n\t\t\t\t\t\t\t\t\t<p class=\"font-light !leading-[22px] tracking-[1.12px] text-base mb-3 text-gray-500\">Las decisiones cr\u00edticas durante la reanimaci\u00f3n cardiopulmonar (RCP) se fundamentan en el conocimiento cient\u00edfico, el entrenamiento, la experiencia, el sentido com\u00fan y, en ocasiones, en la intuici\u00f3n. Hace d\u00e9cadas que los intensivistas ense\u00f1an RCP en ni\u00f1os y, hoy en d\u00eda, su objetivo no es solo volver a la circulaci\u00f3n espont\u00e1nea o \u201csalvar la vida\u201d, sino hacer posible el retorno del paciente a su vida con integridad, minimizar el impacto del paro cardiorrespiratorio (PCR) y lograr la recuperaci\u00f3n y preservaci\u00f3n de las capacidades cognitivas y las actividades de la vida diaria. La Sociedad Argentina de Terapia Intensiva (SATI) es pionera en la educaci\u00f3n m\u00e9dica continua y esta trayectoria se ve coronada hoy con la primera edici\u00f3n de Reanimaci\u00f3n Cardiopulmonar en Pediatr\u00eda, Manual del Programa de Reanimaci\u00f3n Avanzada Pedi\u00e1trica (PRAP).<\/p>\t\t\t\t\t\t\t\t<\/div>\n\t\t\t\t<\/div>\n\t\t\t\t\t<\/div>\n\t\t\t\t<\/div>\n\t\t\t\t<\/div>\n\t\t","protected":false},"excerpt":{"rendered":"<p><strong>Autores:\u00a0<\/strong>SATI \u2013 (Sociedad Argentina de Terapia Intensiva)<br \/>\n<strong>ISBN:<\/strong>\u00a09789500697347<br \/>\n<strong>Editorial:<\/strong>\u00a0Panamericana<br \/>\n<strong>Edici\u00f3n:<\/strong>\u00a01\u00aa<br \/>\n<strong>Especialidad<\/strong>: Cuidados Intensivos y Medicina Cr\u00edtica<br \/>\n<strong>P\u00e1ginas<\/strong>:\u00a0250<br \/>\n\u00a9 2024<\/p>\n","protected":false},"featured_media":10715,"comment_status":"open","ping_status":"open","template":"","meta":{"_joinchat":[]},"product_cat":[179,189],"product_tag":[240,180,190,70],"class_list":{"0":"post-10714","1":"product","2":"type-product","3":"status-publish","4":"has-post-thumbnail","6":"product_cat-cuidados-intensivos","7":"product_cat-medicina-critica","8":"product_tag-240","9":"product_tag-cuidados-intensivos","10":"product_tag-medicina-critica","11":"product_tag-panamericana","13":"first","14":"instock","15":"featured","16":"taxable","17":"shipping-taxable","18":"purchasable","19":"product-type-simple"},"_links":{"self":[{"href":"https:\/\/edimeinter.com\/libreria\/wp-json\/wp\/v2\/product\/10714","targetHints":{"allow":["GET"]}}],"collection":[{"href":"https:\/\/edimeinter.com\/libreria\/wp-json\/wp\/v2\/product"}],"about":[{"href":"https:\/\/edimeinter.com\/libreria\/wp-json\/wp\/v2\/types\/product"}],"replies":[{"embeddable":true,"href":"https:\/\/edimeinter.com\/libreria\/wp-json\/wp\/v2\/comments?post=10714"}],"version-history":[{"count":1,"href":"https:\/\/edimeinter.com\/libreria\/wp-json\/wp\/v2\/product\/10714\/revisions"}],"predecessor-version":[{"id":15033,"href":"https:\/\/edimeinter.com\/libreria\/wp-json\/wp\/v2\/product\/10714\/revisions\/15033"}],"wp:featuredmedia":[{"embeddable":true,"href":"https:\/\/edimeinter.com\/libreria\/wp-json\/wp\/v2\/media\/10715"}],"wp:attachment":[{"href":"https:\/\/edimeinter.com\/libreria\/wp-json\/wp\/v2\/media?parent=10714"}],"wp:term":[{"taxonomy":"product_cat","embeddable":true,"href":"https:\/\/edimeinter.com\/libreria\/wp-json\/wp\/v2\/product_cat?post=10714"},{"taxonomy":"product_tag","embeddable":true,"href":"https:\/\/edimeinter.com\/libreria\/wp-json\/wp\/v2\/product_tag?post=10714"}],"curies":[{"name":"wp","href":"https:\/\/api.w.org\/{rel}","templated":true}]}}