{"id":10721,"date":"2025-02-05T20:11:10","date_gmt":"2025-02-05T20:11:10","guid":{"rendered":"https:\/\/edimeinter.com\/libreria\/?post_type=product&#038;p=10721"},"modified":"2025-03-09T20:24:35","modified_gmt":"2025-03-09T20:24:35","slug":"soporte-vital-y-reanimacion-cardiopulmonar-basica-y-avanzada-en-adulto-manual-de-la-sociedad-argentina-de-terapia-intensiva-incluye-ebook-1a-edicion","status":"publish","type":"product","link":"https:\/\/edimeinter.com\/libreria\/product\/soporte-vital-y-reanimacion-cardiopulmonar-basica-y-avanzada-en-adulto-manual-de-la-sociedad-argentina-de-terapia-intensiva-incluye-ebook-1a-edicion\/","title":{"rendered":"Soporte Vital y Reanimaci\u00f3n Cardiopulmonar B\u00e1sica y Avanzada en Adulto. Manual de la Sociedad Argentina de Terapia Intensiva. Incluye eBook. 1\u00aa Edici\u00f3n"},"content":{"rendered":"\t\t<div data-elementor-type=\"wp-post\" data-elementor-id=\"10721\" class=\"elementor elementor-10721\">\n\t\t\t\t<div class=\"elementor-element elementor-element-2612b12 e-flex e-con-boxed e-con e-parent\" data-id=\"2612b12\" data-element_type=\"container\" data-e-type=\"container\">\n\t\t\t\t\t<div class=\"e-con-inner\">\n\t\t\n\t\t<div class=\"elementor-element elementor-element-498707ae elementor-widget elementor-widget-text-editor\" data-id=\"498707ae\" data-element_type=\"widget\" data-e-type=\"widget\" data-widget_type=\"text-editor.default\">\n\t\t\t\t<div class=\"elementor-widget-container\">\n\t\t\t\t\t\t\t\t\t<p class=\"font-light !leading-[22px] tracking-[1.12px] text-base mb-3 text-gray-500\">Cuando ocurre un paro card\u00edaco o una emergencia que pone en riesgo la vida, la implementaci\u00f3n de una respuesta r\u00e1pida y experta puede marcar la diferencia entre vivir y morir o entre la supervivencia con indemnidad total y la discapacidad.<\/p><p class=\"font-light !leading-[22px] tracking-[1.12px] text-base mb-3 text-gray-500\">Soporte Vital y Reanimaci\u00f3n Cardiopulmonar B\u00e1sica y Avanzada en Adultos, una nueva obra de la Sociedad Argentina de Terapia Intensiva (SATI), ofrece una revisi\u00f3n actualizada, rigurosa y completa de la literatura cient\u00edfica publicada sobre la atenci\u00f3n y el cuidado de las emergencias cardiovasculares. Dirigida por las doctoras Judith Sagardia y Mar\u00eda Cristina Orlandi, con la colaboraci\u00f3n de 24 prestigiosos autores expertos en el tema.<\/p>\t\t\t\t\t\t\t\t<\/div>\n\t\t\t\t<\/div>\n\t\t\t\t\t<\/div>\n\t\t\t\t<\/div>\n\t\t\t\t<\/div>\n\t\t","protected":false},"excerpt":{"rendered":"<p><strong>Autores:\u00a0<\/strong>SATI \u2013 (Sociedad Argentina de Terapia Intensiva)<br \/>\n<strong>ISBN:<\/strong>\u00a09789500697224<br \/>\n<strong>Editorial:<\/strong>\u00a0Panamericana<br \/>\n<strong>Edici\u00f3n:<\/strong>\u00a01\u00aa<br \/>\n<strong>Especialidad<\/strong>: Cuidados Intensivos y Medicina Cr\u00edtica<br \/>\n<strong>P\u00e1ginas<\/strong>:\u00a0278<br \/>\n\u00a9 2024<\/p>\n","protected":false},"featured_media":10722,"comment_status":"open","ping_status":"open","template":"","meta":{"_joinchat":[]},"product_cat":[179,189],"product_tag":[240,180,190,70],"class_list":{"0":"post-10721","1":"product","2":"type-product","3":"status-publish","4":"has-post-thumbnail","6":"product_cat-cuidados-intensivos","7":"product_cat-medicina-critica","8":"product_tag-240","9":"product_tag-cuidados-intensivos","10":"product_tag-medicina-critica","11":"product_tag-panamericana","13":"first","14":"instock","15":"featured","16":"taxable","17":"shipping-taxable","18":"purchasable","19":"product-type-simple"},"_links":{"self":[{"href":"https:\/\/edimeinter.com\/libreria\/wp-json\/wp\/v2\/product\/10721","targetHints":{"allow":["GET"]}}],"collection":[{"href":"https:\/\/edimeinter.com\/libreria\/wp-json\/wp\/v2\/product"}],"about":[{"href":"https:\/\/edimeinter.com\/libreria\/wp-json\/wp\/v2\/types\/product"}],"replies":[{"embeddable":true,"href":"https:\/\/edimeinter.com\/libreria\/wp-json\/wp\/v2\/comments?post=10721"}],"version-history":[{"count":1,"href":"https:\/\/edimeinter.com\/libreria\/wp-json\/wp\/v2\/product\/10721\/revisions"}],"predecessor-version":[{"id":15034,"href":"https:\/\/edimeinter.com\/libreria\/wp-json\/wp\/v2\/product\/10721\/revisions\/15034"}],"wp:featuredmedia":[{"embeddable":true,"href":"https:\/\/edimeinter.com\/libreria\/wp-json\/wp\/v2\/media\/10722"}],"wp:attachment":[{"href":"https:\/\/edimeinter.com\/libreria\/wp-json\/wp\/v2\/media?parent=10721"}],"wp:term":[{"taxonomy":"product_cat","embeddable":true,"href":"https:\/\/edimeinter.com\/libreria\/wp-json\/wp\/v2\/product_cat?post=10721"},{"taxonomy":"product_tag","embeddable":true,"href":"https:\/\/edimeinter.com\/libreria\/wp-json\/wp\/v2\/product_tag?post=10721"}],"curies":[{"name":"wp","href":"https:\/\/api.w.org\/{rel}","templated":true}]}}