{"id":10758,"date":"2025-02-05T20:31:33","date_gmt":"2025-02-05T20:31:33","guid":{"rendered":"https:\/\/edimeinter.com\/libreria\/?post_type=product&#038;p=10758"},"modified":"2025-03-09T20:23:07","modified_gmt":"2025-03-09T20:23:07","slug":"atlas-de-anatomia-ecografica-en-anestesia-regional-y-dolor-1a-edicion","status":"publish","type":"product","link":"https:\/\/edimeinter.com\/libreria\/product\/atlas-de-anatomia-ecografica-en-anestesia-regional-y-dolor-1a-edicion\/","title":{"rendered":"Atlas de Anatom\u00eda Ecogr\u00e1fica en Anestesia Regional y Dolor. 1\u00aa Edici\u00f3n"},"content":{"rendered":"\t\t<div data-elementor-type=\"wp-post\" data-elementor-id=\"10758\" class=\"elementor elementor-10758\">\n\t\t\t\t<div class=\"elementor-element elementor-element-2612b12 e-flex e-con-boxed e-con e-parent\" data-id=\"2612b12\" data-element_type=\"container\" data-e-type=\"container\">\n\t\t\t\t\t<div class=\"e-con-inner\">\n\t\t\n\t\t<div class=\"elementor-element elementor-element-498707ae elementor-widget elementor-widget-text-editor\" data-id=\"498707ae\" data-element_type=\"widget\" data-e-type=\"widget\" data-widget_type=\"text-editor.default\">\n\t\t\t\t<div class=\"elementor-widget-container\">\n\t\t\t\t\t\t\t\t\t<p class=\"font-light !leading-[22px] tracking-[1.12px] text-base mb-3 text-gray-500\">El n\u00famero de procedimientos intervencionistas locorregionales para anestesia y analgesia perioperatoria, as\u00ed como para el tratamiento del dolor agudo y cr\u00f3nico crece cada a\u00f1o; siendo la ecograf\u00eda la herramienta perfecta para realizar estas t\u00e9cnicas con mayor \u00e9xito y seguridad. Adem\u00e1s, el cambio de paradigma en la ense\u00f1anza anat\u00f3mica, pasando de una anatom\u00eda topogr\u00e1fica cl\u00e1sica a una anatom\u00eda seccional, que explica las estructuras tal y como se ven al utilizar ultrasonidos, ha favorecido la demanda de formaci\u00f3n en esta materia.<\/p>\t\t\t\t\t\t\t\t<\/div>\n\t\t\t\t<\/div>\n\t\t\t\t\t<\/div>\n\t\t\t\t<\/div>\n\t\t\t\t<\/div>\n\t\t","protected":false},"excerpt":{"rendered":"<p><strong>Autores:\u00a0<\/strong>Vicente Roqu\u00e9s Escolar, Luis Enrique Fern\u00e1ndez Rodr\u00edguez, Juan Carlos Tornero Tornero<br \/>\n<strong>ISBN:<\/strong>\u00a09788491102373<br \/>\n<strong>Editorial:<\/strong>\u00a0Panamericana<br \/>\n<strong>Edici\u00f3n:<\/strong>\u00a01\u00aa<br \/>\n<strong>Especialidad<\/strong>: Anestesia y Reanimaci\u00f3n<br \/>\n<strong>P\u00e1ginas<\/strong>: 256<br \/>\n\u00a9 2024<\/p>\n","protected":false},"featured_media":10759,"comment_status":"open","ping_status":"open","template":"","meta":{"_joinchat":[]},"product_cat":[86],"product_tag":[240,87,70],"class_list":{"0":"post-10758","1":"product","2":"type-product","3":"status-publish","4":"has-post-thumbnail","6":"product_cat-anestesiologia-y-reanimacion","7":"product_tag-240","8":"product_tag-anestesiologia-y-reanimacion","9":"product_tag-panamericana","11":"first","12":"instock","13":"featured","14":"taxable","15":"shipping-taxable","16":"purchasable","17":"product-type-simple"},"_links":{"self":[{"href":"https:\/\/edimeinter.com\/libreria\/wp-json\/wp\/v2\/product\/10758","targetHints":{"allow":["GET"]}}],"collection":[{"href":"https:\/\/edimeinter.com\/libreria\/wp-json\/wp\/v2\/product"}],"about":[{"href":"https:\/\/edimeinter.com\/libreria\/wp-json\/wp\/v2\/types\/product"}],"replies":[{"embeddable":true,"href":"https:\/\/edimeinter.com\/libreria\/wp-json\/wp\/v2\/comments?post=10758"}],"version-history":[{"count":2,"href":"https:\/\/edimeinter.com\/libreria\/wp-json\/wp\/v2\/product\/10758\/revisions"}],"predecessor-version":[{"id":15041,"href":"https:\/\/edimeinter.com\/libreria\/wp-json\/wp\/v2\/product\/10758\/revisions\/15041"}],"wp:featuredmedia":[{"embeddable":true,"href":"https:\/\/edimeinter.com\/libreria\/wp-json\/wp\/v2\/media\/10759"}],"wp:attachment":[{"href":"https:\/\/edimeinter.com\/libreria\/wp-json\/wp\/v2\/media?parent=10758"}],"wp:term":[{"taxonomy":"product_cat","embeddable":true,"href":"https:\/\/edimeinter.com\/libreria\/wp-json\/wp\/v2\/product_cat?post=10758"},{"taxonomy":"product_tag","embeddable":true,"href":"https:\/\/edimeinter.com\/libreria\/wp-json\/wp\/v2\/product_tag?post=10758"}],"curies":[{"name":"wp","href":"https:\/\/api.w.org\/{rel}","templated":true}]}}