{"id":10764,"date":"2025-02-05T20:35:20","date_gmt":"2025-02-05T20:35:20","guid":{"rendered":"https:\/\/edimeinter.com\/libreria\/?post_type=product&#038;p=10764"},"modified":"2025-03-09T20:22:59","modified_gmt":"2025-03-09T20:22:59","slug":"moro-vento-de-guardia-en-neonatologia-4a-edicion","status":"publish","type":"product","link":"https:\/\/edimeinter.com\/libreria\/product\/moro-vento-de-guardia-en-neonatologia-4a-edicion\/","title":{"rendered":"Moro &amp; Vento. De Guardia en Neonatolog\u00eda. 4\u00aa Edici\u00f3n"},"content":{"rendered":"\t\t<div data-elementor-type=\"wp-post\" data-elementor-id=\"10764\" class=\"elementor elementor-10764\">\n\t\t\t\t<div class=\"elementor-element elementor-element-2612b12 e-flex e-con-boxed e-con e-parent\" data-id=\"2612b12\" data-element_type=\"container\" data-e-type=\"container\">\n\t\t\t\t\t<div class=\"e-con-inner\">\n\t\t\n\t\t<div class=\"elementor-element elementor-element-498707ae elementor-widget elementor-widget-text-editor\" data-id=\"498707ae\" data-element_type=\"widget\" data-e-type=\"widget\" data-widget_type=\"text-editor.default\">\n\t\t\t\t<div class=\"elementor-widget-container\">\n\t\t\t\t\t\t\t\t\t<p class=\"font-light !leading-[22px] tracking-[1.12px] text-base mb-3 text-gray-500\">La supervivencia de beb\u00e9s prematuros cada vez m\u00e1s extremos y vulnerables como resultado de la introducci\u00f3n de las novedosas t\u00e9cnicas de diagn\u00f3stico y tratamiento, han promovido la superespecializaci\u00f3n del cuerpo doctrinal te\u00f3rico y pr\u00e1ctico de la Neonatolog\u00eda.<\/p>\t\t\t\t\t\t\t\t<\/div>\n\t\t\t\t<\/div>\n\t\t\t\t\t<\/div>\n\t\t\t\t<\/div>\n\t\t\t\t<\/div>\n\t\t","protected":false},"excerpt":{"rendered":"<p><strong>Autores:\u00a0<\/strong>Manuel Moro Serrano,M\u00e1ximo Vento Torres,Mart\u00edn Iriondo Sanz<br \/>\n<strong>ISBN:<\/strong>\u00a09788411062084<br \/>\n<strong>Editorial:<\/strong>\u00a0Panamericana<br \/>\n<strong>Edici\u00f3n:<\/strong>\u00a04\u00aa<br \/>\n<strong>Especialidad<\/strong>: Pediatr\u00eda y Neonatolog\u00eda<br \/>\n<strong>P\u00e1ginas<\/strong>: 1144<br \/>\n\u00a9 2024<\/p>\n","protected":false},"featured_media":10765,"comment_status":"open","ping_status":"open","template":"","meta":{"_joinchat":[]},"product_cat":[130],"product_tag":[240,70,131],"class_list":{"0":"post-10764","1":"product","2":"type-product","3":"status-publish","4":"has-post-thumbnail","6":"product_cat-pediatria-y-neonatologia","7":"product_tag-240","8":"product_tag-panamericana","9":"product_tag-pediatria-y-neonatologia","11":"first","12":"instock","13":"featured","14":"taxable","15":"shipping-taxable","16":"purchasable","17":"product-type-simple"},"_links":{"self":[{"href":"https:\/\/edimeinter.com\/libreria\/wp-json\/wp\/v2\/product\/10764","targetHints":{"allow":["GET"]}}],"collection":[{"href":"https:\/\/edimeinter.com\/libreria\/wp-json\/wp\/v2\/product"}],"about":[{"href":"https:\/\/edimeinter.com\/libreria\/wp-json\/wp\/v2\/types\/product"}],"replies":[{"embeddable":true,"href":"https:\/\/edimeinter.com\/libreria\/wp-json\/wp\/v2\/comments?post=10764"}],"version-history":[{"count":1,"href":"https:\/\/edimeinter.com\/libreria\/wp-json\/wp\/v2\/product\/10764\/revisions"}],"predecessor-version":[{"id":15042,"href":"https:\/\/edimeinter.com\/libreria\/wp-json\/wp\/v2\/product\/10764\/revisions\/15042"}],"wp:featuredmedia":[{"embeddable":true,"href":"https:\/\/edimeinter.com\/libreria\/wp-json\/wp\/v2\/media\/10765"}],"wp:attachment":[{"href":"https:\/\/edimeinter.com\/libreria\/wp-json\/wp\/v2\/media?parent=10764"}],"wp:term":[{"taxonomy":"product_cat","embeddable":true,"href":"https:\/\/edimeinter.com\/libreria\/wp-json\/wp\/v2\/product_cat?post=10764"},{"taxonomy":"product_tag","embeddable":true,"href":"https:\/\/edimeinter.com\/libreria\/wp-json\/wp\/v2\/product_tag?post=10764"}],"curies":[{"name":"wp","href":"https:\/\/api.w.org\/{rel}","templated":true}]}}

Moro &amp; Vento. De Guardia en Neonatología. 4ª Edición

<div data-elementor-type="wp-post" data-elementor-id="10764" class="elementor elementor-10764">
				<div class="elementor-element elementor-element-2612b12 e-flex e-con-boxed e-con e-parent" data-id="2612b12" data-element_type="container" data-e-type="container">
					<div class="e-con-inner">
		
		<div class="elementor-element elementor-element-498707ae elementor-widget elementor-widget-text-editor" data-id="498707ae" data-element_type="widget" data-e-type="widget" data-widget_type="text-editor.default">
				<div class="elementor-widget-container">
									<p class="font-light !leading-[22px] tracking-[1.12px] text-base mb-3 text-gray-500">La supervivencia de bebés prematuros cada vez más extremos y vulnerables como resultado de la introducción de las novedosas técnicas de diagnóstico y tratamiento, han promovido la superespecialización del cuerpo doctrinal teórico y práctico de la Neonatología.</p>								</div>
				</div>
					</div>
				</div>
				</div>

<p><strong>Autores: </strong>Manuel Moro Serrano,Máximo Vento Torres,Martín Iriondo Sanz<br />
<strong>ISBN:</strong> 9788411062084<br />
<strong>Editorial:</strong> Panamericana<br />
<strong>Edición:</strong> 4ª<br />
<strong>Especialidad</strong>: Pediatría y Neonatología<br />
<strong>Páginas</strong>: 1144<br />
© 2024</p>
