{"id":10866,"date":"2025-02-05T21:49:23","date_gmt":"2025-02-05T21:49:23","guid":{"rendered":"https:\/\/edimeinter.com\/libreria\/?post_type=product&#038;p=10866"},"modified":"2025-03-09T20:21:31","modified_gmt":"2025-03-09T20:21:31","slug":"tratado-de-cirugia-pediatrica-1a-edicion","status":"publish","type":"product","link":"https:\/\/edimeinter.com\/libreria\/product\/tratado-de-cirugia-pediatrica-1a-edicion\/","title":{"rendered":"Tratado de Cirug\u00eda Pedi\u00e1trica. 1\u00aa Edici\u00f3n"},"content":{"rendered":"\t\t<div data-elementor-type=\"wp-post\" data-elementor-id=\"10866\" class=\"elementor elementor-10866\">\n\t\t\t\t<div class=\"elementor-element elementor-element-2612b12 e-flex e-con-boxed e-con e-parent\" data-id=\"2612b12\" data-element_type=\"container\" data-e-type=\"container\">\n\t\t\t\t\t<div class=\"e-con-inner\">\n\t\t\n\t\t<div class=\"elementor-element elementor-element-498707ae elementor-widget elementor-widget-text-editor\" data-id=\"498707ae\" data-element_type=\"widget\" data-e-type=\"widget\" data-widget_type=\"text-editor.default\">\n\t\t\t\t<div class=\"elementor-widget-container\">\n\t\t\t\t\t\t\t\t\t<p class=\"font-light !leading-[22px] tracking-[1.12px] text-base mb-3 text-gray-500\">La Cirug\u00eda Pedi\u00e1trica se ocupa de la patolog\u00eda quir\u00fargica desde el periodo fetal hasta los 18 a\u00f1os. Esta especialidad, vasta, cambiante, variada y siempre marcada por situaciones extraordinarias requiere estudio y actualizaci\u00f3n permanentes. El objetivo principal de esta obra es, por lo tanto, facilitar el conocimiento adquirido por sus autores, fruto de la experiencia de varias generaciones de cirujanos en el Servicio de Cirug\u00eda Pedi\u00e1trica del Hospital Infantil La Paz, Madrid.<\/p>\t\t\t\t\t\t\t\t<\/div>\n\t\t\t\t<\/div>\n\t\t\t\t\t<\/div>\n\t\t\t\t<\/div>\n\t\t\t\t<\/div>\n\t\t","protected":false},"excerpt":{"rendered":"<p><strong>Autores:<\/strong>\u00a0Francisco Hern\u00e1ndez Oliveros,Ane Miren Andr\u00e9s Moreno,Jos\u00e9 Luis Encinas Hern\u00e1ndez<br \/>\n<strong>ISBN:<\/strong>\u00a09788491108016<br \/>\n<strong>Editorial:<\/strong>\u00a0Panamericana<br \/>\n<strong>Edici\u00f3n:<\/strong>\u00a01\u00aa<br \/>\n<strong>Especialidad<\/strong>: Pediatr\u00eda y Neonatolog\u00eda<br \/>\n<strong>P\u00e1ginas<\/strong>: 908<br \/>\n\u00a9 2024<\/p>\n","protected":false},"featured_media":10867,"comment_status":"open","ping_status":"open","template":"","meta":{"_joinchat":[]},"product_cat":[130],"product_tag":[240,70,131],"class_list":{"0":"post-10866","1":"product","2":"type-product","3":"status-publish","4":"has-post-thumbnail","6":"product_cat-pediatria-y-neonatologia","7":"product_tag-240","8":"product_tag-panamericana","9":"product_tag-pediatria-y-neonatologia","11":"first","12":"instock","13":"featured","14":"taxable","15":"shipping-taxable","16":"purchasable","17":"product-type-simple"},"_links":{"self":[{"href":"https:\/\/edimeinter.com\/libreria\/wp-json\/wp\/v2\/product\/10866","targetHints":{"allow":["GET"]}}],"collection":[{"href":"https:\/\/edimeinter.com\/libreria\/wp-json\/wp\/v2\/product"}],"about":[{"href":"https:\/\/edimeinter.com\/libreria\/wp-json\/wp\/v2\/types\/product"}],"replies":[{"embeddable":true,"href":"https:\/\/edimeinter.com\/libreria\/wp-json\/wp\/v2\/comments?post=10866"}],"version-history":[{"count":1,"href":"https:\/\/edimeinter.com\/libreria\/wp-json\/wp\/v2\/product\/10866\/revisions"}],"predecessor-version":[{"id":15058,"href":"https:\/\/edimeinter.com\/libreria\/wp-json\/wp\/v2\/product\/10866\/revisions\/15058"}],"wp:featuredmedia":[{"embeddable":true,"href":"https:\/\/edimeinter.com\/libreria\/wp-json\/wp\/v2\/media\/10867"}],"wp:attachment":[{"href":"https:\/\/edimeinter.com\/libreria\/wp-json\/wp\/v2\/media?parent=10866"}],"wp:term":[{"taxonomy":"product_cat","embeddable":true,"href":"https:\/\/edimeinter.com\/libreria\/wp-json\/wp\/v2\/product_cat?post=10866"},{"taxonomy":"product_tag","embeddable":true,"href":"https:\/\/edimeinter.com\/libreria\/wp-json\/wp\/v2\/product_tag?post=10866"}],"curies":[{"name":"wp","href":"https:\/\/api.w.org\/{rel}","templated":true}]}}

Tratado de Cirugía Pediátrica. 1ª Edición

<div data-elementor-type="wp-post" data-elementor-id="10866" class="elementor elementor-10866">
				<div class="elementor-element elementor-element-2612b12 e-flex e-con-boxed e-con e-parent" data-id="2612b12" data-element_type="container" data-e-type="container">
					<div class="e-con-inner">
		
		<div class="elementor-element elementor-element-498707ae elementor-widget elementor-widget-text-editor" data-id="498707ae" data-element_type="widget" data-e-type="widget" data-widget_type="text-editor.default">
				<div class="elementor-widget-container">
									<p class="font-light !leading-[22px] tracking-[1.12px] text-base mb-3 text-gray-500">La Cirugía Pediátrica se ocupa de la patología quirúrgica desde el periodo fetal hasta los 18 años. Esta especialidad, vasta, cambiante, variada y siempre marcada por situaciones extraordinarias requiere estudio y actualización permanentes. El objetivo principal de esta obra es, por lo tanto, facilitar el conocimiento adquirido por sus autores, fruto de la experiencia de varias generaciones de cirujanos en el Servicio de Cirugía Pediátrica del Hospital Infantil La Paz, Madrid.</p>								</div>
				</div>
					</div>
				</div>
				</div>

<p><strong>Autores:</strong> Francisco Hernández Oliveros,Ane Miren Andrés Moreno,José Luis Encinas Hernández<br />
<strong>ISBN:</strong> 9788491108016<br />
<strong>Editorial:</strong> Panamericana<br />
<strong>Edición:</strong> 1ª<br />
<strong>Especialidad</strong>: Pediatría y Neonatología<br />
<strong>Páginas</strong>: 908<br />
© 2024</p>
