{"id":10931,"date":"2025-02-05T22:32:11","date_gmt":"2025-02-05T22:32:11","guid":{"rendered":"https:\/\/edimeinter.com\/libreria\/?post_type=product&#038;p=10931"},"modified":"2025-12-08T22:34:42","modified_gmt":"2025-12-08T22:34:42","slug":"guia-practica-del-uso-de-farmacos-durante-la-gestacion-1a-edicion-2","status":"publish","type":"product","link":"https:\/\/edimeinter.com\/libreria\/product\/guia-practica-del-uso-de-farmacos-durante-la-gestacion-1a-edicion-2\/","title":{"rendered":"Gu\u00eda Pr\u00e1ctica del Uso de F\u00e1rmacos Durante la Gestaci\u00f3n. 1\u00aa Edici\u00f3n"},"content":{"rendered":"\t\t<div data-elementor-type=\"wp-post\" data-elementor-id=\"10931\" class=\"elementor elementor-10931\">\n\t\t\t\t<div class=\"elementor-element elementor-element-2612b12 e-flex e-con-boxed e-con e-parent\" data-id=\"2612b12\" data-element_type=\"container\" data-e-type=\"container\">\n\t\t\t\t\t<div class=\"e-con-inner\">\n\t\t\n\t\t<div class=\"elementor-element elementor-element-498707ae elementor-widget elementor-widget-text-editor\" data-id=\"498707ae\" data-element_type=\"widget\" data-e-type=\"widget\" data-widget_type=\"text-editor.default\">\n\t\t\t\t<div class=\"elementor-widget-container\">\n\t\t\t\t\t\t\t\t\t<p class=\"font-light !leading-[22px] tracking-[1.12px] text-base mb-3 text-gray-500\">La obra \u201cGu\u00eda pr\u00e1ctica del uso de f\u00e1rmacos durante la gestaci\u00f3n\u201d, plasma a\u00f1os de experiencia de profesionales de la salud y profesores expertos en Farmacolog\u00eda B\u00e1sica, Farmacolog\u00eda Cl\u00ednica, Embriolog\u00eda y Gen\u00e9tica. En el libro se describen las caracter\u00edsticas farmacocin\u00e9ticas (absorci\u00f3n, distribuci\u00f3n, metabolismo y eliminaci\u00f3n) y farmacodin\u00e1micas (mecanismo de acci\u00f3n, lugar en la terap\u00e9utica y mecanismo de teratog\u00e9nesis) de los f\u00e1rmacos que con mayor frecuencia son utilizados en la pr\u00e1ctica m\u00e9dica.<\/p>\t\t\t\t\t\t\t\t<\/div>\n\t\t\t\t<\/div>\n\t\t\t\t\t<\/div>\n\t\t\t\t<\/div>\n\t\t\t\t<\/div>\n\t\t","protected":false},"excerpt":{"rendered":"<p><strong>Autores:<\/strong>\u00a0Carrasco. Omar<br \/>\n<strong>ISBN:<\/strong>\u00a09786071521033<br \/>\n<strong>Editorial:<\/strong>\u00a0McGraw-Hill<br \/>\n<strong>Edici\u00f3n:<\/strong>\u00a01\u00aa<br \/>\n<strong>Especialidad<\/strong>: Ginecolog\u00eda y Obstetricia<br \/>\n<strong>P\u00e1ginas<\/strong>: 519<br \/>\n\u00a9 2023<\/p>\n","protected":false},"featured_media":10932,"comment_status":"open","ping_status":"closed","template":"","meta":{"_joinchat":[]},"product_cat":[104],"product_tag":[105,99],"class_list":{"0":"post-10931","1":"product","2":"type-product","3":"status-publish","4":"has-post-thumbnail","6":"product_cat-ginecologia-y-obstetricia","7":"product_tag-ginecologia-y-obstetricia","8":"product_tag-mcgraw-hill","10":"first","11":"instock","12":"featured","13":"taxable","14":"shipping-taxable","15":"purchasable","16":"product-type-simple"},"_links":{"self":[{"href":"https:\/\/edimeinter.com\/libreria\/wp-json\/wp\/v2\/product\/10931","targetHints":{"allow":["GET"]}}],"collection":[{"href":"https:\/\/edimeinter.com\/libreria\/wp-json\/wp\/v2\/product"}],"about":[{"href":"https:\/\/edimeinter.com\/libreria\/wp-json\/wp\/v2\/types\/product"}],"replies":[{"embeddable":true,"href":"https:\/\/edimeinter.com\/libreria\/wp-json\/wp\/v2\/comments?post=10931"}],"version-history":[{"count":1,"href":"https:\/\/edimeinter.com\/libreria\/wp-json\/wp\/v2\/product\/10931\/revisions"}],"predecessor-version":[{"id":14895,"href":"https:\/\/edimeinter.com\/libreria\/wp-json\/wp\/v2\/product\/10931\/revisions\/14895"}],"wp:featuredmedia":[{"embeddable":true,"href":"https:\/\/edimeinter.com\/libreria\/wp-json\/wp\/v2\/media\/10932"}],"wp:attachment":[{"href":"https:\/\/edimeinter.com\/libreria\/wp-json\/wp\/v2\/media?parent=10931"}],"wp:term":[{"taxonomy":"product_cat","embeddable":true,"href":"https:\/\/edimeinter.com\/libreria\/wp-json\/wp\/v2\/product_cat?post=10931"},{"taxonomy":"product_tag","embeddable":true,"href":"https:\/\/edimeinter.com\/libreria\/wp-json\/wp\/v2\/product_tag?post=10931"}],"curies":[{"name":"wp","href":"https:\/\/api.w.org\/{rel}","templated":true}]}}

Guía Práctica del Uso de Fármacos Durante la Gestación. 1ª Edición

<div data-elementor-type="wp-post" data-elementor-id="10931" class="elementor elementor-10931">
				<div class="elementor-element elementor-element-2612b12 e-flex e-con-boxed e-con e-parent" data-id="2612b12" data-element_type="container" data-e-type="container">
					<div class="e-con-inner">
		
		<div class="elementor-element elementor-element-498707ae elementor-widget elementor-widget-text-editor" data-id="498707ae" data-element_type="widget" data-e-type="widget" data-widget_type="text-editor.default">
				<div class="elementor-widget-container">
									<p class="font-light !leading-[22px] tracking-[1.12px] text-base mb-3 text-gray-500">La obra “Guía práctica del uso de fármacos durante la gestación”, plasma años de experiencia de profesionales de la salud y profesores expertos en Farmacología Básica, Farmacología Clínica, Embriología y Genética. En el libro se describen las características farmacocinéticas (absorción, distribución, metabolismo y eliminación) y farmacodinámicas (mecanismo de acción, lugar en la terapéutica y mecanismo de teratogénesis) de los fármacos que con mayor frecuencia son utilizados en la práctica médica.</p>								</div>
				</div>
					</div>
				</div>
				</div>

<p><strong>Autores:</strong> Carrasco. Omar<br />
<strong>ISBN:</strong> 9786071521033<br />
<strong>Editorial:</strong> McGraw-Hill<br />
<strong>Edición:</strong> 1ª<br />
<strong>Especialidad</strong>: Ginecología y Obstetricia<br />
<strong>Páginas</strong>: 519<br />
© 2023</p>
