{"id":10962,"date":"2025-02-05T23:10:00","date_gmt":"2025-02-05T23:10:00","guid":{"rendered":"https:\/\/edimeinter.com\/libreria\/?post_type=product&#038;p=10962"},"modified":"2026-01-11T01:13:17","modified_gmt":"2026-01-11T01:13:17","slug":"el-abcd-de-la-evaluacion-del-estado-de-nutricion-2a-edicion","status":"publish","type":"product","link":"https:\/\/edimeinter.com\/libreria\/product\/el-abcd-de-la-evaluacion-del-estado-de-nutricion-2a-edicion\/","title":{"rendered":"El Abcd De La Evaluaci\u00f3n Del Estado De Nutrici\u00f3n. 2\u00aa Edici\u00f3n"},"content":{"rendered":"\t\t<div data-elementor-type=\"wp-post\" data-elementor-id=\"10962\" class=\"elementor elementor-10962\">\n\t\t\t\t<div class=\"elementor-element elementor-element-2612b12 e-flex e-con-boxed e-con e-parent\" data-id=\"2612b12\" data-element_type=\"container\" data-e-type=\"container\">\n\t\t\t\t\t<div class=\"e-con-inner\">\n\t\t\n\t\t<div class=\"elementor-element elementor-element-498707ae elementor-widget elementor-widget-text-editor\" data-id=\"498707ae\" data-element_type=\"widget\" data-e-type=\"widget\" data-widget_type=\"text-editor.default\">\n\t\t\t\t<div class=\"elementor-widget-container\">\n\t\t\t\t\t\t\t\t\t<p>Valorar el estado de nutrici\u00f3n y determinar diagn\u00f3sticos nutricios, son la base para el establecimiento de indicaciones terap\u00e9uticas o preventivas en la pr\u00e1ctica nutriol\u00f3gica, ya que representan el primero y segundo paso dentro del Proceso de Atenci\u00f3n Nutricia (PAN).<\/p>\t\t\t\t\t\t\t\t<\/div>\n\t\t\t\t<\/div>\n\t\t\t\t\t<\/div>\n\t\t\t\t<\/div>\n\t\t\t\t<\/div>\n\t\t","protected":false},"excerpt":{"rendered":"<p><strong>Autores:<\/strong> Suverza, A. \u2014 Haua, K.<br \/>\n<strong>ISBN:<\/strong>\u00a09786071517067<br \/>\n<strong>Editorial:<\/strong>\u00a0McGraw-Hill<br \/>\n<strong>Edici\u00f3n:<\/strong>\u00a02\u00aa<br \/>\n<strong>Especialidad<\/strong>: Nutrici\u00f3n y Dietoterapia<br \/>\n<strong>P\u00e1ginas<\/strong>: 438<br \/>\n\u00a9 2023<\/p>\n","protected":false},"featured_media":10963,"comment_status":"open","ping_status":"closed","template":"","meta":{"_joinchat":[]},"product_cat":[106],"product_tag":[99,107],"class_list":{"0":"post-10962","1":"product","2":"type-product","3":"status-publish","4":"has-post-thumbnail","6":"product_cat-nutricion-y-dietoterapia","7":"product_tag-mcgraw-hill","8":"product_tag-nutricion-y-dietoterapia","10":"first","11":"instock","12":"featured","13":"taxable","14":"shipping-taxable","15":"purchasable","16":"product-type-simple"},"_links":{"self":[{"href":"https:\/\/edimeinter.com\/libreria\/wp-json\/wp\/v2\/product\/10962","targetHints":{"allow":["GET"]}}],"collection":[{"href":"https:\/\/edimeinter.com\/libreria\/wp-json\/wp\/v2\/product"}],"about":[{"href":"https:\/\/edimeinter.com\/libreria\/wp-json\/wp\/v2\/types\/product"}],"replies":[{"embeddable":true,"href":"https:\/\/edimeinter.com\/libreria\/wp-json\/wp\/v2\/comments?post=10962"}],"version-history":[{"count":3,"href":"https:\/\/edimeinter.com\/libreria\/wp-json\/wp\/v2\/product\/10962\/revisions"}],"predecessor-version":[{"id":17742,"href":"https:\/\/edimeinter.com\/libreria\/wp-json\/wp\/v2\/product\/10962\/revisions\/17742"}],"wp:featuredmedia":[{"embeddable":true,"href":"https:\/\/edimeinter.com\/libreria\/wp-json\/wp\/v2\/media\/10963"}],"wp:attachment":[{"href":"https:\/\/edimeinter.com\/libreria\/wp-json\/wp\/v2\/media?parent=10962"}],"wp:term":[{"taxonomy":"product_cat","embeddable":true,"href":"https:\/\/edimeinter.com\/libreria\/wp-json\/wp\/v2\/product_cat?post=10962"},{"taxonomy":"product_tag","embeddable":true,"href":"https:\/\/edimeinter.com\/libreria\/wp-json\/wp\/v2\/product_tag?post=10962"}],"curies":[{"name":"wp","href":"https:\/\/api.w.org\/{rel}","templated":true}]}}

El Abcd De La Evaluación Del Estado De Nutrición. 2ª Edición

<div data-elementor-type="wp-post" data-elementor-id="10962" class="elementor elementor-10962">
				<div class="elementor-element elementor-element-2612b12 e-flex e-con-boxed e-con e-parent" data-id="2612b12" data-element_type="container" data-e-type="container">
					<div class="e-con-inner">
		
		<div class="elementor-element elementor-element-498707ae elementor-widget elementor-widget-text-editor" data-id="498707ae" data-element_type="widget" data-e-type="widget" data-widget_type="text-editor.default">
				<div class="elementor-widget-container">
									<p>Valorar el estado de nutrición y determinar diagnósticos nutricios, son la base para el establecimiento de indicaciones terapéuticas o preventivas en la práctica nutriológica, ya que representan el primero y segundo paso dentro del Proceso de Atención Nutricia (PAN).</p>								</div>
				</div>
					</div>
				</div>
				</div>

<p><strong>Autores:</strong> Suverza, A. — Haua, K.<br />
<strong>ISBN:</strong> 9786071517067<br />
<strong>Editorial:</strong> McGraw-Hill<br />
<strong>Edición:</strong> 2ª<br />
<strong>Especialidad</strong>: Nutrición y Dietoterapia<br />
<strong>Páginas</strong>: 438<br />
© 2023</p>
