{"id":11050,"date":"2025-02-06T16:55:32","date_gmt":"2025-02-06T16:55:32","guid":{"rendered":"https:\/\/edimeinter.com\/libreria\/?post_type=product&#038;p=11050"},"modified":"2025-03-20T17:13:19","modified_gmt":"2025-03-20T17:13:19","slug":"administracion-de-medicamentos-4a-edicion","status":"publish","type":"product","link":"https:\/\/edimeinter.com\/libreria\/product\/administracion-de-medicamentos-4a-edicion\/","title":{"rendered":"Castells-Hern\u00e1ndez. Farmacolog\u00eda en enfermer\u00eda. 4\u00aa Edici\u00f3n"},"content":{"rendered":"\t\t<div data-elementor-type=\"wp-post\" data-elementor-id=\"11050\" class=\"elementor elementor-11050\">\n\t\t\t\t<div class=\"elementor-element elementor-element-2612b12 e-flex e-con-boxed e-con e-parent\" data-id=\"2612b12\" data-element_type=\"container\" data-e-type=\"container\">\n\t\t\t\t\t<div class=\"e-con-inner\">\n\t\t\n\t\t<div class=\"elementor-element elementor-element-498707ae elementor-widget elementor-widget-text-editor\" data-id=\"498707ae\" data-element_type=\"widget\" data-e-type=\"widget\" data-widget_type=\"text-editor.default\">\n\t\t\t\t<div class=\"elementor-widget-container\">\n\t\t\t\t\t\t\t\t\t<p>La nueva edici\u00f3n de esta obra de referencia ofrece\u00a0<b><strong>contenidos actualizados<\/strong><\/b>\u00a0de la mano de un\u00a0<b><strong>renovado panel de colaboradores<\/strong><\/b>. Sus contenidos,\u00a0<b><strong>exhaustivos y claramente estructurados<\/strong><\/b>, abarcan desde conceptos generales hasta cap\u00edtulos espec\u00edficos dedicados a cada una de las diferentes clases de f\u00e1rmacos, as\u00ed como secciones sobre el cuidado de heridas y la adherencia al tratamiento.<\/p><p><i><em>Castells-Hern\u00e1ndez. Farmacolog\u00eda en enfermer\u00eda<\/em><\/i>\u00a0est\u00e1 destinado a alumnas y alumnos del grado de Enfermer\u00eda y a profesionales en ejercicio, y ser\u00e1 tambi\u00e9n de inter\u00e9s para otros estudiantes y profesionales de Ciencias de la Salud.<\/p>\t\t\t\t\t\t\t\t<\/div>\n\t\t\t\t<\/div>\n\t\t\t\t\t<\/div>\n\t\t\t\t<\/div>\n\t\t\t\t<\/div>\n\t\t","protected":false},"excerpt":{"rendered":"<p><strong>Autores:<\/strong>\u00a0Margarita Hern\u00e1ndez P\u00e9rez &amp; Josefina Graciela Casta\u00f1eda Suardiaz<br \/>\n<strong>ISBN:<\/strong>\u00a09788413824642<br \/>\n<strong>Editorial:<\/strong>\u00a0Elsevier<br \/>\n<strong>Edici\u00f3n:<\/strong> 4\u00aa<br \/>\n<strong>Especialidad<\/strong>: Enfermer\u00eda<br \/>\n<strong>P\u00e1ginas<\/strong>: 766<br \/>\n\u00a9 2024<\/p>\n","protected":false},"featured_media":11057,"comment_status":"open","ping_status":"open","template":"","meta":{"_joinchat":[]},"product_cat":[115],"product_tag":[240,85,82],"class_list":{"0":"post-11050","1":"product","2":"type-product","3":"status-publish","4":"has-post-thumbnail","6":"product_cat-enfermeria","7":"product_tag-240","8":"product_tag-elsevier","9":"product_tag-enfermeria","11":"first","12":"instock","13":"featured","14":"taxable","15":"shipping-taxable","16":"purchasable","17":"product-type-simple"},"_links":{"self":[{"href":"https:\/\/edimeinter.com\/libreria\/wp-json\/wp\/v2\/product\/11050","targetHints":{"allow":["GET"]}}],"collection":[{"href":"https:\/\/edimeinter.com\/libreria\/wp-json\/wp\/v2\/product"}],"about":[{"href":"https:\/\/edimeinter.com\/libreria\/wp-json\/wp\/v2\/types\/product"}],"replies":[{"embeddable":true,"href":"https:\/\/edimeinter.com\/libreria\/wp-json\/wp\/v2\/comments?post=11050"}],"version-history":[{"count":3,"href":"https:\/\/edimeinter.com\/libreria\/wp-json\/wp\/v2\/product\/11050\/revisions"}],"predecessor-version":[{"id":16147,"href":"https:\/\/edimeinter.com\/libreria\/wp-json\/wp\/v2\/product\/11050\/revisions\/16147"}],"wp:featuredmedia":[{"embeddable":true,"href":"https:\/\/edimeinter.com\/libreria\/wp-json\/wp\/v2\/media\/11057"}],"wp:attachment":[{"href":"https:\/\/edimeinter.com\/libreria\/wp-json\/wp\/v2\/media?parent=11050"}],"wp:term":[{"taxonomy":"product_cat","embeddable":true,"href":"https:\/\/edimeinter.com\/libreria\/wp-json\/wp\/v2\/product_cat?post=11050"},{"taxonomy":"product_tag","embeddable":true,"href":"https:\/\/edimeinter.com\/libreria\/wp-json\/wp\/v2\/product_tag?post=11050"}],"curies":[{"name":"wp","href":"https:\/\/api.w.org\/{rel}","templated":true}]}}