{"id":11099,"date":"2025-02-06T17:49:01","date_gmt":"2025-02-06T17:49:01","guid":{"rendered":"https:\/\/edimeinter.com\/libreria\/?post_type=product&#038;p=11099"},"modified":"2025-03-03T15:50:44","modified_gmt":"2025-03-03T15:50:44","slug":"situaciones-de-respuesta-rapida-en-el-enfermo-critico-1a-edicion","status":"publish","type":"product","link":"https:\/\/edimeinter.com\/libreria\/product\/situaciones-de-respuesta-rapida-en-el-enfermo-critico-1a-edicion\/","title":{"rendered":"Situaciones de respuesta r\u00e1pida en el enfermo cr\u00edtico. 1\u00aa Edici\u00f3n"},"content":{"rendered":"\t\t<div data-elementor-type=\"wp-post\" data-elementor-id=\"11099\" class=\"elementor elementor-11099\">\n\t\t\t\t<div class=\"elementor-element elementor-element-2612b12 e-flex e-con-boxed e-con e-parent\" data-id=\"2612b12\" data-element_type=\"container\" data-e-type=\"container\">\n\t\t\t\t\t<div class=\"e-con-inner\">\n\t\t\n\t\t<div class=\"elementor-element elementor-element-498707ae elementor-widget elementor-widget-text-editor\" data-id=\"498707ae\" data-element_type=\"widget\" data-e-type=\"widget\" data-widget_type=\"text-editor.default\">\n\t\t\t\t<div class=\"elementor-widget-container\">\n\t\t\t\t\t\t\t\t\t<p>El cuidadoso seguimiento de los pacientes de riesgo, la intervenci\u00f3n temprana y el oportuno traslado a la unidad de cuidados intensivos (UCI) desde los servicios hospitalarios generales han demostrado mejorar los resultados cl\u00ednicos. Situaciones de respuesta r\u00e1pida en el enfermo cr\u00edtico. Casos cl\u00ednicos de pacientes hospitalizados est\u00e1 dise\u00f1ado para ayudar a reconocer los signos fundamentales de deterioro en los pacientes ingresados en planta y para garantizar que el traslado a la UCI se realiza antes de que se produzcan resultados cl\u00ednicamente adversos. Mediante el uso de estrategias pedag\u00f3gicas de probada eficacia, esta innovadora obra vincula teor\u00eda y pr\u00e1ctica a trav\u00e9s del repaso de casos procedentes de distintos entornos cl\u00ednicos y acad\u00e9micos.<\/p>\t\t\t\t\t\t\t\t<\/div>\n\t\t\t\t<\/div>\n\t\t\t\t\t<\/div>\n\t\t\t\t<\/div>\n\t\t\t\t<\/div>\n\t\t","protected":false},"excerpt":{"rendered":"<p><strong>Autores:<\/strong>\u00a0Arsalan Zaidi &amp; Kainat Saleem<br \/>\n<strong>ISBN:<\/strong>\u00a09788413825441<br \/>\n<strong>Editorial:<\/strong>\u00a0Elsevier<br \/>\n<strong>Edici\u00f3n:<\/strong>\u00a01\u00aa<br \/>\n<strong>Especialidad<\/strong>: Medicina de Urgencias y Emergencias<br \/>\n<strong>P\u00e1ginas<\/strong>: 384<br \/>\n\u00a9 2023<\/p>\n","protected":false},"featured_media":11100,"comment_status":"open","ping_status":"open","template":"","meta":{"_joinchat":[]},"product_cat":[83],"product_tag":[85,84],"class_list":{"0":"post-11099","1":"product","2":"type-product","3":"status-publish","4":"has-post-thumbnail","6":"product_cat-medicina-de-urgencias-y-emergencias","7":"product_tag-elsevier","8":"product_tag-medicina-de-urgencias-y-emergencias","10":"first","11":"instock","12":"featured","13":"taxable","14":"shipping-taxable","15":"purchasable","16":"product-type-simple"},"_links":{"self":[{"href":"https:\/\/edimeinter.com\/libreria\/wp-json\/wp\/v2\/product\/11099","targetHints":{"allow":["GET"]}}],"collection":[{"href":"https:\/\/edimeinter.com\/libreria\/wp-json\/wp\/v2\/product"}],"about":[{"href":"https:\/\/edimeinter.com\/libreria\/wp-json\/wp\/v2\/types\/product"}],"replies":[{"embeddable":true,"href":"https:\/\/edimeinter.com\/libreria\/wp-json\/wp\/v2\/comments?post=11099"}],"version-history":[{"count":1,"href":"https:\/\/edimeinter.com\/libreria\/wp-json\/wp\/v2\/product\/11099\/revisions"}],"predecessor-version":[{"id":15079,"href":"https:\/\/edimeinter.com\/libreria\/wp-json\/wp\/v2\/product\/11099\/revisions\/15079"}],"wp:featuredmedia":[{"embeddable":true,"href":"https:\/\/edimeinter.com\/libreria\/wp-json\/wp\/v2\/media\/11100"}],"wp:attachment":[{"href":"https:\/\/edimeinter.com\/libreria\/wp-json\/wp\/v2\/media?parent=11099"}],"wp:term":[{"taxonomy":"product_cat","embeddable":true,"href":"https:\/\/edimeinter.com\/libreria\/wp-json\/wp\/v2\/product_cat?post=11099"},{"taxonomy":"product_tag","embeddable":true,"href":"https:\/\/edimeinter.com\/libreria\/wp-json\/wp\/v2\/product_tag?post=11099"}],"curies":[{"name":"wp","href":"https:\/\/api.w.org\/{rel}","templated":true}]}}

Situaciones de respuesta rápida en el enfermo crítico. 1ª Edición

<div data-elementor-type="wp-post" data-elementor-id="11099" class="elementor elementor-11099">
				<div class="elementor-element elementor-element-2612b12 e-flex e-con-boxed e-con e-parent" data-id="2612b12" data-element_type="container" data-e-type="container">
					<div class="e-con-inner">
		
		<div class="elementor-element elementor-element-498707ae elementor-widget elementor-widget-text-editor" data-id="498707ae" data-element_type="widget" data-e-type="widget" data-widget_type="text-editor.default">
				<div class="elementor-widget-container">
									<p>El cuidadoso seguimiento de los pacientes de riesgo, la intervención temprana y el oportuno traslado a la unidad de cuidados intensivos (UCI) desde los servicios hospitalarios generales han demostrado mejorar los resultados clínicos. Situaciones de respuesta rápida en el enfermo crítico. Casos clínicos de pacientes hospitalizados está diseñado para ayudar a reconocer los signos fundamentales de deterioro en los pacientes ingresados en planta y para garantizar que el traslado a la UCI se realiza antes de que se produzcan resultados clínicamente adversos. Mediante el uso de estrategias pedagógicas de probada eficacia, esta innovadora obra vincula teoría y práctica a través del repaso de casos procedentes de distintos entornos clínicos y académicos.</p>								</div>
				</div>
					</div>
				</div>
				</div>

<p><strong>Autores:</strong> Arsalan Zaidi &amp; Kainat Saleem<br />
<strong>ISBN:</strong> 9788413825441<br />
<strong>Editorial:</strong> Elsevier<br />
<strong>Edición:</strong> 1ª<br />
<strong>Especialidad</strong>: Medicina de Urgencias y Emergencias<br />
<strong>Páginas</strong>: 384<br />
© 2023</p>
