{"id":11105,"date":"2025-02-06T18:00:41","date_gmt":"2025-02-06T18:00:41","guid":{"rendered":"https:\/\/edimeinter.com\/libreria\/?post_type=product&#038;p=11105"},"modified":"2025-03-03T15:51:52","modified_gmt":"2025-03-03T15:51:52","slug":"casos-clinicos-en-telesalud-mental-1a-edicion","status":"publish","type":"product","link":"https:\/\/edimeinter.com\/libreria\/product\/casos-clinicos-en-telesalud-mental-1a-edicion\/","title":{"rendered":"Casos cl\u00ednicos en telesalud mental. 1\u00aa Edici\u00f3n"},"content":{"rendered":"\t\t<div data-elementor-type=\"wp-post\" data-elementor-id=\"11105\" class=\"elementor elementor-11105\">\n\t\t\t\t<div class=\"elementor-element elementor-element-2612b12 e-flex e-con-boxed e-con e-parent\" data-id=\"2612b12\" data-element_type=\"container\" data-e-type=\"container\">\n\t\t\t\t\t<div class=\"e-con-inner\">\n\t\t\n\t\t<div class=\"elementor-element elementor-element-498707ae elementor-widget elementor-widget-text-editor\" data-id=\"498707ae\" data-element_type=\"widget\" data-e-type=\"widget\" data-widget_type=\"text-editor.default\">\n\t\t\t\t<div class=\"elementor-widget-container\">\n\t\t\t\t\t\t\t\t\t<p>Casos cl\u00ednicos en telesalud mental es una obra pionera sobre el uso de las tecnolog\u00edas de la informaci\u00f3n y la comunicaci\u00f3n (TIC) en las intervenciones en salud mental. Mediante la presentaci\u00f3n de casos cl\u00ednicos, y fundamentada en la evidencia cient\u00edfica m\u00e1s actual, aborda tanto la aplicaci\u00f3n de las m\u00e1s variadas TIC en numerosas y diversas intervenciones en distintos grupos poblaciones, como las competencias necesarias y los aspectos \u00e9ticos a considerar para llevar a cabo la pr\u00e1ctica cl\u00ednica teleasistida. Est\u00e1 especialmente dirigida a profesionales del \u00e1mbito de la atenci\u00f3n en salud mental \u2014psic\u00f3logos, psiquiatras, trabajadores sociales o enfermeras, entre otros\u2014, pero tambi\u00e9n constituir\u00e1 una herramienta de referencia para la formaci\u00f3n de estudiantes en psicolog\u00eda, psiquiatr\u00eda y grados afines.<\/p>\t\t\t\t\t\t\t\t<\/div>\n\t\t\t\t<\/div>\n\t\t\t\t\t<\/div>\n\t\t\t\t<\/div>\n\t\t\t\t<\/div>\n\t\t","protected":false},"excerpt":{"rendered":"<p><strong>Autores:<\/strong>\u00a0Juan Jos\u00e9 Mart\u00ed Noguera &amp; Felipe P\u00e9rez Soto<br \/>\n<strong>ISBN:<\/strong>\u00a09788413824932<br \/>\n<strong>Editorial:<\/strong>\u00a0Elsevier<br \/>\n<strong>Edici\u00f3n:<\/strong>\u00a01\u00aa<br \/>\n<strong>Especialidad<\/strong>: Psicolog\u00eda<br \/>\n<strong>P\u00e1ginas<\/strong>: 224<br \/>\n\u00a9 2023<\/p>\n","protected":false},"featured_media":11106,"comment_status":"open","ping_status":"open","template":"","meta":{"_joinchat":[]},"product_cat":[88],"product_tag":[85,89],"class_list":{"0":"post-11105","1":"product","2":"type-product","3":"status-publish","4":"has-post-thumbnail","6":"product_cat-psicologia","7":"product_tag-elsevier","8":"product_tag-psicologia","10":"first","11":"instock","12":"featured","13":"taxable","14":"shipping-taxable","15":"purchasable","16":"product-type-simple"},"_links":{"self":[{"href":"https:\/\/edimeinter.com\/libreria\/wp-json\/wp\/v2\/product\/11105","targetHints":{"allow":["GET"]}}],"collection":[{"href":"https:\/\/edimeinter.com\/libreria\/wp-json\/wp\/v2\/product"}],"about":[{"href":"https:\/\/edimeinter.com\/libreria\/wp-json\/wp\/v2\/types\/product"}],"replies":[{"embeddable":true,"href":"https:\/\/edimeinter.com\/libreria\/wp-json\/wp\/v2\/comments?post=11105"}],"version-history":[{"count":1,"href":"https:\/\/edimeinter.com\/libreria\/wp-json\/wp\/v2\/product\/11105\/revisions"}],"predecessor-version":[{"id":15080,"href":"https:\/\/edimeinter.com\/libreria\/wp-json\/wp\/v2\/product\/11105\/revisions\/15080"}],"wp:featuredmedia":[{"embeddable":true,"href":"https:\/\/edimeinter.com\/libreria\/wp-json\/wp\/v2\/media\/11106"}],"wp:attachment":[{"href":"https:\/\/edimeinter.com\/libreria\/wp-json\/wp\/v2\/media?parent=11105"}],"wp:term":[{"taxonomy":"product_cat","embeddable":true,"href":"https:\/\/edimeinter.com\/libreria\/wp-json\/wp\/v2\/product_cat?post=11105"},{"taxonomy":"product_tag","embeddable":true,"href":"https:\/\/edimeinter.com\/libreria\/wp-json\/wp\/v2\/product_tag?post=11105"}],"curies":[{"name":"wp","href":"https:\/\/api.w.org\/{rel}","templated":true}]}}