{"id":11111,"date":"2025-02-06T18:05:52","date_gmt":"2025-02-06T18:05:52","guid":{"rendered":"https:\/\/edimeinter.com\/libreria\/?post_type=product&#038;p=11111"},"modified":"2025-03-03T15:53:18","modified_gmt":"2025-03-03T15:53:18","slug":"braunwald-tratado-de-cardiologia-12a-edicion","status":"publish","type":"product","link":"https:\/\/edimeinter.com\/libreria\/product\/braunwald-tratado-de-cardiologia-12a-edicion\/","title":{"rendered":"Braunwald. Tratado de cardiolog\u00eda. 12\u00aa Edici\u00f3n"},"content":{"rendered":"\t\t<div data-elementor-type=\"wp-post\" data-elementor-id=\"11111\" class=\"elementor elementor-11111\">\n\t\t\t\t<div class=\"elementor-element elementor-element-2612b12 e-flex e-con-boxed e-con e-parent\" data-id=\"2612b12\" data-element_type=\"container\" data-e-type=\"container\">\n\t\t\t\t\t<div class=\"e-con-inner\">\n\t\t\n\t\t<div class=\"elementor-element elementor-element-498707ae elementor-widget elementor-widget-text-editor\" data-id=\"498707ae\" data-element_type=\"widget\" data-e-type=\"widget\" data-widget_type=\"text-editor.default\">\n\t\t\t\t<div class=\"elementor-widget-container\">\n\t\t\t\t\t\t\t\t\t<p>Actual, exhaustiva y basada en la evidencia, Braunwald. Tratado de cardiolog\u00eda contin\u00faa siendo la referencia m\u00e1s acreditada en su campo y la principal fuente de informaci\u00f3n sobre cardiolog\u00eda para m\u00e9dicos en ejercicio y en per\u00edodo de formaci\u00f3n de todo el mundo. Esta 12.\u00aa edici\u00f3n, completamente actualizada, sigue la tradici\u00f3n de excelencia de las anteriores, con una cobertura rigurosa y avanzada sobre nuevos f\u00e1rmacos, nuevas gu\u00edas de pr\u00e1ctica cl\u00ednica, modalidades de imagen de mejor rendimiento y el \u00faltimo desarrollo de la medicina de precisi\u00f3n, que rigen el desarrollo de la pr\u00e1ctica de la medicina cardiovascular. Dirigido y redactado por expertos en la materia de prestigio mundial, este texto, distinguido con varios galardones, constituye una pauta de referencia multimedia sin parang\u00f3n en relaci\u00f3n con los m\u00e1s diversos aspectos de esta disciplina, compleja y en r\u00e1pida evoluci\u00f3n.<\/p>\t\t\t\t\t\t\t\t<\/div>\n\t\t\t\t<\/div>\n\t\t\t\t\t<\/div>\n\t\t\t\t<\/div>\n\t\t\t\t<\/div>\n\t\t","protected":false},"excerpt":{"rendered":"<p><strong>Autores:<\/strong>\u00a0Peter Libby &amp; Robert O. Bonow &amp; Douglas L. Mann &amp; Gordon F. Tomaselli &amp; Deepak L. Bhatt &amp; Scott D. Solomon &amp; Eugene Braunwald<br \/>\n<strong>ISBN:<\/strong>\u00a09788413824161<br \/>\n<strong>Editorial:<\/strong>\u00a0Elsevier<br \/>\n<strong>Edici\u00f3n:<\/strong>\u00a012\u00aa<br \/>\n<strong>Especialidad<\/strong>: Cardiolog\u00eda y Cirug\u00eda Vascular<br \/>\n<strong>P\u00e1ginas<\/strong>: 2000<br \/>\n\u00a9 2023<\/p>\n","protected":false},"featured_media":11112,"comment_status":"open","ping_status":"open","template":"","meta":{"_joinchat":[]},"product_cat":[181],"product_tag":[182,85],"class_list":{"0":"post-11111","1":"product","2":"type-product","3":"status-publish","4":"has-post-thumbnail","6":"product_cat-cardiologia-y-cirugia-vascular","7":"product_tag-cardiologia-y-cirugia-vascular","8":"product_tag-elsevier","10":"first","11":"instock","12":"featured","13":"taxable","14":"shipping-taxable","15":"purchasable","16":"product-type-simple"},"_links":{"self":[{"href":"https:\/\/edimeinter.com\/libreria\/wp-json\/wp\/v2\/product\/11111","targetHints":{"allow":["GET"]}}],"collection":[{"href":"https:\/\/edimeinter.com\/libreria\/wp-json\/wp\/v2\/product"}],"about":[{"href":"https:\/\/edimeinter.com\/libreria\/wp-json\/wp\/v2\/types\/product"}],"replies":[{"embeddable":true,"href":"https:\/\/edimeinter.com\/libreria\/wp-json\/wp\/v2\/comments?post=11111"}],"version-history":[{"count":1,"href":"https:\/\/edimeinter.com\/libreria\/wp-json\/wp\/v2\/product\/11111\/revisions"}],"predecessor-version":[{"id":15081,"href":"https:\/\/edimeinter.com\/libreria\/wp-json\/wp\/v2\/product\/11111\/revisions\/15081"}],"wp:featuredmedia":[{"embeddable":true,"href":"https:\/\/edimeinter.com\/libreria\/wp-json\/wp\/v2\/media\/11112"}],"wp:attachment":[{"href":"https:\/\/edimeinter.com\/libreria\/wp-json\/wp\/v2\/media?parent=11111"}],"wp:term":[{"taxonomy":"product_cat","embeddable":true,"href":"https:\/\/edimeinter.com\/libreria\/wp-json\/wp\/v2\/product_cat?post=11111"},{"taxonomy":"product_tag","embeddable":true,"href":"https:\/\/edimeinter.com\/libreria\/wp-json\/wp\/v2\/product_tag?post=11111"}],"curies":[{"name":"wp","href":"https:\/\/api.w.org\/{rel}","templated":true}]}}