{"id":11129,"date":"2025-02-06T19:20:29","date_gmt":"2025-02-06T19:20:29","guid":{"rendered":"https:\/\/edimeinter.com\/libreria\/?post_type=product&#038;p=11129"},"modified":"2025-09-19T16:54:18","modified_gmt":"2025-09-19T16:54:18","slug":"ackley-y-ladwig-manual-de-diagnosticos-de-enfermeria-13a-edicion","status":"publish","type":"product","link":"https:\/\/edimeinter.com\/libreria\/product\/ackley-y-ladwig-manual-de-diagnosticos-de-enfermeria-13a-edicion\/","title":{"rendered":"Ackley y Ladwig. Manual de Diagn\u00f3sticos de Enfermer\u00eda. 13\u00aa Edici\u00f3n"},"content":{"rendered":"\t\t<div data-elementor-type=\"wp-post\" data-elementor-id=\"11129\" class=\"elementor elementor-11129\">\n\t\t\t\t<div class=\"elementor-element elementor-element-2612b12 e-flex e-con-boxed e-con e-parent\" data-id=\"2612b12\" data-element_type=\"container\" data-e-type=\"container\">\n\t\t\t\t\t<div class=\"e-con-inner\">\n\t\t\n\t\t<div class=\"elementor-element elementor-element-498707ae elementor-widget elementor-widget-text-editor\" data-id=\"498707ae\" data-element_type=\"widget\" data-e-type=\"widget\" data-widget_type=\"text-editor.default\">\n\t\t\t\t<div class=\"elementor-widget-container\">\n\t\t\t\t\t\t\t\t\t<p><i><em>Manual de diagn\u00f3sticos de enfermer\u00eda de Ackley y Ladwig<\/em><\/i>\u00a0es la obra de referencia esencial para la planificaci\u00f3n de los cuidados que utilizar\u00e1s a lo largo de tu formaci\u00f3n y en tu carrera profesional. Te guiar\u00e1 por todas las fases del proceso de valoraci\u00f3n y pensamiento cr\u00edtico para ayudarte a elaborar planes de cuidados personalizados seg\u00fan la condici\u00f3n de salud, el historial cl\u00ednico, los s\u00edntomas y el estado mental.<\/p><p>Esta pr\u00e1ctica y manejable obra de referencia es perfecta para su uso en pr\u00e1cticas cl\u00ednicas, en clase y a la cabecera del paciente. Est\u00e1 cuidadosamente organizada para acceder con rapidez a la informaci\u00f3n y las directrices esenciales para la planificaci\u00f3n de los cuidados. Incluye todos los diagn\u00f3sticos enfermeros aprobados por NANDA-I<sup>\u00a9<\/sup>\u00a02021-2023.<\/p>\t\t\t\t\t\t\t\t<\/div>\n\t\t\t\t<\/div>\n\t\t\t\t\t<\/div>\n\t\t\t\t<\/div>\n\t\t\t\t<\/div>\n\t\t","protected":false},"excerpt":{"rendered":"<p><strong>Autores:<\/strong>\u00a0Mary Beth Flynn Makic &amp; Marina Reyna Martinez-Kratz<br \/>\n<strong>ISBN:<\/strong>\u00a09788413824819<br \/>\n<strong>Editorial:<\/strong>\u00a0Elsevier<br \/>\n<strong>Edici\u00f3n:<\/strong>\u00a013\u00aa<br \/>\n<strong>Especialidad<\/strong>: Enfermer\u00eda<br \/>\n<strong>P\u00e1ginas<\/strong>: 1080<br \/>\n\u00a9 2023<\/p>\n","protected":false},"featured_media":11130,"comment_status":"open","ping_status":"closed","template":"","meta":{"_joinchat":[]},"product_cat":[115],"product_tag":[85,82],"class_list":{"0":"post-11129","1":"product","2":"type-product","3":"status-publish","4":"has-post-thumbnail","6":"product_cat-enfermeria","7":"product_tag-elsevier","8":"product_tag-enfermeria","10":"first","11":"instock","12":"featured","13":"taxable","14":"shipping-taxable","15":"purchasable","16":"product-type-simple"},"_links":{"self":[{"href":"https:\/\/edimeinter.com\/libreria\/wp-json\/wp\/v2\/product\/11129","targetHints":{"allow":["GET"]}}],"collection":[{"href":"https:\/\/edimeinter.com\/libreria\/wp-json\/wp\/v2\/product"}],"about":[{"href":"https:\/\/edimeinter.com\/libreria\/wp-json\/wp\/v2\/types\/product"}],"replies":[{"embeddable":true,"href":"https:\/\/edimeinter.com\/libreria\/wp-json\/wp\/v2\/comments?post=11129"}],"version-history":[{"count":1,"href":"https:\/\/edimeinter.com\/libreria\/wp-json\/wp\/v2\/product\/11129\/revisions"}],"predecessor-version":[{"id":15084,"href":"https:\/\/edimeinter.com\/libreria\/wp-json\/wp\/v2\/product\/11129\/revisions\/15084"}],"wp:featuredmedia":[{"embeddable":true,"href":"https:\/\/edimeinter.com\/libreria\/wp-json\/wp\/v2\/media\/11130"}],"wp:attachment":[{"href":"https:\/\/edimeinter.com\/libreria\/wp-json\/wp\/v2\/media?parent=11129"}],"wp:term":[{"taxonomy":"product_cat","embeddable":true,"href":"https:\/\/edimeinter.com\/libreria\/wp-json\/wp\/v2\/product_cat?post=11129"},{"taxonomy":"product_tag","embeddable":true,"href":"https:\/\/edimeinter.com\/libreria\/wp-json\/wp\/v2\/product_tag?post=11129"}],"curies":[{"name":"wp","href":"https:\/\/api.w.org\/{rel}","templated":true}]}}