{"id":11165,"date":"2025-02-06T19:43:58","date_gmt":"2025-02-06T19:43:58","guid":{"rendered":"https:\/\/edimeinter.com\/libreria\/?post_type=product&#038;p=11165"},"modified":"2025-09-17T16:37:32","modified_gmt":"2025-09-17T16:37:32","slug":"medicina-de-urgencias-y-emergencias-7a-edicion","status":"publish","type":"product","link":"https:\/\/edimeinter.com\/libreria\/product\/medicina-de-urgencias-y-emergencias-7a-edicion\/","title":{"rendered":"Medicina de urgencias y emergencias. 7\u00aa Edici\u00f3n"},"content":{"rendered":"\t\t<div data-elementor-type=\"wp-post\" data-elementor-id=\"11165\" class=\"elementor elementor-11165\">\n\t\t\t\t<div class=\"elementor-element elementor-element-2612b12 e-flex e-con-boxed e-con e-parent\" data-id=\"2612b12\" data-element_type=\"container\" data-e-type=\"container\">\n\t\t\t\t\t<div class=\"e-con-inner\">\n\t\t\n\t\t<div class=\"elementor-element elementor-element-498707ae elementor-widget elementor-widget-text-editor\" data-id=\"498707ae\" data-element_type=\"widget\" data-e-type=\"widget\" data-widget_type=\"text-editor.default\">\n\t\t\t\t<div class=\"elementor-widget-container\">\n\t\t\t\t\t\t\t\t\t<p>Medicina de urgencias y emergencias. Gu\u00eda diagn\u00f3stica y protocolos de actuaci\u00f3n, dirigida por los doctores F. Javier Montero P\u00e9rez y Luis Jim\u00e9nez Murillo, facilita un \u00e1gil acceso a la informaci\u00f3n esencial necesaria para abordar las principales urgencias y emergencias, y constituye una hoja de ruta esencial para los profesionales que trabajan en esta \u00e1rea.<\/p><p>La obra consta de 218 cap\u00edtulos, que abordan procesos urgentes y emergentes, incluidos los obst\u00e9trico-ginecol\u00f3gicos y pedi\u00e1tricos, y ofrecen una gu\u00eda minuciosa para interpretar las principales exploraciones complementarias utilizadas en urgencias (radiolog\u00eda simple, electrocardiograma, anal\u00edtica sangu\u00ednea, ecograf\u00eda, etc.), as\u00ed como para realizar una gran variedad de t\u00e9cnicas diagn\u00f3stico-terap\u00e9uticas (canalizaci\u00f3n de v\u00edas venosas, paracentesis, toracocentesis, punci\u00f3n lumbar, y sondajes vesical y nasog\u00e1strico, entre otras). Adem\u00e1s, se describen pormenorizadamente las dosis y las diluciones farmacol\u00f3gicas, y los protocolos de actuaci\u00f3n en urgencias, de ingreso y de alta a domicilio.<\/p>\t\t\t\t\t\t\t\t<\/div>\n\t\t\t\t<\/div>\n\t\t\t\t\t<\/div>\n\t\t\t\t<\/div>\n\t\t\t\t<\/div>\n\t\t","protected":false},"excerpt":{"rendered":"<p><strong>Autores:<\/strong>\u00a0F. Javier Montero P\u00e9rez &amp; Luis Jim\u00e9nez Murillo<br \/>\n<strong>ISBN:<\/strong>\u00a09788413820040<br \/>\n<strong>Editorial:<\/strong>\u00a0Elsevier<br \/>\n<strong>Edici\u00f3n:<\/strong>\u00a07\u00aa<br \/>\n<strong>Especialidad<\/strong>: Medicina de Urgencias y Emergencias<br \/>\n<strong>P\u00e1ginas<\/strong>: 1232<br \/>\n\u00a9 2023<\/p>\n","protected":false},"featured_media":11166,"comment_status":"open","ping_status":"closed","template":"","meta":{"_joinchat":[]},"product_cat":[83],"product_tag":[85,84],"class_list":{"0":"post-11165","1":"product","2":"type-product","3":"status-publish","4":"has-post-thumbnail","6":"product_cat-medicina-de-urgencias-y-emergencias","7":"product_tag-elsevier","8":"product_tag-medicina-de-urgencias-y-emergencias","10":"first","11":"instock","12":"featured","13":"taxable","14":"shipping-taxable","15":"purchasable","16":"product-type-simple"},"_links":{"self":[{"href":"https:\/\/edimeinter.com\/libreria\/wp-json\/wp\/v2\/product\/11165","targetHints":{"allow":["GET"]}}],"collection":[{"href":"https:\/\/edimeinter.com\/libreria\/wp-json\/wp\/v2\/product"}],"about":[{"href":"https:\/\/edimeinter.com\/libreria\/wp-json\/wp\/v2\/types\/product"}],"replies":[{"embeddable":true,"href":"https:\/\/edimeinter.com\/libreria\/wp-json\/wp\/v2\/comments?post=11165"}],"version-history":[{"count":1,"href":"https:\/\/edimeinter.com\/libreria\/wp-json\/wp\/v2\/product\/11165\/revisions"}],"predecessor-version":[{"id":15091,"href":"https:\/\/edimeinter.com\/libreria\/wp-json\/wp\/v2\/product\/11165\/revisions\/15091"}],"wp:featuredmedia":[{"embeddable":true,"href":"https:\/\/edimeinter.com\/libreria\/wp-json\/wp\/v2\/media\/11166"}],"wp:attachment":[{"href":"https:\/\/edimeinter.com\/libreria\/wp-json\/wp\/v2\/media?parent=11165"}],"wp:term":[{"taxonomy":"product_cat","embeddable":true,"href":"https:\/\/edimeinter.com\/libreria\/wp-json\/wp\/v2\/product_cat?post=11165"},{"taxonomy":"product_tag","embeddable":true,"href":"https:\/\/edimeinter.com\/libreria\/wp-json\/wp\/v2\/product_tag?post=11165"}],"curies":[{"name":"wp","href":"https:\/\/api.w.org\/{rel}","templated":true}]}}