{"id":11177,"date":"2025-02-06T20:36:43","date_gmt":"2025-02-06T20:36:43","guid":{"rendered":"https:\/\/edimeinter.com\/libreria\/?post_type=product&#038;p=11177"},"modified":"2025-03-03T16:50:23","modified_gmt":"2025-03-03T16:50:23","slug":"conceptos-de-salud-publica-y-estrategias-preventivas-3a-edicion","status":"publish","type":"product","link":"https:\/\/edimeinter.com\/libreria\/product\/conceptos-de-salud-publica-y-estrategias-preventivas-3a-edicion\/","title":{"rendered":"Conceptos de salud p\u00fablica y estrategias preventivas. 3\u00aa Edici\u00f3n"},"content":{"rendered":"\t\t<div data-elementor-type=\"wp-post\" data-elementor-id=\"11177\" class=\"elementor elementor-11177\">\n\t\t\t\t<div class=\"elementor-element elementor-element-2612b12 e-flex e-con-boxed e-con e-parent\" data-id=\"2612b12\" data-element_type=\"container\" data-e-type=\"container\">\n\t\t\t\t\t<div class=\"e-con-inner\">\n\t\t\n\t\t<div class=\"elementor-element elementor-element-498707ae elementor-widget elementor-widget-text-editor\" data-id=\"498707ae\" data-element_type=\"widget\" data-e-type=\"widget\" data-widget_type=\"text-editor.default\">\n\t\t\t\t<div class=\"elementor-widget-container\">\n\t\t\t\t\t\t\t\t\t<p>El objetivo de esta obra es facilitar a los estudiantes de Medicina Preventiva y Salud P\u00fablica de todas las facultades de medicina en universidades de habla espa\u00f1ola un texto sint\u00e9tico, actualizado, cient\u00edfico y completo. Tambi\u00e9n sirve como material de texto para otros grados que contengan la asignatura Salud P\u00fablica. Asimismo, ayuda a profesionales sanitarios en\u00a0aspectos cruciales de la prevenci\u00f3n de la enfermedad y la promoci\u00f3n de la salud incluyendo los conocimientos m\u00e1s actualizados que se poseen para la indispensable labor de prevenci\u00f3n<\/p><p>En su tercera edici\u00f3n se ha incluido un nuevo cap\u00edtulo sobre COVID-19, tambi\u00e9n se ha a\u00f1adido otro espec\u00edfico sobre el suicidio y su prevenci\u00f3n, se han ampliado los temas de gesti\u00f3n sanitaria y evaluaci\u00f3n econ\u00f3mica y se ha profundizado en nuevos aspectos de la metodolog\u00eda, lo que ha obligado a retirar algunos cap\u00edtulos que se inclu\u00edan en la segunda edici\u00f3n.<\/p><p>Es de destacar el car\u00e1cter multiautor de la obra, ya que si bien el autor principal pertenece a la Universidad de Navarra, cuenta con la colaboraci\u00f3n de un nutrido grupo de colaboradores tanto de Espa\u00f1a como de\u00a0Latinoam\u00e9rica.<\/p>\t\t\t\t\t\t\t\t<\/div>\n\t\t\t\t<\/div>\n\t\t\t\t\t<\/div>\n\t\t\t\t<\/div>\n\t\t\t\t<\/div>\n\t\t","protected":false},"excerpt":{"rendered":"<p><strong>Autores:<\/strong>\u00a0Miguel \u00c1ngel Mart\u00ednez Gonz\u00e1lez<br \/>\n<strong>ISBN:<\/strong>\u00a09788413823003<br \/>\n<strong>Editorial:<\/strong>\u00a0Elsevier<br \/>\n<strong>Edici\u00f3n:<\/strong>\u00a03\u00aa<br \/>\n<strong>Especialidad<\/strong>: Salud P\u00fablica<br \/>\n<strong>P\u00e1ginas<\/strong>: 476<br \/>\n\u00a9 2023<\/p>\n","protected":false},"featured_media":11178,"comment_status":"open","ping_status":"open","template":"","meta":{"_joinchat":[]},"product_cat":[193],"product_tag":[85,194],"class_list":{"0":"post-11177","1":"product","2":"type-product","3":"status-publish","4":"has-post-thumbnail","6":"product_cat-salud-publica","7":"product_tag-elsevier","8":"product_tag-salud-publica","10":"first","11":"instock","12":"featured","13":"taxable","14":"shipping-taxable","15":"purchasable","16":"product-type-simple"},"_links":{"self":[{"href":"https:\/\/edimeinter.com\/libreria\/wp-json\/wp\/v2\/product\/11177","targetHints":{"allow":["GET"]}}],"collection":[{"href":"https:\/\/edimeinter.com\/libreria\/wp-json\/wp\/v2\/product"}],"about":[{"href":"https:\/\/edimeinter.com\/libreria\/wp-json\/wp\/v2\/types\/product"}],"replies":[{"embeddable":true,"href":"https:\/\/edimeinter.com\/libreria\/wp-json\/wp\/v2\/comments?post=11177"}],"version-history":[{"count":1,"href":"https:\/\/edimeinter.com\/libreria\/wp-json\/wp\/v2\/product\/11177\/revisions"}],"predecessor-version":[{"id":15094,"href":"https:\/\/edimeinter.com\/libreria\/wp-json\/wp\/v2\/product\/11177\/revisions\/15094"}],"wp:featuredmedia":[{"embeddable":true,"href":"https:\/\/edimeinter.com\/libreria\/wp-json\/wp\/v2\/media\/11178"}],"wp:attachment":[{"href":"https:\/\/edimeinter.com\/libreria\/wp-json\/wp\/v2\/media?parent=11177"}],"wp:term":[{"taxonomy":"product_cat","embeddable":true,"href":"https:\/\/edimeinter.com\/libreria\/wp-json\/wp\/v2\/product_cat?post=11177"},{"taxonomy":"product_tag","embeddable":true,"href":"https:\/\/edimeinter.com\/libreria\/wp-json\/wp\/v2\/product_tag?post=11177"}],"curies":[{"name":"wp","href":"https:\/\/api.w.org\/{rel}","templated":true}]}}