{"id":11406,"date":"2025-02-07T21:49:17","date_gmt":"2025-02-07T21:49:17","guid":{"rendered":"https:\/\/edimeinter.com\/libreria\/?post_type=product&#038;p=11406"},"modified":"2025-03-03T17:14:08","modified_gmt":"2025-03-03T17:14:08","slug":"el-abc-de-la-cirugia-laparoscopica-1a-edicion","status":"publish","type":"product","link":"https:\/\/edimeinter.com\/libreria\/product\/el-abc-de-la-cirugia-laparoscopica-1a-edicion\/","title":{"rendered":"El ABC de la Cirug\u00eda Laparosc\u00f3pica. 1\u00aa Edici\u00f3n"},"content":{"rendered":"\t\t<div data-elementor-type=\"wp-post\" data-elementor-id=\"11406\" class=\"elementor elementor-11406\">\n\t\t\t\t<div class=\"elementor-element elementor-element-2612b12 e-flex e-con-boxed e-con e-parent\" data-id=\"2612b12\" data-element_type=\"container\" data-e-type=\"container\">\n\t\t\t\t\t<div class=\"e-con-inner\">\n\t\t\n\t\t<div class=\"elementor-element elementor-element-498707ae elementor-widget elementor-widget-text-editor\" data-id=\"498707ae\" data-element_type=\"widget\" data-e-type=\"widget\" data-widget_type=\"text-editor.default\">\n\t\t\t\t<div class=\"elementor-widget-container\">\n\t\t\t\t\t\t\t\t\t<p>La Cirug\u00eda Laparosc\u00f3pica se ha convertido en la t\u00e9cnica est\u00e1ndar para tratar la gran mayor\u00eda de las patolog\u00edas abdominales y ginecol\u00f3gicas. En este libro, los autores demuestran las t\u00e9cnicas y resultados de alto nivel obtenidos con la cirug\u00eda laparosc\u00f3pica, la selecci\u00f3n adecuada del paciente y las recomendaciones del tratamiento m\u00e1s adecuado para tratar la patolog\u00eda de turno. Es una obra de referencia para conocer los principios de la cirug\u00eda laparosc\u00f3pica y familiarizar a los profesionales que ya utilizan la laparoscopia con procedimientos e instrumentos recientemente desarrollados.<\/p>\t\t\t\t\t\t\t\t<\/div>\n\t\t\t\t<\/div>\n\t\t\t\t\t<\/div>\n\t\t\t\t<\/div>\n\t\t\t\t<\/div>\n\t\t","protected":false},"excerpt":{"rendered":"<p><strong>Autores:<\/strong>\u00a0Jorge Alejandro Ortiz de la Pe\u00f1a Rodr\u00edguez,Enrique Ricardo Jean Silver,Mart\u00edn Vega de Jes\u00fas,Antonio Giovanni Spaventa Ibarrola<br \/>\n<strong>ISBN:<\/strong>\u00a09786078546695<br \/>\n<strong>Editorial:<\/strong>\u00a0Panamericana<br \/>\n<strong>Edici\u00f3n:<\/strong>\u00a01\u00aa<br \/>\n<strong>Especialidad<\/strong>: Cirug\u00eda<br \/>\n<strong>P\u00e1ginas<\/strong>: 296<br \/>\n\u00a9 2023<\/p>\n","protected":false},"featured_media":11407,"comment_status":"open","ping_status":"open","template":"","meta":{"_joinchat":[]},"product_cat":[175],"product_tag":[176,70],"class_list":{"0":"post-11406","1":"product","2":"type-product","3":"status-publish","4":"has-post-thumbnail","6":"product_cat-cirugia","7":"product_tag-cirugia","8":"product_tag-panamericana","10":"first","11":"instock","12":"featured","13":"taxable","14":"shipping-taxable","15":"purchasable","16":"product-type-simple"},"_links":{"self":[{"href":"https:\/\/edimeinter.com\/libreria\/wp-json\/wp\/v2\/product\/11406","targetHints":{"allow":["GET"]}}],"collection":[{"href":"https:\/\/edimeinter.com\/libreria\/wp-json\/wp\/v2\/product"}],"about":[{"href":"https:\/\/edimeinter.com\/libreria\/wp-json\/wp\/v2\/types\/product"}],"replies":[{"embeddable":true,"href":"https:\/\/edimeinter.com\/libreria\/wp-json\/wp\/v2\/comments?post=11406"}],"version-history":[{"count":2,"href":"https:\/\/edimeinter.com\/libreria\/wp-json\/wp\/v2\/product\/11406\/revisions"}],"predecessor-version":[{"id":15108,"href":"https:\/\/edimeinter.com\/libreria\/wp-json\/wp\/v2\/product\/11406\/revisions\/15108"}],"wp:featuredmedia":[{"embeddable":true,"href":"https:\/\/edimeinter.com\/libreria\/wp-json\/wp\/v2\/media\/11407"}],"wp:attachment":[{"href":"https:\/\/edimeinter.com\/libreria\/wp-json\/wp\/v2\/media?parent=11406"}],"wp:term":[{"taxonomy":"product_cat","embeddable":true,"href":"https:\/\/edimeinter.com\/libreria\/wp-json\/wp\/v2\/product_cat?post=11406"},{"taxonomy":"product_tag","embeddable":true,"href":"https:\/\/edimeinter.com\/libreria\/wp-json\/wp\/v2\/product_tag?post=11406"}],"curies":[{"name":"wp","href":"https:\/\/api.w.org\/{rel}","templated":true}]}}