{"id":11450,"date":"2025-02-07T22:17:24","date_gmt":"2025-02-07T22:17:24","guid":{"rendered":"https:\/\/edimeinter.com\/libreria\/?post_type=product&#038;p=11450"},"modified":"2025-12-08T16:28:01","modified_gmt":"2025-12-08T16:28:01","slug":"nutriologia-medica-5a-edicion","status":"publish","type":"product","link":"https:\/\/edimeinter.com\/libreria\/product\/nutriologia-medica-5a-edicion\/","title":{"rendered":"Nutriolog\u00eda M\u00e9dica. 5\u00aa Edici\u00f3n"},"content":{"rendered":"\t\t<div data-elementor-type=\"wp-post\" data-elementor-id=\"11450\" class=\"elementor elementor-11450\">\n\t\t\t\t<div class=\"elementor-element elementor-element-2612b12 e-flex e-con-boxed e-con e-parent\" data-id=\"2612b12\" data-element_type=\"container\" data-e-type=\"container\">\n\t\t\t\t\t<div class=\"e-con-inner\">\n\t\t\n\t\t<div class=\"elementor-element elementor-element-498707ae elementor-widget elementor-widget-text-editor\" data-id=\"498707ae\" data-element_type=\"widget\" data-e-type=\"widget\" data-widget_type=\"text-editor.default\">\n\t\t\t\t<div class=\"elementor-widget-container\">\n\t\t\t\t\t\t\t\t\t<p>Un cl\u00e1sico de la Nutriolog\u00eda mexicana que integra aspectos nutricios y m\u00e9dicos de los principales temas de inter\u00e9s en la materia, con un enfoque de curso y estilo de vida.<\/p><p>Con el objetivo primordial de acompa\u00f1ar la ense\u00f1anza en nutriolog\u00eda de los profesionales de la salud, es un libro de texto que desde sus inicios ha sido una reconocida herramienta de aprendizaje de varias generaciones, con m\u00e1s de 45000 ejemplares vendidos en M\u00e9xico y Latinoam\u00e9rica.<\/p><p>Es un libro utilizado y reconocido por estudiantes y profesionales de la salud de medicina y nutriolog\u00eda que ha favorecido la ense\u00f1anza de la nutriolog\u00eda en M\u00e9xico. Los autores, la mayor\u00eda en una dupla nutri\u00f3loga\/ m\u00e9dico, ofrecen al lector una visi\u00f3n interdisciplinaria en el cuidado de la nutrici\u00f3n y alimentaci\u00f3n del paciente.<\/p><p>En t\u00e9rminos de originalidad, es una obra \u00fanica por abordar los fen\u00f3menos de la nutrici\u00f3n y la alimentaci\u00f3n desde su m\u00e1s amplio sentido con un enfoque de curso y estilo de vida, integrando en esta \u00faltima edici\u00f3n, el modelo del Proceso de Atenci\u00f3n Nutricia y casos cl\u00ednicos complementarios.<\/p>\t\t\t\t\t\t\t\t<\/div>\n\t\t\t\t<\/div>\n\t\t\t\t\t<\/div>\n\t\t\t\t<\/div>\n\t\t\t\t<\/div>\n\t\t","protected":false},"excerpt":{"rendered":"<p><strong>Autores:<\/strong>\u00a0Martha Kaufer-Horwitz,Ana Bertha P\u00e9rez-Lizaur,Victoria Eugenia Ramos Barrag\u00e1n,Luis Miguel Guti\u00e9rrez Robledo<br \/>\n<strong>ISBN:<\/strong>\u00a09786078546787<br \/>\n<strong>Editorial:<\/strong>\u00a0Panamericana<br \/>\n<strong>Edici\u00f3n:<\/strong>\u00a05\u00aa<br \/>\n<strong>Especialidad<\/strong>: Nutrici\u00f3n y Dietoterapia<br \/>\n<strong>P\u00e1ginas<\/strong>: 1076<br \/>\n\u00a9 2023<\/p>\n","protected":false},"featured_media":11451,"comment_status":"open","ping_status":"closed","template":"","meta":{"_joinchat":[]},"product_cat":[106],"product_tag":[107,70],"class_list":{"0":"post-11450","1":"product","2":"type-product","3":"status-publish","4":"has-post-thumbnail","6":"product_cat-nutricion-y-dietoterapia","7":"product_tag-nutricion-y-dietoterapia","8":"product_tag-panamericana","10":"first","11":"instock","12":"featured","13":"taxable","14":"shipping-taxable","15":"purchasable","16":"product-type-simple"},"_links":{"self":[{"href":"https:\/\/edimeinter.com\/libreria\/wp-json\/wp\/v2\/product\/11450","targetHints":{"allow":["GET"]}}],"collection":[{"href":"https:\/\/edimeinter.com\/libreria\/wp-json\/wp\/v2\/product"}],"about":[{"href":"https:\/\/edimeinter.com\/libreria\/wp-json\/wp\/v2\/types\/product"}],"replies":[{"embeddable":true,"href":"https:\/\/edimeinter.com\/libreria\/wp-json\/wp\/v2\/comments?post=11450"}],"version-history":[{"count":1,"href":"https:\/\/edimeinter.com\/libreria\/wp-json\/wp\/v2\/product\/11450\/revisions"}],"predecessor-version":[{"id":15150,"href":"https:\/\/edimeinter.com\/libreria\/wp-json\/wp\/v2\/product\/11450\/revisions\/15150"}],"wp:featuredmedia":[{"embeddable":true,"href":"https:\/\/edimeinter.com\/libreria\/wp-json\/wp\/v2\/media\/11451"}],"wp:attachment":[{"href":"https:\/\/edimeinter.com\/libreria\/wp-json\/wp\/v2\/media?parent=11450"}],"wp:term":[{"taxonomy":"product_cat","embeddable":true,"href":"https:\/\/edimeinter.com\/libreria\/wp-json\/wp\/v2\/product_cat?post=11450"},{"taxonomy":"product_tag","embeddable":true,"href":"https:\/\/edimeinter.com\/libreria\/wp-json\/wp\/v2\/product_tag?post=11450"}],"curies":[{"name":"wp","href":"https:\/\/api.w.org\/{rel}","templated":true}]}}