{"id":11590,"date":"2025-02-08T19:33:10","date_gmt":"2025-02-08T19:33:10","guid":{"rendered":"https:\/\/edimeinter.com\/libreria\/?post_type=product&#038;p=11590"},"modified":"2025-03-03T21:31:34","modified_gmt":"2025-03-03T21:31:34","slug":"psicologia-social-1a-edicion","status":"publish","type":"product","link":"https:\/\/edimeinter.com\/libreria\/product\/psicologia-social-1a-edicion\/","title":{"rendered":"Psicolog\u00eda Social. 1\u00aa Edici\u00f3n"},"content":{"rendered":"\t\t<div data-elementor-type=\"wp-post\" data-elementor-id=\"11590\" class=\"elementor elementor-11590\">\n\t\t\t\t<div class=\"elementor-element elementor-element-2612b12 e-flex e-con-boxed e-con e-parent\" data-id=\"2612b12\" data-element_type=\"container\" data-e-type=\"container\">\n\t\t\t\t\t<div class=\"e-con-inner\">\n\t\t\n\t\t<div class=\"elementor-element elementor-element-498707ae elementor-widget elementor-widget-text-editor\" data-id=\"498707ae\" data-element_type=\"widget\" data-e-type=\"widget\" data-widget_type=\"text-editor.default\">\n\t\t\t\t<div class=\"elementor-widget-container\">\n\t\t\t\t\t\t\t\t\t<p>La psicolog\u00eda social aplicada trata de dar soluci\u00f3n a problemas sociales que est\u00e1n arraigados en el comportamiento humano. El objetivo de esta obra es ofrecer e ilustrar c\u00f3mo las teor\u00edas psicosociales, los m\u00e9todos de investigaci\u00f3n y las t\u00e9cnicas de intervenci\u00f3n pueden aplicarse para resolver problemas sociales. Adem\u00e1s, a diferencia de otras publicaciones de esta tem\u00e1tica que recogen investigaciones del mundo anglosaj\u00f3n, esta obra est\u00e1 pensada y escrita por autores hispanoparlantes, principalmente de Espa\u00f1a y Am\u00e9rica Latina, con contenidos espec\u00edficos de investigaci\u00f3n y ejemplos aplicados de estos entornos.<\/p>\t\t\t\t\t\t\t\t<\/div>\n\t\t\t\t<\/div>\n\t\t\t\t\t<\/div>\n\t\t\t\t<\/div>\n\t\t\t\t<\/div>\n\t\t","protected":false},"excerpt":{"rendered":"<p><strong>Autores:<\/strong>\u00a0Miguel Carlos Moya Morales,Inmaculada Valor Segura,Abraham Pieter Buunk<br \/>\n<strong>ISBN:<\/strong>\u00a09788491108238<br \/>\n<strong>Editorial:<\/strong>\u00a0Panamericana<br \/>\n<strong>Edici\u00f3n:<\/strong>\u00a01\u00aa<br \/>\n<strong>Especialidad<\/strong>: Psicolog\u00eda<br \/>\n<strong>P\u00e1ginas<\/strong>: 332<br \/>\n\u00a9 2022<\/p>\n","protected":false},"featured_media":11591,"comment_status":"open","ping_status":"open","template":"","meta":{"_joinchat":[]},"product_cat":[88],"product_tag":[70,89],"class_list":{"0":"post-11590","1":"product","2":"type-product","3":"status-publish","4":"has-post-thumbnail","6":"product_cat-psicologia","7":"product_tag-panamericana","8":"product_tag-psicologia","10":"first","11":"instock","12":"featured","13":"taxable","14":"shipping-taxable","15":"purchasable","16":"product-type-simple"},"_links":{"self":[{"href":"https:\/\/edimeinter.com\/libreria\/wp-json\/wp\/v2\/product\/11590","targetHints":{"allow":["GET"]}}],"collection":[{"href":"https:\/\/edimeinter.com\/libreria\/wp-json\/wp\/v2\/product"}],"about":[{"href":"https:\/\/edimeinter.com\/libreria\/wp-json\/wp\/v2\/types\/product"}],"replies":[{"embeddable":true,"href":"https:\/\/edimeinter.com\/libreria\/wp-json\/wp\/v2\/comments?post=11590"}],"version-history":[{"count":1,"href":"https:\/\/edimeinter.com\/libreria\/wp-json\/wp\/v2\/product\/11590\/revisions"}],"predecessor-version":[{"id":15228,"href":"https:\/\/edimeinter.com\/libreria\/wp-json\/wp\/v2\/product\/11590\/revisions\/15228"}],"wp:featuredmedia":[{"embeddable":true,"href":"https:\/\/edimeinter.com\/libreria\/wp-json\/wp\/v2\/media\/11591"}],"wp:attachment":[{"href":"https:\/\/edimeinter.com\/libreria\/wp-json\/wp\/v2\/media?parent=11590"}],"wp:term":[{"taxonomy":"product_cat","embeddable":true,"href":"https:\/\/edimeinter.com\/libreria\/wp-json\/wp\/v2\/product_cat?post=11590"},{"taxonomy":"product_tag","embeddable":true,"href":"https:\/\/edimeinter.com\/libreria\/wp-json\/wp\/v2\/product_tag?post=11590"}],"curies":[{"name":"wp","href":"https:\/\/api.w.org\/{rel}","templated":true}]}}