{"id":11664,"date":"2025-02-08T21:07:09","date_gmt":"2025-02-08T21:07:09","guid":{"rendered":"https:\/\/edimeinter.com\/libreria\/?post_type=product&#038;p=11664"},"modified":"2025-03-03T21:59:12","modified_gmt":"2025-03-03T21:59:12","slug":"manual-de-medicina-familiar-y-comunitaria-1a-edicion","status":"publish","type":"product","link":"https:\/\/edimeinter.com\/libreria\/product\/manual-de-medicina-familiar-y-comunitaria-1a-edicion\/","title":{"rendered":"Manual de Medicina Familiar y Comunitaria. 1\u00aa Edici\u00f3n"},"content":{"rendered":"\t\t<div data-elementor-type=\"wp-post\" data-elementor-id=\"11664\" class=\"elementor elementor-11664\">\n\t\t\t\t<div class=\"elementor-element elementor-element-2612b12 e-flex e-con-boxed e-con e-parent\" data-id=\"2612b12\" data-element_type=\"container\" data-e-type=\"container\">\n\t\t\t\t\t<div class=\"e-con-inner\">\n\t\t\n\t\t<div class=\"elementor-element elementor-element-498707ae elementor-widget elementor-widget-text-editor\" data-id=\"498707ae\" data-element_type=\"widget\" data-e-type=\"widget\" data-widget_type=\"text-editor.default\">\n\t\t\t\t<div class=\"elementor-widget-container\">\n\t\t\t\t\t\t\t\t\t<div role=\"tabpanel\" aria-labelledby=\"ui-id-2\" aria-hidden=\"false\"><div data-style=\"accordion-style\" data-initialindex=\"0\"><p>El objetivo de este manual es introducir a los alumnos del grado en Medicina en los contenidos propios de la especialidad de Medicina Familiar y Comunitaria y en la Atenci\u00f3n Primaria como campo de trabajo, as\u00ed como ayudar a entender la salud de las personas como un fen\u00f3meno inseparable de su vida cotidiana.<\/p><p>La amplitud de los problemas de salud a los que deben hacer frente los especialistas en Medicina Familiar y Comunitaria es muy extensa. Por ello, es importante que los estudiantes de grado dispongan de un manual de consulta con los contenidos imprescindibles de la especialidad que por su alta frecuencia est\u00e1n presentes en la consulta cada d\u00eda o que, por su importancia, son b\u00e1sicos para entender la ubicaci\u00f3n de la medicina de familia en el sistema sanitario.<\/p><\/div><\/div>\t\t\t\t\t\t\t\t<\/div>\n\t\t\t\t<\/div>\n\t\t\t\t\t<\/div>\n\t\t\t\t<\/div>\n\t\t\t\t<\/div>\n\t\t","protected":false},"excerpt":{"rendered":"<p><strong>Autores:<\/strong>\u00a0Antonio Cabrera de Le\u00f3n<br \/>\n<strong>ISBN:<\/strong>\u00a09788491109358<br \/>\n<strong>Editorial:<\/strong>\u00a0Panamericana<br \/>\n<strong>Edici\u00f3n:<\/strong>\u00a01\u00aa<br \/>\n<strong>Especialidad<\/strong>: Medicina Familiar y Comunitaria<br \/>\n<strong>P\u00e1ginas<\/strong>: 456<br \/>\n\u00a9 2022<\/p>\n","protected":false},"featured_media":11665,"comment_status":"open","ping_status":"open","template":"","meta":{"_joinchat":[]},"product_cat":[138],"product_tag":[139,70],"class_list":{"0":"post-11664","1":"product","2":"type-product","3":"status-publish","4":"has-post-thumbnail","6":"product_cat-medicina-familiar-y-comunitaria","7":"product_tag-medicina-familiar-y-comunitaria","8":"product_tag-panamericana","10":"first","11":"instock","12":"featured","13":"taxable","14":"shipping-taxable","15":"purchasable","16":"product-type-simple"},"_links":{"self":[{"href":"https:\/\/edimeinter.com\/libreria\/wp-json\/wp\/v2\/product\/11664","targetHints":{"allow":["GET"]}}],"collection":[{"href":"https:\/\/edimeinter.com\/libreria\/wp-json\/wp\/v2\/product"}],"about":[{"href":"https:\/\/edimeinter.com\/libreria\/wp-json\/wp\/v2\/types\/product"}],"replies":[{"embeddable":true,"href":"https:\/\/edimeinter.com\/libreria\/wp-json\/wp\/v2\/comments?post=11664"}],"version-history":[{"count":1,"href":"https:\/\/edimeinter.com\/libreria\/wp-json\/wp\/v2\/product\/11664\/revisions"}],"predecessor-version":[{"id":15239,"href":"https:\/\/edimeinter.com\/libreria\/wp-json\/wp\/v2\/product\/11664\/revisions\/15239"}],"wp:featuredmedia":[{"embeddable":true,"href":"https:\/\/edimeinter.com\/libreria\/wp-json\/wp\/v2\/media\/11665"}],"wp:attachment":[{"href":"https:\/\/edimeinter.com\/libreria\/wp-json\/wp\/v2\/media?parent=11664"}],"wp:term":[{"taxonomy":"product_cat","embeddable":true,"href":"https:\/\/edimeinter.com\/libreria\/wp-json\/wp\/v2\/product_cat?post=11664"},{"taxonomy":"product_tag","embeddable":true,"href":"https:\/\/edimeinter.com\/libreria\/wp-json\/wp\/v2\/product_tag?post=11664"}],"curies":[{"name":"wp","href":"https:\/\/api.w.org\/{rel}","templated":true}]}}