{"id":11858,"date":"2025-02-10T15:49:09","date_gmt":"2025-02-10T15:49:09","guid":{"rendered":"https:\/\/edimeinter.com\/libreria\/?post_type=product&#038;p=11858"},"modified":"2025-03-03T23:35:49","modified_gmt":"2025-03-03T23:35:49","slug":"tratado-de-radiologia-de-urgencias-1a-edicion","status":"publish","type":"product","link":"https:\/\/edimeinter.com\/libreria\/product\/tratado-de-radiologia-de-urgencias-1a-edicion\/","title":{"rendered":"Tratado de Radiolog\u00eda de Urgencias 1\u00aa Edici\u00f3n"},"content":{"rendered":"\t\t<div data-elementor-type=\"wp-post\" data-elementor-id=\"11858\" class=\"elementor elementor-11858\">\n\t\t\t\t<div class=\"elementor-element elementor-element-2612b12 e-flex e-con-boxed e-con e-parent\" data-id=\"2612b12\" data-element_type=\"container\" data-e-type=\"container\">\n\t\t\t\t\t<div class=\"e-con-inner\">\n\t\t\n\t\t<div class=\"elementor-element elementor-element-498707ae elementor-widget elementor-widget-text-editor\" data-id=\"498707ae\" data-element_type=\"widget\" data-e-type=\"widget\" data-widget_type=\"text-editor.default\">\n\t\t\t\t<div class=\"elementor-widget-container\">\n\t\t\t\t\t\t\t\t\t<div role=\"tabpanel\" aria-labelledby=\"ui-id-2\" aria-hidden=\"false\"><div data-style=\"accordion-style\" data-initialindex=\"0\"><p>La Radiolog\u00eda de Urgencias es una nueva \u00e1rea de conocimiento y dedicaci\u00f3n espec\u00edfica que, en los \u00faltimos a\u00f1os, ha experimentado un desarrollo exponencial. En la actualidad constituye una parte muy importante de la actividad de la mayor\u00eda de los radi\u00f3logos, ya que las guardias suelen formar parte de su actividad asistencial.<\/p><p>La aportaci\u00f3n de la radiolog\u00eda es clave en el proceso asistencial global, pero es especialmente relevante en las urgencias donde el nivel de incertidumbre para el cl\u00ednico es m\u00e1s elevado y donde se han de tomar decisiones, muchas de ellas vitales, con la ayuda del radi\u00f3logo, y que tienen repercusi\u00f3n no solo inmediata sino tambi\u00e9n a largo plazo, por sus secuelas o complicaciones.<\/p><\/div><\/div>\t\t\t\t\t\t\t\t<\/div>\n\t\t\t\t<\/div>\n\t\t\t\t\t<\/div>\n\t\t\t\t<\/div>\n\t\t\t\t<\/div>\n\t\t","protected":false},"excerpt":{"rendered":"<p><strong>Autores:<\/strong>\u00a0SERAU \u2013 Sociedad Espa\u00f1ola de Radiolog\u00eda de Urgencias,Milagros Mart\u00ed de Gracia,Agustina Vicente B\u00e1rtulos<br \/>\n<strong>ISBN:<\/strong>\u00a09788491106968<br \/>\n<strong>Editorial:<\/strong>\u00a0Panamericana<br \/>\n<strong>Edici\u00f3n:<\/strong>\u00a01\u00aa<br \/>\n<strong>Especialidad<\/strong>: Diagn\u00f3stico por Im\u00e1genes<br \/>\n<strong>P\u00e1ginas:\u00a0<\/strong>536<br \/>\n\u00a9 2022<\/p>\n","protected":false},"featured_media":11859,"comment_status":"open","ping_status":"open","template":"","meta":{"_joinchat":[]},"product_cat":[80],"product_tag":[81,70],"class_list":{"0":"post-11858","1":"product","2":"type-product","3":"status-publish","4":"has-post-thumbnail","6":"product_cat-diagnostico-por-imagenes","7":"product_tag-diagnostico-por-imagenes","8":"product_tag-panamericana","10":"first","11":"instock","12":"featured","13":"taxable","14":"shipping-taxable","15":"purchasable","16":"product-type-simple"},"_links":{"self":[{"href":"https:\/\/edimeinter.com\/libreria\/wp-json\/wp\/v2\/product\/11858","targetHints":{"allow":["GET"]}}],"collection":[{"href":"https:\/\/edimeinter.com\/libreria\/wp-json\/wp\/v2\/product"}],"about":[{"href":"https:\/\/edimeinter.com\/libreria\/wp-json\/wp\/v2\/types\/product"}],"replies":[{"embeddable":true,"href":"https:\/\/edimeinter.com\/libreria\/wp-json\/wp\/v2\/comments?post=11858"}],"version-history":[{"count":1,"href":"https:\/\/edimeinter.com\/libreria\/wp-json\/wp\/v2\/product\/11858\/revisions"}],"predecessor-version":[{"id":15274,"href":"https:\/\/edimeinter.com\/libreria\/wp-json\/wp\/v2\/product\/11858\/revisions\/15274"}],"wp:featuredmedia":[{"embeddable":true,"href":"https:\/\/edimeinter.com\/libreria\/wp-json\/wp\/v2\/media\/11859"}],"wp:attachment":[{"href":"https:\/\/edimeinter.com\/libreria\/wp-json\/wp\/v2\/media?parent=11858"}],"wp:term":[{"taxonomy":"product_cat","embeddable":true,"href":"https:\/\/edimeinter.com\/libreria\/wp-json\/wp\/v2\/product_cat?post=11858"},{"taxonomy":"product_tag","embeddable":true,"href":"https:\/\/edimeinter.com\/libreria\/wp-json\/wp\/v2\/product_tag?post=11858"}],"curies":[{"name":"wp","href":"https:\/\/api.w.org\/{rel}","templated":true}]}}