{"id":11864,"date":"2025-02-10T16:07:47","date_gmt":"2025-02-10T16:07:47","guid":{"rendered":"https:\/\/edimeinter.com\/libreria\/?post_type=product&#038;p=11864"},"modified":"2025-03-03T23:36:40","modified_gmt":"2025-03-03T23:36:40","slug":"radiologia-de-la-mama-1a-edicion","status":"publish","type":"product","link":"https:\/\/edimeinter.com\/libreria\/product\/radiologia-de-la-mama-1a-edicion\/","title":{"rendered":"Radiolog\u00eda de la Mama. 1\u00aa Edici\u00f3n"},"content":{"rendered":"\t\t<div data-elementor-type=\"wp-post\" data-elementor-id=\"11864\" class=\"elementor elementor-11864\">\n\t\t\t\t<div class=\"elementor-element elementor-element-2612b12 e-flex e-con-boxed e-con e-parent\" data-id=\"2612b12\" data-element_type=\"container\" data-e-type=\"container\">\n\t\t\t\t\t<div class=\"e-con-inner\">\n\t\t\n\t\t<div class=\"elementor-element elementor-element-498707ae elementor-widget elementor-widget-text-editor\" data-id=\"498707ae\" data-element_type=\"widget\" data-e-type=\"widget\" data-widget_type=\"text-editor.default\">\n\t\t\t\t<div class=\"elementor-widget-container\">\n\t\t\t\t\t\t\t\t\t<div role=\"tabpanel\" aria-labelledby=\"ui-id-2\" aria-hidden=\"false\"><div data-style=\"accordion-style\" data-initialindex=\"0\"><p>El abordaje radiol\u00f3gico de la patolog\u00eda mamaria comprende un amplio escenario de procesos asistenciales y cuadros cl\u00ednicos, complejos y en continua evoluci\u00f3n, que precisan de atenci\u00f3n especializada actualizada.<\/p><p>Esta obra, elaborada por radi\u00f3logos expertos referentes a nivel nacional e internacional en el mundo de la radiolog\u00eda mamaria, surge con una doble vocaci\u00f3n: por un lado, complementar la formaci\u00f3n del m\u00e9dico interno residente en Radiodiagn\u00f3stico durante los meses de estancia en el \u00e1rea de la mama y, por otro, servir de referencia para que el m\u00e9dico especialista adquiera todo el contenido formativo y desarrolle las competencias necesarias para el correcto tratamiento de la patolog\u00eda mamaria.<\/p><\/div><\/div>\t\t\t\t\t\t\t\t<\/div>\n\t\t\t\t<\/div>\n\t\t\t\t\t<\/div>\n\t\t\t\t<\/div>\n\t\t\t\t<\/div>\n\t\t","protected":false},"excerpt":{"rendered":"<p><strong>Autores:<\/strong>\u00a0SEDIM Sociedad Espa\u00f1ola de Diagn\u00f3stico por Imagen de la Mama,Mar\u00eda Mart\u00ednez G\u00e1lvez,Pilar Alonso Bartolom\u00e9,Silvia P\u00e9rez Rodrigo,Gema D\u00edaz C\u00f3rdoba,Elizabeth Sanabria Gualdi<br \/>\n<strong>ISBN:<\/strong>\u00a09788491105534<br \/>\n<strong>Editorial:<\/strong>\u00a0Panamericana<br \/>\n<strong>Edici\u00f3n:<\/strong>\u00a01\u00aa<br \/>\n<strong>Especialidad<\/strong>: Diagn\u00f3stico por Im\u00e1genes<br \/>\n<strong>P\u00e1ginas:\u00a0<\/strong>526<br \/>\n\u00a9 2022<\/p>\n","protected":false},"featured_media":11865,"comment_status":"open","ping_status":"open","template":"","meta":{"_joinchat":[]},"product_cat":[80],"product_tag":[81,70],"class_list":{"0":"post-11864","1":"product","2":"type-product","3":"status-publish","4":"has-post-thumbnail","6":"product_cat-diagnostico-por-imagenes","7":"product_tag-diagnostico-por-imagenes","8":"product_tag-panamericana","10":"first","11":"instock","12":"featured","13":"taxable","14":"shipping-taxable","15":"purchasable","16":"product-type-simple"},"_links":{"self":[{"href":"https:\/\/edimeinter.com\/libreria\/wp-json\/wp\/v2\/product\/11864","targetHints":{"allow":["GET"]}}],"collection":[{"href":"https:\/\/edimeinter.com\/libreria\/wp-json\/wp\/v2\/product"}],"about":[{"href":"https:\/\/edimeinter.com\/libreria\/wp-json\/wp\/v2\/types\/product"}],"replies":[{"embeddable":true,"href":"https:\/\/edimeinter.com\/libreria\/wp-json\/wp\/v2\/comments?post=11864"}],"version-history":[{"count":1,"href":"https:\/\/edimeinter.com\/libreria\/wp-json\/wp\/v2\/product\/11864\/revisions"}],"predecessor-version":[{"id":15275,"href":"https:\/\/edimeinter.com\/libreria\/wp-json\/wp\/v2\/product\/11864\/revisions\/15275"}],"wp:featuredmedia":[{"embeddable":true,"href":"https:\/\/edimeinter.com\/libreria\/wp-json\/wp\/v2\/media\/11865"}],"wp:attachment":[{"href":"https:\/\/edimeinter.com\/libreria\/wp-json\/wp\/v2\/media?parent=11864"}],"wp:term":[{"taxonomy":"product_cat","embeddable":true,"href":"https:\/\/edimeinter.com\/libreria\/wp-json\/wp\/v2\/product_cat?post=11864"},{"taxonomy":"product_tag","embeddable":true,"href":"https:\/\/edimeinter.com\/libreria\/wp-json\/wp\/v2\/product_tag?post=11864"}],"curies":[{"name":"wp","href":"https:\/\/api.w.org\/{rel}","templated":true}]}}