{"id":11903,"date":"2025-02-10T16:30:29","date_gmt":"2025-02-10T16:30:29","guid":{"rendered":"https:\/\/edimeinter.com\/libreria\/?post_type=product&#038;p=11903"},"modified":"2025-03-04T00:42:44","modified_gmt":"2025-03-04T00:42:44","slug":"instrumentacion-quirurgica-en-cirugia-laparoscopica-percutanea-y-endoscopica-1a-edicion","status":"publish","type":"product","link":"https:\/\/edimeinter.com\/libreria\/product\/instrumentacion-quirurgica-en-cirugia-laparoscopica-percutanea-y-endoscopica-1a-edicion\/","title":{"rendered":"Instrumentaci\u00f3n Quir\u00fargica en Cirug\u00eda Laparosc\u00f3pica, Percut\u00e1nea y Endosc\u00f3pica. 1\u00aa Edici\u00f3n"},"content":{"rendered":"\t\t<div data-elementor-type=\"wp-post\" data-elementor-id=\"11903\" class=\"elementor elementor-11903\">\n\t\t\t\t<div class=\"elementor-element elementor-element-2612b12 e-flex e-con-boxed e-con e-parent\" data-id=\"2612b12\" data-element_type=\"container\" data-e-type=\"container\">\n\t\t\t\t\t<div class=\"e-con-inner\">\n\t\t\n\t\t<div class=\"elementor-element elementor-element-498707ae elementor-widget elementor-widget-text-editor\" data-id=\"498707ae\" data-element_type=\"widget\" data-e-type=\"widget\" data-widget_type=\"text-editor.default\">\n\t\t\t\t<div class=\"elementor-widget-container\">\n\t\t\t\t\t\t\t\t\t<div role=\"tabpanel\" aria-labelledby=\"ui-id-2\" aria-hidden=\"false\"><div data-style=\"accordion-style\" data-initialindex=\"0\"><p>El constante progreso de la tecnolog\u00eda m\u00e9dica y el avance en t\u00e9cnicas quir\u00fargicas, en las que se realizan incisiones cada vez m\u00e1s peque\u00f1as, permiten hoy procedimientos con una pronta recuperaci\u00f3n, con menos dolor y mejores resultados cosm\u00e9ticos. La Cirug\u00eda M\u00ednimamente Invasiva constituye, en la actualidad, el abordaje quir\u00fargico de elecci\u00f3n en numerosas patolog\u00edas de las cavidades tor\u00e1cica y abdominal. El conocimiento tanto del instrumental necesario para llevar a cabo las diferentes t\u00e9cnicas como de las estrategias a desarrollar constituyen los pilares b\u00e1sicos para la obtenci\u00f3n de resultados cl\u00ednicos de excelencia.<\/p><div class=\"sectionBody descripcion }\"><p>Instrumentaci\u00f3n Quir\u00fargica en Cirug\u00eda Laparosc\u00f3pica, Percut\u00e1nea y Endosc\u00f3pica. Fundamentos y gu\u00eda pr\u00e1ctica aborda las t\u00e9cnicas quir\u00fargicas y endosc\u00f3picas de m\u00ednima agresi\u00f3n para las diferentes afecciones de las cavidades tor\u00e1cica y abdominal.<\/p><\/div><\/div><\/div>\t\t\t\t\t\t\t\t<\/div>\n\t\t\t\t<\/div>\n\t\t\t\t\t<\/div>\n\t\t\t\t<\/div>\n\t\t\t\t<\/div>\n\t\t","protected":false},"excerpt":{"rendered":"<p><strong>Autores:<\/strong>\u00a0Esteban Mart\u00ednez<br \/>\n<strong>ISBN:<\/strong>\u00a09789500696715<br \/>\n<strong>Editorial:<\/strong>\u00a0Panamericana<br \/>\n<strong>Edici\u00f3n:<\/strong>\u00a01\u00aa<br \/>\n<strong>Especialidad<\/strong>: Instrumentaci\u00f3n Quir\u00fargica<br \/>\n<strong>P\u00e1ginas:\u00a0<\/strong>380<br \/>\n\u00a9 2022<\/p>\n","protected":false},"featured_media":11904,"comment_status":"open","ping_status":"open","template":"","meta":{"_joinchat":[]},"product_cat":[213],"product_tag":[214,70],"class_list":{"0":"post-11903","1":"product","2":"type-product","3":"status-publish","4":"has-post-thumbnail","6":"product_cat-instrumentacion-quirurgica","7":"product_tag-instrumentacion-quirurgica","8":"product_tag-panamericana","10":"first","11":"instock","12":"featured","13":"taxable","14":"shipping-taxable","15":"purchasable","16":"product-type-simple"},"_links":{"self":[{"href":"https:\/\/edimeinter.com\/libreria\/wp-json\/wp\/v2\/product\/11903","targetHints":{"allow":["GET"]}}],"collection":[{"href":"https:\/\/edimeinter.com\/libreria\/wp-json\/wp\/v2\/product"}],"about":[{"href":"https:\/\/edimeinter.com\/libreria\/wp-json\/wp\/v2\/types\/product"}],"replies":[{"embeddable":true,"href":"https:\/\/edimeinter.com\/libreria\/wp-json\/wp\/v2\/comments?post=11903"}],"version-history":[{"count":2,"href":"https:\/\/edimeinter.com\/libreria\/wp-json\/wp\/v2\/product\/11903\/revisions"}],"predecessor-version":[{"id":15284,"href":"https:\/\/edimeinter.com\/libreria\/wp-json\/wp\/v2\/product\/11903\/revisions\/15284"}],"wp:featuredmedia":[{"embeddable":true,"href":"https:\/\/edimeinter.com\/libreria\/wp-json\/wp\/v2\/media\/11904"}],"wp:attachment":[{"href":"https:\/\/edimeinter.com\/libreria\/wp-json\/wp\/v2\/media?parent=11903"}],"wp:term":[{"taxonomy":"product_cat","embeddable":true,"href":"https:\/\/edimeinter.com\/libreria\/wp-json\/wp\/v2\/product_cat?post=11903"},{"taxonomy":"product_tag","embeddable":true,"href":"https:\/\/edimeinter.com\/libreria\/wp-json\/wp\/v2\/product_tag?post=11903"}],"curies":[{"name":"wp","href":"https:\/\/api.w.org\/{rel}","templated":true}]}}