{"id":12082,"date":"2025-02-10T19:54:09","date_gmt":"2025-02-10T19:54:09","guid":{"rendered":"https:\/\/edimeinter.com\/libreria\/?post_type=product&#038;p=12082"},"modified":"2025-03-04T16:10:25","modified_gmt":"2025-03-04T16:10:25","slug":"innovacion-y-virtualidad-en-la-formacion-universitaria-en-ciencias-de-la-salud-1a-edicion","status":"publish","type":"product","link":"https:\/\/edimeinter.com\/libreria\/product\/innovacion-y-virtualidad-en-la-formacion-universitaria-en-ciencias-de-la-salud-1a-edicion\/","title":{"rendered":"Innovaci\u00f3n y Virtualidad en la Formaci\u00f3n Universitaria en Ciencias de La Salud. 1\u00aa Edici\u00f3n"},"content":{"rendered":"\t\t<div data-elementor-type=\"wp-post\" data-elementor-id=\"12082\" class=\"elementor elementor-12082\">\n\t\t\t\t<div class=\"elementor-element elementor-element-2612b12 e-flex e-con-boxed e-con e-parent\" data-id=\"2612b12\" data-element_type=\"container\" data-e-type=\"container\">\n\t\t\t\t\t<div class=\"e-con-inner\">\n\t\t\n\t\t<div class=\"elementor-element elementor-element-498707ae elementor-widget elementor-widget-text-editor\" data-id=\"498707ae\" data-element_type=\"widget\" data-e-type=\"widget\" data-widget_type=\"text-editor.default\">\n\t\t\t\t<div class=\"elementor-widget-container\">\n\t\t\t\t\t\t\t\t\t<div role=\"tabpanel\" aria-labelledby=\"ui-id-2\" aria-hidden=\"false\"><div data-style=\"accordion-style\" data-initialindex=\"0\"><p>Innovaci\u00f3n y Virtualidad en la Formaci\u00f3n Universitaria en Ciencias de la Salud es una obra colectiva que recorre diferentes dimensiones y propuestas sobre las transformaciones y desaf\u00edos educativos de la formaci\u00f3n en salud. Su rasgo colectivo, propio de la \u00e9poca, da cuenta de las formas de producci\u00f3n del conocimiento en las que se entraman la polifon\u00eda de voces, las coautor\u00edas, la escritura en colaboraci\u00f3n y la documentaci\u00f3n de experiencias que se reconstruyen y analizan para inspirar nuevas pr\u00e1cticas. Se nutre as\u00ed de la inteligencia de conjunto y sus contenidos proponen un recorrido complejo de trabajo en red que, desde distintos puntos de vista, sistematiza a\u00f1os de experiencias transformadoras y de pr\u00e1ctica colegiada con propuestas formativas novedosas vinculadas a los recursos inform\u00e1ticos.<\/p><div class=\"sectionBody descripcion }\"><p>Esta construcci\u00f3n de una verdadera \u201cecolog\u00eda\u201d de reformulaci\u00f3n en materia educativa, dentro de un \u201cecosistema\u201d integrado por diferentes l\u00edneas de investigaci\u00f3n, formaci\u00f3n y gesti\u00f3n, permitir\u00e1 a las organizaciones universitarias ampliar los horizontes formativos de los profesionales en Ciencias de la Salud.<\/p><\/div><\/div><\/div>\t\t\t\t\t\t\t\t<\/div>\n\t\t\t\t<\/div>\n\t\t\t\t\t<\/div>\n\t\t\t\t<\/div>\n\t\t\t\t<\/div>\n\t\t","protected":false},"excerpt":{"rendered":"<p><strong>Autores:<\/strong>\u00a0Facultad de Medicina \u2013 Universidad Nacional del Nordeste,Mar\u00eda Graciela Fern\u00e1ndez,Patricia B. Demuth Mercado,Gerardo O. Larroza<br \/>\n<strong>ISBN:<\/strong>\u00a09789500696531<br \/>\n<strong>Editorial:<\/strong>\u00a0Panamericana<br \/>\n<strong>Edici\u00f3n:<\/strong>\u00a01\u00aa<br \/>\n<strong>Especialidad<\/strong>: Educaci\u00f3n M\u00e9dica<br \/>\n<strong>P\u00e1ginas:\u00a0<\/strong>200<br \/>\n\u00a9 2021<\/p>\n","protected":false},"featured_media":12083,"comment_status":"open","ping_status":"open","template":"","meta":{"_joinchat":[]},"product_cat":[160],"product_tag":[161,70],"class_list":{"0":"post-12082","1":"product","2":"type-product","3":"status-publish","4":"has-post-thumbnail","6":"product_cat-educacion-medica","7":"product_tag-educacion-medica","8":"product_tag-panamericana","10":"first","11":"instock","12":"featured","13":"taxable","14":"shipping-taxable","15":"purchasable","16":"product-type-simple"},"_links":{"self":[{"href":"https:\/\/edimeinter.com\/libreria\/wp-json\/wp\/v2\/product\/12082","targetHints":{"allow":["GET"]}}],"collection":[{"href":"https:\/\/edimeinter.com\/libreria\/wp-json\/wp\/v2\/product"}],"about":[{"href":"https:\/\/edimeinter.com\/libreria\/wp-json\/wp\/v2\/types\/product"}],"replies":[{"embeddable":true,"href":"https:\/\/edimeinter.com\/libreria\/wp-json\/wp\/v2\/comments?post=12082"}],"version-history":[{"count":1,"href":"https:\/\/edimeinter.com\/libreria\/wp-json\/wp\/v2\/product\/12082\/revisions"}],"predecessor-version":[{"id":15315,"href":"https:\/\/edimeinter.com\/libreria\/wp-json\/wp\/v2\/product\/12082\/revisions\/15315"}],"wp:featuredmedia":[{"embeddable":true,"href":"https:\/\/edimeinter.com\/libreria\/wp-json\/wp\/v2\/media\/12083"}],"wp:attachment":[{"href":"https:\/\/edimeinter.com\/libreria\/wp-json\/wp\/v2\/media?parent=12082"}],"wp:term":[{"taxonomy":"product_cat","embeddable":true,"href":"https:\/\/edimeinter.com\/libreria\/wp-json\/wp\/v2\/product_cat?post=12082"},{"taxonomy":"product_tag","embeddable":true,"href":"https:\/\/edimeinter.com\/libreria\/wp-json\/wp\/v2\/product_tag?post=12082"}],"curies":[{"name":"wp","href":"https:\/\/api.w.org\/{rel}","templated":true}]}}