{"id":12114,"date":"2025-02-10T20:14:51","date_gmt":"2025-02-10T20:14:51","guid":{"rendered":"https:\/\/edimeinter.com\/libreria\/?post_type=product&#038;p=12114"},"modified":"2025-03-04T16:16:37","modified_gmt":"2025-03-04T16:16:37","slug":"introduccion-a-la-biologia-celular-5a-edicion","status":"publish","type":"product","link":"https:\/\/edimeinter.com\/libreria\/product\/introduccion-a-la-biologia-celular-5a-edicion\/","title":{"rendered":"Introducci\u00f3n a la Biolog\u00eda Celular. 5\u00aa Edici\u00f3n"},"content":{"rendered":"\t\t<div data-elementor-type=\"wp-post\" data-elementor-id=\"12114\" class=\"elementor elementor-12114\">\n\t\t\t\t<div class=\"elementor-element elementor-element-2612b12 e-flex e-con-boxed e-con e-parent\" data-id=\"2612b12\" data-element_type=\"container\" data-e-type=\"container\">\n\t\t\t\t\t<div class=\"e-con-inner\">\n\t\t\n\t\t<div class=\"elementor-element elementor-element-498707ae elementor-widget elementor-widget-text-editor\" data-id=\"498707ae\" data-element_type=\"widget\" data-e-type=\"widget\" data-widget_type=\"text-editor.default\">\n\t\t\t\t<div class=\"elementor-widget-container\">\n\t\t\t\t\t\t\t\t\t<div role=\"tabpanel\" aria-labelledby=\"ui-id-2\" aria-hidden=\"false\"><div data-style=\"accordion-style\" data-initialindex=\"0\"><p>En Introducci\u00f3n a la Biolog\u00eda Celular presentamos a los lectores los fundamentos de la biolog\u00eda celular. La quinta edici\u00f3n introduce nuevas t\u00e9cnicas poderosas que nos permiten examinar las c\u00e9lulas y sus componentes con una precisi\u00f3n sin precedentes \u2013como la microscopia de fluorescencia de superresoluci\u00f3n y la criomicroscopia electr\u00f3nica\u2013, as\u00ed como los \u00faltimos m\u00e9todos de secuenciaci\u00f3n del DNA y edici\u00f3n de genes. Analizamos nuevos pensamientos acerca de c\u00f3mo se organizan las c\u00e9lulas y estimulan las reacciones qu\u00edmicas que hacen posible la vida, y repasamos conocimientos recientes sobre la gen\u00e9tica y los or\u00edgenes del ser humano.<\/p><\/div><\/div>\t\t\t\t\t\t\t\t<\/div>\n\t\t\t\t<\/div>\n\t\t\t\t\t<\/div>\n\t\t\t\t<\/div>\n\t\t\t\t<\/div>\n\t\t","protected":false},"excerpt":{"rendered":"<p><strong>Autores:<\/strong>\u00a0Bruce Alberts,Karel Hopkin,Alexander Johnson,David Morgan,Martin Raff,Keith Roberts,Peter Walter<br \/>\n<strong>ISBN:<\/strong>\u00a09786078546442<br \/>\n<strong>Editorial:<\/strong>\u00a0Panamericana<br \/>\n<strong>Edici\u00f3n:<\/strong>\u00a05\u00aa<br \/>\n<strong>Especialidad<\/strong>:\u00a0Biolog\u00eda Celular<br \/>\n<strong>P\u00e1ginas:\u00a0<\/strong>733<br \/>\n\u00a9 2021<\/p>\n","protected":false},"featured_media":12115,"comment_status":"open","ping_status":"open","template":"","meta":{"_joinchat":[]},"product_cat":[205],"product_tag":[206,70],"class_list":{"0":"post-12114","1":"product","2":"type-product","3":"status-publish","4":"has-post-thumbnail","6":"product_cat-biologia","7":"product_tag-biologia","8":"product_tag-panamericana","10":"first","11":"instock","12":"featured","13":"taxable","14":"shipping-taxable","15":"purchasable","16":"product-type-simple"},"_links":{"self":[{"href":"https:\/\/edimeinter.com\/libreria\/wp-json\/wp\/v2\/product\/12114","targetHints":{"allow":["GET"]}}],"collection":[{"href":"https:\/\/edimeinter.com\/libreria\/wp-json\/wp\/v2\/product"}],"about":[{"href":"https:\/\/edimeinter.com\/libreria\/wp-json\/wp\/v2\/types\/product"}],"replies":[{"embeddable":true,"href":"https:\/\/edimeinter.com\/libreria\/wp-json\/wp\/v2\/comments?post=12114"}],"version-history":[{"count":1,"href":"https:\/\/edimeinter.com\/libreria\/wp-json\/wp\/v2\/product\/12114\/revisions"}],"predecessor-version":[{"id":15320,"href":"https:\/\/edimeinter.com\/libreria\/wp-json\/wp\/v2\/product\/12114\/revisions\/15320"}],"wp:featuredmedia":[{"embeddable":true,"href":"https:\/\/edimeinter.com\/libreria\/wp-json\/wp\/v2\/media\/12115"}],"wp:attachment":[{"href":"https:\/\/edimeinter.com\/libreria\/wp-json\/wp\/v2\/media?parent=12114"}],"wp:term":[{"taxonomy":"product_cat","embeddable":true,"href":"https:\/\/edimeinter.com\/libreria\/wp-json\/wp\/v2\/product_cat?post=12114"},{"taxonomy":"product_tag","embeddable":true,"href":"https:\/\/edimeinter.com\/libreria\/wp-json\/wp\/v2\/product_tag?post=12114"}],"curies":[{"name":"wp","href":"https:\/\/api.w.org\/{rel}","templated":true}]}}