{"id":12132,"date":"2025-02-10T20:37:33","date_gmt":"2025-02-10T20:37:33","guid":{"rendered":"https:\/\/edimeinter.com\/libreria\/?post_type=product&#038;p=12132"},"modified":"2026-04-06T16:42:25","modified_gmt":"2026-04-06T16:42:25","slug":"cardin-manual-didactico-para-la-lectura-de-electrocardiogramas","status":"publish","type":"product","link":"https:\/\/edimeinter.com\/libreria\/product\/cardin-manual-didactico-para-la-lectura-de-electrocardiogramas\/","title":{"rendered":"CARDIN. Manual did\u00e1ctico para la lectura de electrocardiogramas"},"content":{"rendered":"\t\t<div data-elementor-type=\"wp-post\" data-elementor-id=\"12132\" class=\"elementor elementor-12132\">\n\t\t\t\t<div class=\"elementor-element elementor-element-2612b12 e-flex e-con-boxed e-con e-parent\" data-id=\"2612b12\" data-element_type=\"container\" data-e-type=\"container\">\n\t\t\t\t\t<div class=\"e-con-inner\">\n\t\t\n\t\t<div class=\"elementor-element elementor-element-498707ae elementor-widget elementor-widget-text-editor\" data-id=\"498707ae\" data-element_type=\"widget\" data-e-type=\"widget\" data-widget_type=\"text-editor.default\">\n\t\t\t\t<div class=\"elementor-widget-container\">\n\t\t\t\t\t\t\t\t\t<div role=\"tabpanel\" aria-labelledby=\"ui-id-2\" aria-hidden=\"false\"><div data-style=\"accordion-style\" data-initialindex=\"0\"><p>La lectura del electrocardiograma es una de las actividades docentes m\u00e1s solicitadas durante el proceso formativo del grado de Medicina. Adem\u00e1s, est\u00e1 incluida en los planes docentes de los m\u00e9dicos internos residentes ya que estos deben mantenerse siempre actualizados para su ejercicio profesional, pues su conocimiento otorga la seguridad necesaria para el abordaje de pacientes en la pr\u00e1ctica cl\u00ednica diaria.<\/p><p>Este proyecto nace ante las inquietudes y dudas que un estudiante de medicina, Antonio Gonz\u00e1lez Dur\u00e1n, plantea a su profesor de Cardiolog\u00eda, el Dr. Francisco Javier Molano Casimiro. Entre ambos, dise\u00f1an una arquitectura de contenido cuyo objetivo es orientar al estudiante y al profesional sanitario en el aprendizaje de la lectura e interpretaci\u00f3n correcta de electrocardiogramas de la forma m\u00e1s sencilla posible.<\/p><p>La obra ofrece una ense\u00f1anza directa, con un m\u00e9todo f\u00e1cil y conciso de la lectura de electrocardiogramas, d\u00e1ndole un enfoque pedag\u00f3gico ante la laguna existente de manuales atractivos a la hora de enfrentarse a una tarea fundamental para el ejercicio de la medicina en los diferentes \u00e1mbitos asistenciales.<\/p><p>Este m\u00e9todo de aprendizaje est\u00e1 compuesto por algoritmos, reglas mnemot\u00e9cnicas, esquemas, ilustraciones y electrocardiogramas, explicados por un cardi\u00f3logo de manera sencilla para facilitar el camino del lector hasta que sea capaz de interpretar e identificar los diferentes patrones electrocardiogr\u00e1ficos y logre retenerlos para su desarrollo profesional.<\/p><\/div><\/div>\t\t\t\t\t\t\t\t<\/div>\n\t\t\t\t<\/div>\n\t\t\t\t\t<\/div>\n\t\t\t\t<\/div>\n\t\t\t\t<\/div>\n\t\t","protected":false},"excerpt":{"rendered":"<p><strong>Autores:<\/strong>\u00a0Francisco Javier Molano Casimiro, Antonio Gonz\u00e1lez Dur\u00e1n<br \/>\n<strong>ISBN:<\/strong>\u00a09788491107989<br \/>\n<strong>Editorial:<\/strong>\u00a0Panamericana<br \/>\n<strong>Edici\u00f3n:<\/strong>\u00a01\u00aa<br \/>\n<strong>Especialidad<\/strong>: Cardiolog\u00eda<br \/>\n<strong>P\u00e1ginas:\u00a0<\/strong>116<br \/>\n\u00a9 2021<\/p>\n","protected":false},"featured_media":12133,"comment_status":"open","ping_status":"closed","template":"","meta":{"_joinchat":[]},"product_cat":[118],"product_tag":[119,70],"class_list":{"0":"post-12132","1":"product","2":"type-product","3":"status-publish","4":"has-post-thumbnail","6":"product_cat-cardiologia","7":"product_tag-cardiologia","8":"product_tag-panamericana","10":"first","11":"outofstock","12":"featured","13":"taxable","14":"shipping-taxable","15":"purchasable","16":"product-type-simple"},"_links":{"self":[{"href":"https:\/\/edimeinter.com\/libreria\/wp-json\/wp\/v2\/product\/12132","targetHints":{"allow":["GET"]}}],"collection":[{"href":"https:\/\/edimeinter.com\/libreria\/wp-json\/wp\/v2\/product"}],"about":[{"href":"https:\/\/edimeinter.com\/libreria\/wp-json\/wp\/v2\/types\/product"}],"replies":[{"embeddable":true,"href":"https:\/\/edimeinter.com\/libreria\/wp-json\/wp\/v2\/comments?post=12132"}],"version-history":[{"count":2,"href":"https:\/\/edimeinter.com\/libreria\/wp-json\/wp\/v2\/product\/12132\/revisions"}],"predecessor-version":[{"id":15325,"href":"https:\/\/edimeinter.com\/libreria\/wp-json\/wp\/v2\/product\/12132\/revisions\/15325"}],"wp:featuredmedia":[{"embeddable":true,"href":"https:\/\/edimeinter.com\/libreria\/wp-json\/wp\/v2\/media\/12133"}],"wp:attachment":[{"href":"https:\/\/edimeinter.com\/libreria\/wp-json\/wp\/v2\/media?parent=12132"}],"wp:term":[{"taxonomy":"product_cat","embeddable":true,"href":"https:\/\/edimeinter.com\/libreria\/wp-json\/wp\/v2\/product_cat?post=12132"},{"taxonomy":"product_tag","embeddable":true,"href":"https:\/\/edimeinter.com\/libreria\/wp-json\/wp\/v2\/product_tag?post=12132"}],"curies":[{"name":"wp","href":"https:\/\/api.w.org\/{rel}","templated":true}]}}