{"id":12274,"date":"2025-02-11T18:24:27","date_gmt":"2025-02-11T18:24:27","guid":{"rendered":"https:\/\/edimeinter.com\/libreria\/?post_type=product&#038;p=12274"},"modified":"2025-03-04T17:43:13","modified_gmt":"2025-03-04T17:43:13","slug":"ecocardiografia-incluye-version-digital-2a-edicion","status":"publish","type":"product","link":"https:\/\/edimeinter.com\/libreria\/product\/ecocardiografia-incluye-version-digital-2a-edicion\/","title":{"rendered":"Ecocardiograf\u00eda (incluye versi\u00f3n digital). 2\u00aa Edici\u00f3n"},"content":{"rendered":"\t\t<div data-elementor-type=\"wp-post\" data-elementor-id=\"12274\" class=\"elementor elementor-12274\">\n\t\t\t\t<div class=\"elementor-element elementor-element-2612b12 e-flex e-con-boxed e-con e-parent\" data-id=\"2612b12\" data-element_type=\"container\" data-e-type=\"container\">\n\t\t\t\t\t<div class=\"e-con-inner\">\n\t\t\n\t\t<div class=\"elementor-element elementor-element-498707ae elementor-widget elementor-widget-text-editor\" data-id=\"498707ae\" data-element_type=\"widget\" data-e-type=\"widget\" data-widget_type=\"text-editor.default\">\n\t\t\t\t<div class=\"elementor-widget-container\">\n\t\t\t\t\t\t\t\t\t<p>Ecocardiograf\u00eda 2\u00aa edici\u00f3n, es una obra de referencia que contribuye a la necesaria mejora continua del conocimiento y el tratamiento de las enfermedades cardiovasculares.<\/p><p>La ecocardiograf\u00eda sigue siendo el pilar fundamental en el diagn\u00f3stico y el tratamiento de las enfermedades cardiovasculares, y su uso se ha extendido entre los distintos profesionales de la medicina implicados en la toma de decisiones en esos pacientes. Por ello, se trata de un texto de creciente inter\u00e9s para gran variedad de m\u00e9dicos, no s\u00f3lo cardi\u00f3logos.<\/p><p>Se ha conseguido una obra muy completa, que contiene cap\u00edtulos cl\u00e1sicos pero actualizados, de importancia b\u00e1sica, complementados con otros que, bien por ser habitualmente de inter\u00e9s para grupos determinados d e profesionales, bien por tratarse de temas de reciente y continuo desarrollo, la diferencian de otras obras publicadas.<\/p><p>A fin de facilitar la lectura y el estudio, cada cap\u00edtulo incluye una s\u00edntesis conceptual, que orienta sobre los temas que se abordan en \u00e9l, as\u00ed como textos destacados, alertas y un resumen final. En el mismo sentido, se han mantenido herramientas pedag\u00f3gicas acordes con el momento actual, complementando la extensa iconograf\u00eda incluida en el libro con el material complementario, que ayudar\u00e1 al lector a una mejor comprensi\u00f3n, ya que en la pr\u00e1ctica real el ecocardiograma es un estudio din\u00e1mico.<\/p><p>Simult\u00e1neamente a esta obra se publica la segunda edici\u00f3n de la <strong>Gu\u00eda Esencial de Ecocardiograf\u00eda<\/strong>, que plantea un enfoque did\u00e1ctico dirigido a la pr\u00e1ctica cl\u00ednica diaria de m\u00e9dicos de distintas especialidades y m\u00e9dicos en formaci\u00f3n.<\/p>\t\t\t\t\t\t\t\t<\/div>\n\t\t\t\t<\/div>\n\t\t\t\t\t<\/div>\n\t\t\t\t<\/div>\n\t\t\t\t<\/div>\n\t\t","protected":false},"excerpt":{"rendered":"<p><strong>Autores:<\/strong>\u00a0Fernando Cabrera Bueno<br \/>\n<strong>ISBN:<\/strong>\u00a09788491103554<br \/>\n<strong>Editorial:<\/strong>\u00a0Panamericana<br \/>\n<strong>Edici\u00f3n:<\/strong>\u00a02\u00aa<br \/>\n<strong>Especialidad<\/strong>:\u00a0Cardiolog\u00eda<br \/>\n<strong>P\u00e1ginas:\u00a0<\/strong>586<br \/>\n\u00a9 2020<\/p>\n","protected":false},"featured_media":12275,"comment_status":"open","ping_status":"open","template":"","meta":{"_joinchat":[]},"product_cat":[181],"product_tag":[119,70],"class_list":{"0":"post-12274","1":"product","2":"type-product","3":"status-publish","4":"has-post-thumbnail","6":"product_cat-cardiologia-y-cirugia-vascular","7":"product_tag-cardiologia","8":"product_tag-panamericana","10":"first","11":"instock","12":"featured","13":"taxable","14":"shipping-taxable","15":"purchasable","16":"product-type-simple"},"_links":{"self":[{"href":"https:\/\/edimeinter.com\/libreria\/wp-json\/wp\/v2\/product\/12274","targetHints":{"allow":["GET"]}}],"collection":[{"href":"https:\/\/edimeinter.com\/libreria\/wp-json\/wp\/v2\/product"}],"about":[{"href":"https:\/\/edimeinter.com\/libreria\/wp-json\/wp\/v2\/types\/product"}],"replies":[{"embeddable":true,"href":"https:\/\/edimeinter.com\/libreria\/wp-json\/wp\/v2\/comments?post=12274"}],"version-history":[{"count":1,"href":"https:\/\/edimeinter.com\/libreria\/wp-json\/wp\/v2\/product\/12274\/revisions"}],"predecessor-version":[{"id":15378,"href":"https:\/\/edimeinter.com\/libreria\/wp-json\/wp\/v2\/product\/12274\/revisions\/15378"}],"wp:featuredmedia":[{"embeddable":true,"href":"https:\/\/edimeinter.com\/libreria\/wp-json\/wp\/v2\/media\/12275"}],"wp:attachment":[{"href":"https:\/\/edimeinter.com\/libreria\/wp-json\/wp\/v2\/media?parent=12274"}],"wp:term":[{"taxonomy":"product_cat","embeddable":true,"href":"https:\/\/edimeinter.com\/libreria\/wp-json\/wp\/v2\/product_cat?post=12274"},{"taxonomy":"product_tag","embeddable":true,"href":"https:\/\/edimeinter.com\/libreria\/wp-json\/wp\/v2\/product_tag?post=12274"}],"curies":[{"name":"wp","href":"https:\/\/api.w.org\/{rel}","templated":true}]}}