{"id":12300,"date":"2025-02-11T18:38:07","date_gmt":"2025-02-11T18:38:07","guid":{"rendered":"https:\/\/edimeinter.com\/libreria\/?post_type=product&#038;p=12300"},"modified":"2025-03-04T17:52:55","modified_gmt":"2025-03-04T17:52:55","slug":"farmacologia-en-enfermeria-incluye-version-digital-2a-edicion","status":"publish","type":"product","link":"https:\/\/edimeinter.com\/libreria\/product\/farmacologia-en-enfermeria-incluye-version-digital-2a-edicion\/","title":{"rendered":"Farmacolog\u00eda en Enfermer\u00eda (incluye versi\u00f3n digital). 2\u00aa Edici\u00f3n"},"content":{"rendered":"\t\t<div data-elementor-type=\"wp-post\" data-elementor-id=\"12300\" class=\"elementor elementor-12300\">\n\t\t\t\t<div class=\"elementor-element elementor-element-2612b12 e-flex e-con-boxed e-con e-parent\" data-id=\"2612b12\" data-element_type=\"container\" data-e-type=\"container\">\n\t\t\t\t\t<div class=\"e-con-inner\">\n\t\t\n\t\t<div class=\"elementor-element elementor-element-498707ae elementor-widget elementor-widget-text-editor\" data-id=\"498707ae\" data-element_type=\"widget\" data-e-type=\"widget\" data-widget_type=\"text-editor.default\">\n\t\t\t\t<div class=\"elementor-widget-container\">\n\t\t\t\t\t\t\t\t\t<p>Esta segunda edici\u00f3n completa y actualiza los contenidos de la primera e incluye m\u00e1s casos pr\u00e1cticos reales en la web para seguir siendo la herramienta de referencia m\u00e1s \u00fatil. Se trata de un texto esencial para los alumnos de esta asignatura y una herramienta de apoyo para el profesional en la administraci\u00f3n de medicamentos durante el ejercicio cl\u00ednico.<\/p><p>La obra, que cuenta con la colaboraci\u00f3n de profesionales m\u00e9dicos, enfermeros y docentes, combina un texto te\u00f3rico con casos pr\u00e1cticos con la intenci\u00f3n de facilitar informaci\u00f3n sencilla y eminentemente pr\u00e1ctica al lector.<\/p>\t\t\t\t\t\t\t\t<\/div>\n\t\t\t\t<\/div>\n\t\t\t\t\t<\/div>\n\t\t\t\t<\/div>\n\t\t\t\t<\/div>\n\t\t","protected":false},"excerpt":{"rendered":"<p><strong>Autores:<\/strong>\u00a0Beatriz Somoza Hern\u00e1ndez,M\u00aa Victoria Cano Gonz\u00e1lez,Pedro Enrique Guerra L\u00f3pez<br \/>\n<strong>ISBN:<\/strong>\u00a09788491102793<br \/>\n<strong>Editorial:<\/strong>\u00a0Panamericana<br \/>\n<strong>Edici\u00f3n:<\/strong>\u00a02\u00aa<br \/>\n<strong>Especialidad<\/strong>:\u00a0Enfermer\u00eda<br \/>\n<strong>P\u00e1ginas:\u00a0<\/strong>282<br \/>\n\u00a9 2020<\/p>\n","protected":false},"featured_media":12301,"comment_status":"open","ping_status":"open","template":"","meta":{"_joinchat":[]},"product_cat":[115],"product_tag":[82,70],"class_list":{"0":"post-12300","1":"product","2":"type-product","3":"status-publish","4":"has-post-thumbnail","6":"product_cat-enfermeria","7":"product_tag-enfermeria","8":"product_tag-panamericana","10":"first","11":"instock","12":"featured","13":"taxable","14":"shipping-taxable","15":"purchasable","16":"product-type-simple"},"_links":{"self":[{"href":"https:\/\/edimeinter.com\/libreria\/wp-json\/wp\/v2\/product\/12300","targetHints":{"allow":["GET"]}}],"collection":[{"href":"https:\/\/edimeinter.com\/libreria\/wp-json\/wp\/v2\/product"}],"about":[{"href":"https:\/\/edimeinter.com\/libreria\/wp-json\/wp\/v2\/types\/product"}],"replies":[{"embeddable":true,"href":"https:\/\/edimeinter.com\/libreria\/wp-json\/wp\/v2\/comments?post=12300"}],"version-history":[{"count":1,"href":"https:\/\/edimeinter.com\/libreria\/wp-json\/wp\/v2\/product\/12300\/revisions"}],"predecessor-version":[{"id":15383,"href":"https:\/\/edimeinter.com\/libreria\/wp-json\/wp\/v2\/product\/12300\/revisions\/15383"}],"wp:featuredmedia":[{"embeddable":true,"href":"https:\/\/edimeinter.com\/libreria\/wp-json\/wp\/v2\/media\/12301"}],"wp:attachment":[{"href":"https:\/\/edimeinter.com\/libreria\/wp-json\/wp\/v2\/media?parent=12300"}],"wp:term":[{"taxonomy":"product_cat","embeddable":true,"href":"https:\/\/edimeinter.com\/libreria\/wp-json\/wp\/v2\/product_cat?post=12300"},{"taxonomy":"product_tag","embeddable":true,"href":"https:\/\/edimeinter.com\/libreria\/wp-json\/wp\/v2\/product_tag?post=12300"}],"curies":[{"name":"wp","href":"https:\/\/api.w.org\/{rel}","templated":true}]}}