{"id":12350,"date":"2025-02-11T20:01:11","date_gmt":"2025-02-11T20:01:11","guid":{"rendered":"https:\/\/edimeinter.com\/libreria\/?post_type=product&#038;p=12350"},"modified":"2025-03-04T18:05:14","modified_gmt":"2025-03-04T18:05:14","slug":"el-hombro-y-el-brazo-incluye-version-digital-1a-edicion","status":"publish","type":"product","link":"https:\/\/edimeinter.com\/libreria\/product\/el-hombro-y-el-brazo-incluye-version-digital-1a-edicion\/","title":{"rendered":"El Hombro y el Brazo (incluye versi\u00f3n digital). 1\u00aa Edici\u00f3n"},"content":{"rendered":"\t\t<div data-elementor-type=\"wp-post\" data-elementor-id=\"12350\" class=\"elementor elementor-12350\">\n\t\t\t\t<div class=\"elementor-element elementor-element-2612b12 e-flex e-con-boxed e-con e-parent\" data-id=\"2612b12\" data-element_type=\"container\" data-e-type=\"container\">\n\t\t\t\t\t<div class=\"e-con-inner\">\n\t\t\n\t\t<div class=\"elementor-element elementor-element-498707ae elementor-widget elementor-widget-text-editor\" data-id=\"498707ae\" data-element_type=\"widget\" data-e-type=\"widget\" data-widget_type=\"text-editor.default\">\n\t\t\t\t<div class=\"elementor-widget-container\">\n\t\t\t\t\t\t\t\t\t<p>En la cirug\u00eda, en general, y en la del hombro y el brazo, en particular, es fundamental comprender la anatom\u00eda de la regi\u00f3n que se va a tratar. Se debe obtener una exposici\u00f3n y una visualizaci\u00f3n adecuadas de la zona afectada, pero preservando la anatom\u00eda normal e intentando causar el m\u00ednimo da\u00f1o posible, con respeto de las estructuras neurovasculares y utilizaci\u00f3n de los planos internerviosos, a fin de obtener un resultado funcional \u00f3ptimo.<\/p><p>Por ello, en El Hombro y el Brazo, la anatom\u00eda humana se considera una ciencia con una nueva dimensi\u00f3n, que se adapta y colabora con la cirug\u00eda, tanto abierta como artrosc\u00f3pica, disciplina que ha progresado desde el momento en que ha buscado sus fundamentos en la anatom\u00eda.<\/p><p>A lo largo de la historia de la cirug\u00eda del hombro se han descrito m\u00faltiples abordajes, muchos de los cuales no son m\u00e1s que variantes de aquellos referidos por los pioneros de la cirug\u00eda del hombro. En esta obra se explican los principales abordajes utilizados en la cirug\u00eda del hombro y el brazo a lo largo de la historia hasta nuestros d\u00edas. Se trata as\u00ed de rendir un peque\u00f1o homenaje a los que abrieron el camino en esta cirug\u00eda, pero tambi\u00e9n es una forma de ayudar a comprender los abordajes actuales m\u00e1s habituales para aplicarlos en la pr\u00e1ctica diaria.<\/p>\t\t\t\t\t\t\t\t<\/div>\n\t\t\t\t<\/div>\n\t\t\t\t\t<\/div>\n\t\t\t\t<\/div>\n\t\t\t\t<\/div>\n\t\t","protected":false},"excerpt":{"rendered":"<p><strong>Autores:<\/strong>\u00a0Antonio Pablo Rosales Varo,Sabina Ca\u00f1ada Oya<br \/>\n<strong>ISBN:<\/strong>\u00a09788491105398<br \/>\n<strong>Editorial:<\/strong>\u00a0Panamericana<br \/>\n<strong>Edici\u00f3n:<\/strong>\u00a01\u00aa<br \/>\n<strong>Especialidad<\/strong>:\u00a0Fisioterapia<br \/>\n<strong>P\u00e1ginas:\u00a0<\/strong>272<br \/>\n\u00a9 2020<\/p>\n","protected":false},"featured_media":12351,"comment_status":"open","ping_status":"open","template":"","meta":{"_joinchat":[]},"product_cat":[111],"product_tag":[112,70],"class_list":{"0":"post-12350","1":"product","2":"type-product","3":"status-publish","4":"has-post-thumbnail","6":"product_cat-fisioterapia","7":"product_tag-fisioterapia","8":"product_tag-panamericana","10":"first","11":"instock","12":"featured","13":"taxable","14":"shipping-taxable","15":"purchasable","16":"product-type-simple"},"_links":{"self":[{"href":"https:\/\/edimeinter.com\/libreria\/wp-json\/wp\/v2\/product\/12350","targetHints":{"allow":["GET"]}}],"collection":[{"href":"https:\/\/edimeinter.com\/libreria\/wp-json\/wp\/v2\/product"}],"about":[{"href":"https:\/\/edimeinter.com\/libreria\/wp-json\/wp\/v2\/types\/product"}],"replies":[{"embeddable":true,"href":"https:\/\/edimeinter.com\/libreria\/wp-json\/wp\/v2\/comments?post=12350"}],"version-history":[{"count":2,"href":"https:\/\/edimeinter.com\/libreria\/wp-json\/wp\/v2\/product\/12350\/revisions"}],"predecessor-version":[{"id":15393,"href":"https:\/\/edimeinter.com\/libreria\/wp-json\/wp\/v2\/product\/12350\/revisions\/15393"}],"wp:featuredmedia":[{"embeddable":true,"href":"https:\/\/edimeinter.com\/libreria\/wp-json\/wp\/v2\/media\/12351"}],"wp:attachment":[{"href":"https:\/\/edimeinter.com\/libreria\/wp-json\/wp\/v2\/media?parent=12350"}],"wp:term":[{"taxonomy":"product_cat","embeddable":true,"href":"https:\/\/edimeinter.com\/libreria\/wp-json\/wp\/v2\/product_cat?post=12350"},{"taxonomy":"product_tag","embeddable":true,"href":"https:\/\/edimeinter.com\/libreria\/wp-json\/wp\/v2\/product_tag?post=12350"}],"curies":[{"name":"wp","href":"https:\/\/api.w.org\/{rel}","templated":true}]}}