{"id":12449,"date":"2025-02-11T22:54:39","date_gmt":"2025-02-11T22:54:39","guid":{"rendered":"https:\/\/edimeinter.com\/libreria\/?post_type=product&#038;p=12449"},"modified":"2026-01-25T01:17:49","modified_gmt":"2026-01-25T01:17:49","slug":"enfermedades-de-la-vulva-un-enfoque-interdisciplinario-1a-edicion","status":"publish","type":"product","link":"https:\/\/edimeinter.com\/libreria\/product\/enfermedades-de-la-vulva-un-enfoque-interdisciplinario-1a-edicion\/","title":{"rendered":"Enfermedades de la vulva. Un enfoque interdisciplinario. 1\u00aa Edici\u00f3n"},"content":{"rendered":"\t\t<div data-elementor-type=\"wp-post\" data-elementor-id=\"12449\" class=\"elementor elementor-12449\">\n\t\t\t\t<div class=\"elementor-element elementor-element-2612b12 e-flex e-con-boxed e-con e-parent\" data-id=\"2612b12\" data-element_type=\"container\" data-e-type=\"container\">\n\t\t\t\t\t<div class=\"e-con-inner\">\n\t\t\n\t\t<div class=\"elementor-element elementor-element-498707ae elementor-widget elementor-widget-text-editor\" data-id=\"498707ae\" data-element_type=\"widget\" data-e-type=\"widget\" data-widget_type=\"text-editor.default\">\n\t\t\t\t<div class=\"elementor-widget-container\">\n\t\t\t\t\t\t\t\t\t<p>Las enfermedades de la vulva representan un gran desaf\u00edo para el m\u00e9dico, debido a que el abordaje de esta patolog\u00eda singular requiere una s\u00f3lida formaci\u00f3n en ginecolog\u00eda cl\u00ednica y quir\u00fargica, dermatolog\u00eda, anatom\u00eda patol\u00f3gica, fisiatr\u00eda y sexolog\u00eda. Si bien los equipos de patolog\u00eda vulvar est\u00e1n conformados por profesionales especialistas en cada una de las \u00e1reas mencionadas, el especialista en patolog\u00eda vulvar debe conocer con detalle cada una de ellas a fin de tener una visi\u00f3n integradora de la situaci\u00f3n. En Enfermedades de la vulva: Un enfoque interdisciplinario, la doctora Claudia Marchitelli junto con sus colaboradores -todos ellos referentes en esta subespecialidad- han desarrollado una obra de rigurosa metodolog\u00eda, en la que abordan la patolog\u00eda vulvar de un modo claro y did\u00e1ctico.<\/p>\t\t\t\t\t\t\t\t<\/div>\n\t\t\t\t<\/div>\n\t\t\t\t\t<\/div>\n\t\t\t\t<\/div>\n\t\t\t\t<\/div>\n\t\t","protected":false},"excerpt":{"rendered":"<p><strong>Autores:<\/strong>\u00a0Marchitelli, Claudia.<br \/>\n<strong>ISBN:<\/strong>\u00a09789873954559<br \/>\n<strong>Editorial:<\/strong>\u00a0Ediciones Journal<br \/>\n<strong>Edici\u00f3n:<\/strong>\u00a01\u00aa<br \/>\n<strong>Especialidad<\/strong>: Ginecolog\u00eda<br \/>\n<strong>P\u00e1ginas<\/strong>: 333<br \/>\n\u00a9 2018<\/p>\n","protected":false},"featured_media":12450,"comment_status":"open","ping_status":"closed","template":"","meta":{"_joinchat":[]},"product_cat":[183],"product_tag":[110,184,174],"class_list":{"0":"post-12449","1":"product","2":"type-product","3":"status-publish","4":"has-post-thumbnail","6":"product_cat-ginecologia","7":"product_tag-ediciones-journal","8":"product_tag-ginecologia","9":"product_tag-outlet","11":"first","12":"instock","13":"featured","14":"taxable","15":"shipping-taxable","16":"purchasable","17":"product-type-simple"},"_links":{"self":[{"href":"https:\/\/edimeinter.com\/libreria\/wp-json\/wp\/v2\/product\/12449","targetHints":{"allow":["GET"]}}],"collection":[{"href":"https:\/\/edimeinter.com\/libreria\/wp-json\/wp\/v2\/product"}],"about":[{"href":"https:\/\/edimeinter.com\/libreria\/wp-json\/wp\/v2\/types\/product"}],"replies":[{"embeddable":true,"href":"https:\/\/edimeinter.com\/libreria\/wp-json\/wp\/v2\/comments?post=12449"}],"version-history":[{"count":1,"href":"https:\/\/edimeinter.com\/libreria\/wp-json\/wp\/v2\/product\/12449\/revisions"}],"predecessor-version":[{"id":15411,"href":"https:\/\/edimeinter.com\/libreria\/wp-json\/wp\/v2\/product\/12449\/revisions\/15411"}],"wp:featuredmedia":[{"embeddable":true,"href":"https:\/\/edimeinter.com\/libreria\/wp-json\/wp\/v2\/media\/12450"}],"wp:attachment":[{"href":"https:\/\/edimeinter.com\/libreria\/wp-json\/wp\/v2\/media?parent=12449"}],"wp:term":[{"taxonomy":"product_cat","embeddable":true,"href":"https:\/\/edimeinter.com\/libreria\/wp-json\/wp\/v2\/product_cat?post=12449"},{"taxonomy":"product_tag","embeddable":true,"href":"https:\/\/edimeinter.com\/libreria\/wp-json\/wp\/v2\/product_tag?post=12449"}],"curies":[{"name":"wp","href":"https:\/\/api.w.org\/{rel}","templated":true}]}}