{"id":12471,"date":"2025-02-11T23:14:43","date_gmt":"2025-02-11T23:14:43","guid":{"rendered":"https:\/\/edimeinter.com\/libreria\/?post_type=product&#038;p=12471"},"modified":"2026-01-29T23:24:40","modified_gmt":"2026-01-29T23:24:40","slug":"farmacologia-pediatrica-1a-edicion","status":"publish","type":"product","link":"https:\/\/edimeinter.com\/libreria\/product\/farmacologia-pediatrica-1a-edicion\/","title":{"rendered":"Farmacolog\u00eda pedi\u00e1trica. 1\u00aa Edici\u00f3n"},"content":{"rendered":"\t\t<div data-elementor-type=\"wp-post\" data-elementor-id=\"12471\" class=\"elementor elementor-12471\">\n\t\t\t\t<div class=\"elementor-element elementor-element-2612b12 e-flex e-con-boxed e-con e-parent\" data-id=\"2612b12\" data-element_type=\"container\" data-e-type=\"container\">\n\t\t\t\t\t<div class=\"e-con-inner\">\n\t\t\n\t\t<div class=\"elementor-element elementor-element-498707ae elementor-widget elementor-widget-text-editor\" data-id=\"498707ae\" data-element_type=\"widget\" data-e-type=\"widget\" data-widget_type=\"text-editor.default\">\n\t\t\t\t<div class=\"elementor-widget-container\">\n\t\t\t\t\t\t\t\t\t<p>La Farmacolog\u00eda pedi\u00e1trica comprende el estudio de la farmacolog\u00eda de la edad del desarrollo, desde la concepci\u00f3n hasta que alcance la madurez de un adulto. Se trata de un tema complejo, ya que requiere adaptar los conocimientos farmacol\u00f3gicos generales a las circunstancias fisiol\u00f3gicas y patol\u00f3gicas particulares de la edad pedi\u00e1trica. Con el objetivo de sistematizar el estudio de esta disciplina, intermedia entre la farmacolog\u00eda y la pediatr\u00eda, los cap\u00edtulos del libro se agrupan en tres secciones, que abordan, entre otros, los siguientes temas:<\/p><p>\u2013 Bases de la farmacolog\u00eda del desarrollo: farmacocin\u00e9tica y farmacodinamia; respuesta normal o inesperada a los medicamentos; v\u00edas de administraci\u00f3n y formas farmac\u00e9uticas; excipientes adecuados para los ni\u00f1os; farmacovigilancia en pediatr\u00eda; interacciones farmacol\u00f3gicas.<\/p><p>\u2013 Principios de la terap\u00e9utica en pediatr\u00eda: dosificaci\u00f3n de medicamentos pedi\u00e1tricos; farmacogen\u00e9tica; enfermedades raras y medicamentos hu\u00e9rfanos.<\/p><p>\u2013 Aspectos \u00e9ticos y legislativos en investigaci\u00f3n pedi\u00e1trica: dise\u00f1o \u00e9tico y cient\u00edfico del ensayo cl\u00ednico pedi\u00e1trico; ensayos cl\u00ednicos especiales.<\/p>\t\t\t\t\t\t\t\t<\/div>\n\t\t\t\t<\/div>\n\t\t\t\t\t<\/div>\n\t\t\t\t<\/div>\n\t\t\t\t<\/div>\n\t\t","protected":false},"excerpt":{"rendered":"<p><strong>Autores:<\/strong>\u00a0Peir\u00e9 Garc\u00eda, Mar\u00eda.<br \/>\n<strong>ISBN:<\/strong>\u00a09789874922236<br \/>\n<strong>Editorial:<\/strong>\u00a0Ediciones Journal<br \/>\n<strong>Edici\u00f3n:<\/strong>\u00a01\u00aa<br \/>\n<strong>Especialidad<\/strong>: Pediatr\u00eda<br \/>\n<strong>P\u00e1ginas<\/strong>: 274<br \/>\n\u00a9 2019<\/p>\n","protected":false},"featured_media":12472,"comment_status":"open","ping_status":"closed","template":"","meta":{"_joinchat":[]},"product_cat":[130],"product_tag":[110,131],"class_list":{"0":"post-12471","1":"product","2":"type-product","3":"status-publish","4":"has-post-thumbnail","6":"product_cat-pediatria-y-neonatologia","7":"product_tag-ediciones-journal","8":"product_tag-pediatria-y-neonatologia","10":"first","11":"outofstock","12":"featured","13":"taxable","14":"shipping-taxable","15":"purchasable","16":"product-type-simple"},"_links":{"self":[{"href":"https:\/\/edimeinter.com\/libreria\/wp-json\/wp\/v2\/product\/12471","targetHints":{"allow":["GET"]}}],"collection":[{"href":"https:\/\/edimeinter.com\/libreria\/wp-json\/wp\/v2\/product"}],"about":[{"href":"https:\/\/edimeinter.com\/libreria\/wp-json\/wp\/v2\/types\/product"}],"replies":[{"embeddable":true,"href":"https:\/\/edimeinter.com\/libreria\/wp-json\/wp\/v2\/comments?post=12471"}],"version-history":[{"count":2,"href":"https:\/\/edimeinter.com\/libreria\/wp-json\/wp\/v2\/product\/12471\/revisions"}],"predecessor-version":[{"id":15415,"href":"https:\/\/edimeinter.com\/libreria\/wp-json\/wp\/v2\/product\/12471\/revisions\/15415"}],"wp:featuredmedia":[{"embeddable":true,"href":"https:\/\/edimeinter.com\/libreria\/wp-json\/wp\/v2\/media\/12472"}],"wp:attachment":[{"href":"https:\/\/edimeinter.com\/libreria\/wp-json\/wp\/v2\/media?parent=12471"}],"wp:term":[{"taxonomy":"product_cat","embeddable":true,"href":"https:\/\/edimeinter.com\/libreria\/wp-json\/wp\/v2\/product_cat?post=12471"},{"taxonomy":"product_tag","embeddable":true,"href":"https:\/\/edimeinter.com\/libreria\/wp-json\/wp\/v2\/product_tag?post=12471"}],"curies":[{"name":"wp","href":"https:\/\/api.w.org\/{rel}","templated":true}]}}