{"id":12528,"date":"2025-02-12T17:41:29","date_gmt":"2025-02-12T17:41:29","guid":{"rendered":"https:\/\/edimeinter.com\/libreria\/?post_type=product&#038;p=12528"},"modified":"2025-03-04T19:11:49","modified_gmt":"2025-03-04T19:11:49","slug":"murray-y-nadel-tratado-de-medicina-respiratoria-2-vols-7a-edicion","status":"publish","type":"product","link":"https:\/\/edimeinter.com\/libreria\/product\/murray-y-nadel-tratado-de-medicina-respiratoria-2-vols-7a-edicion\/","title":{"rendered":"Murray y Nadel. Tratado de medicina respiratoria, 2 Vols. 7\u00aa Edici\u00f3n"},"content":{"rendered":"\t\t<div data-elementor-type=\"wp-post\" data-elementor-id=\"12528\" class=\"elementor elementor-12528\">\n\t\t\t\t<div class=\"elementor-element elementor-element-2612b12 e-flex e-con-boxed e-con e-parent\" data-id=\"2612b12\" data-element_type=\"container\" data-e-type=\"container\">\n\t\t\t\t\t<div class=\"e-con-inner\">\n\t\t\n\t\t<div class=\"elementor-element elementor-element-498707ae elementor-widget elementor-widget-text-editor\" data-id=\"498707ae\" data-element_type=\"widget\" data-e-type=\"widget\" data-widget_type=\"text-editor.default\">\n\t\t\t\t<div class=\"elementor-widget-container\">\n\t\t\t\t\t\t\t\t\t<p>Conocido por su claridad, exhaustiva cobertura y rigor, Murray y Nadel. Tratado de medicina respiratoria sigue siendo el texto de referencia en el campo de la neumolog\u00eda. Esta 7.\u00aa edici\u00f3n le permitir\u00e1 ponerse totalmente al d\u00eda gracias a su contenido ampliado y reorganizado, numerosos cap\u00edtulos nuevos y minuciosas actualizaciones. La obra cubre todo el espectro de la especialidad y constituye un recurso ideal para neum\u00f3logos, residentes y otros profesionales relacionados con la neumolog\u00eda.<\/p>\t\t\t\t\t\t\t\t<\/div>\n\t\t\t\t<\/div>\n\t\t\t\t\t<\/div>\n\t\t\t\t<\/div>\n\t\t\t\t<\/div>\n\t\t","protected":false},"excerpt":{"rendered":"<div>\n<p><strong>Autores:<\/strong>\u00a0V. Courtney Broaddus<br \/>\n<strong>ISBN:<\/strong>\u00a09788413824314<br \/>\n<strong>Editorial:<\/strong>\u00a0Elsevier<br \/>\n<strong>Edici\u00f3n:<\/strong>\u00a07\u00aa<br \/>\n<strong>Especialidad<\/strong>: Neumolog\u00eda<br \/>\n<strong>P\u00e1ginas<\/strong>: 2240<br \/>\n\u00a9 2023<\/p>\n<\/div>\n","protected":false},"featured_media":12529,"comment_status":"open","ping_status":"open","template":"","meta":{"_joinchat":[]},"product_cat":[223],"product_tag":[85,224],"class_list":{"0":"post-12528","1":"product","2":"type-product","3":"status-publish","4":"has-post-thumbnail","6":"product_cat-neumologia","7":"product_tag-elsevier","8":"product_tag-neumologia","10":"first","11":"instock","12":"featured","13":"taxable","14":"shipping-taxable","15":"purchasable","16":"product-type-simple"},"_links":{"self":[{"href":"https:\/\/edimeinter.com\/libreria\/wp-json\/wp\/v2\/product\/12528","targetHints":{"allow":["GET"]}}],"collection":[{"href":"https:\/\/edimeinter.com\/libreria\/wp-json\/wp\/v2\/product"}],"about":[{"href":"https:\/\/edimeinter.com\/libreria\/wp-json\/wp\/v2\/types\/product"}],"replies":[{"embeddable":true,"href":"https:\/\/edimeinter.com\/libreria\/wp-json\/wp\/v2\/comments?post=12528"}],"version-history":[{"count":1,"href":"https:\/\/edimeinter.com\/libreria\/wp-json\/wp\/v2\/product\/12528\/revisions"}],"predecessor-version":[{"id":15424,"href":"https:\/\/edimeinter.com\/libreria\/wp-json\/wp\/v2\/product\/12528\/revisions\/15424"}],"wp:featuredmedia":[{"embeddable":true,"href":"https:\/\/edimeinter.com\/libreria\/wp-json\/wp\/v2\/media\/12529"}],"wp:attachment":[{"href":"https:\/\/edimeinter.com\/libreria\/wp-json\/wp\/v2\/media?parent=12528"}],"wp:term":[{"taxonomy":"product_cat","embeddable":true,"href":"https:\/\/edimeinter.com\/libreria\/wp-json\/wp\/v2\/product_cat?post=12528"},{"taxonomy":"product_tag","embeddable":true,"href":"https:\/\/edimeinter.com\/libreria\/wp-json\/wp\/v2\/product_tag?post=12528"}],"curies":[{"name":"wp","href":"https:\/\/api.w.org\/{rel}","templated":true}]}}

Murray y Nadel. Tratado de medicina respiratoria, 2 Vols. 7ª Edición

<div data-elementor-type="wp-post" data-elementor-id="12528" class="elementor elementor-12528">
				<div class="elementor-element elementor-element-2612b12 e-flex e-con-boxed e-con e-parent" data-id="2612b12" data-element_type="container" data-e-type="container">
					<div class="e-con-inner">
		
		<div class="elementor-element elementor-element-498707ae elementor-widget elementor-widget-text-editor" data-id="498707ae" data-element_type="widget" data-e-type="widget" data-widget_type="text-editor.default">
				<div class="elementor-widget-container">
									<p>Conocido por su claridad, exhaustiva cobertura y rigor, Murray y Nadel. Tratado de medicina respiratoria sigue siendo el texto de referencia en el campo de la neumología. Esta 7.ª edición le permitirá ponerse totalmente al día gracias a su contenido ampliado y reorganizado, numerosos capítulos nuevos y minuciosas actualizaciones. La obra cubre todo el espectro de la especialidad y constituye un recurso ideal para neumólogos, residentes y otros profesionales relacionados con la neumología.</p>								</div>
				</div>
					</div>
				</div>
				</div>

<div>
<p><strong>Autores:</strong> V. Courtney Broaddus<br />
<strong>ISBN:</strong> 9788413824314<br />
<strong>Editorial:</strong> Elsevier<br />
<strong>Edición:</strong> 7ª<br />
<strong>Especialidad</strong>: Neumología<br />
<strong>Páginas</strong>: 2240<br />
© 2023</p>
</div>
