{"id":12550,"date":"2025-02-12T18:24:12","date_gmt":"2025-02-12T18:24:12","guid":{"rendered":"https:\/\/edimeinter.com\/libreria\/?post_type=product&#038;p=12550"},"modified":"2025-03-04T19:18:09","modified_gmt":"2025-03-04T19:18:09","slug":"temas-selectos-en-enfermedad-vascular-cerebral-2a-edicion","status":"publish","type":"product","link":"https:\/\/edimeinter.com\/libreria\/product\/temas-selectos-en-enfermedad-vascular-cerebral-2a-edicion\/","title":{"rendered":"Temas selectos en enfermedad vascular cerebral. 2\u00aa Edici\u00f3n"},"content":{"rendered":"\t\t<div data-elementor-type=\"wp-post\" data-elementor-id=\"12550\" class=\"elementor elementor-12550\">\n\t\t\t\t\n<div class=\"elementor-element elementor-element-2612b12 e-flex e-con-boxed e-con e-parent\" data-id=\"2612b12\" data-element_type=\"container\" data-e-type=\"container\">\n\t\t\t\t\t<div class=\"e-con-inner\">\n\t\t\t\t<div class=\"elementor-element elementor-element-498707ae elementor-widget elementor-widget-text-editor\" data-id=\"498707ae\" data-element_type=\"widget\" data-e-type=\"widget\" data-widget_type=\"text-editor.default\">\n\t\t\t\t<div class=\"elementor-widget-container\">\n\t\t\t\t\t\t\t\t\t<p>En un panorama en que no abundan los textos sobre la especialidad en lengua espa\u00f1ola, esta nueva edici\u00f3n de Temas selectos en enfermedad vascular cerebral se distingue por recoger, de forma rigurosa y exhaustiva, los enormes avances alcanzados en este campo durante los \u00faltimos diez a\u00f1os. Entre ellos, se incluyen las nuevas t\u00e9cnicas de neuroimagen, el papel de la medicina prehospitalaria en la cadena de supervivencia del ictus, la evaluaci\u00f3n del paciente con sospecha de ictus en la sala de emergencias y, sobre todo, el tratamiento agudo del ictus isqu\u00e9mico, cuya enorme evoluci\u00f3n ha cambiado dr\u00e1sticamente el pron\u00f3stico de esta devastadora enfermedad.<\/p>\t\t\t\t\t\t\t\t<\/div>\n\t\t\t\t<\/div>\n\t\t\t\t\t<\/div>\n\t\t\t\t<\/div>\n\t\t\t\t<\/div>\n\t\t","protected":false},"excerpt":{"rendered":"<p><strong>Autores:<\/strong>\u00a0Fernando Barinagarrementeria Aldatz &amp; \u00c1ngel Antonio Arauz G\u00f3ngora<br \/>\n<strong>ISBN:<\/strong>\u00a09788413823997<br \/>\n<strong>Editorial:<\/strong>\u00a0Elsevier<br \/>\n<strong>Edici\u00f3n:<\/strong>\u00a02\u00aa<br \/>\n<strong>Especialidad<\/strong>: Neurolog\u00eda y Neurocirug\u00eda<br \/>\n<strong>P\u00e1ginas<\/strong>: 344<br \/>\n\u00a9 2023<\/p>\n","protected":false},"featured_media":12551,"comment_status":"open","ping_status":"open","template":"","meta":{"_joinchat":[]},"product_cat":[166],"product_tag":[85,167],"class_list":{"0":"post-12550","1":"product","2":"type-product","3":"status-publish","4":"has-post-thumbnail","6":"product_cat-neurologia-y-neurocirugia","7":"product_tag-elsevier","8":"product_tag-neurologia-y-neurocirugia","10":"first","11":"instock","12":"featured","13":"taxable","14":"shipping-taxable","15":"purchasable","16":"product-type-simple"},"_links":{"self":[{"href":"https:\/\/edimeinter.com\/libreria\/wp-json\/wp\/v2\/product\/12550","targetHints":{"allow":["GET"]}}],"collection":[{"href":"https:\/\/edimeinter.com\/libreria\/wp-json\/wp\/v2\/product"}],"about":[{"href":"https:\/\/edimeinter.com\/libreria\/wp-json\/wp\/v2\/types\/product"}],"replies":[{"embeddable":true,"href":"https:\/\/edimeinter.com\/libreria\/wp-json\/wp\/v2\/comments?post=12550"}],"version-history":[{"count":1,"href":"https:\/\/edimeinter.com\/libreria\/wp-json\/wp\/v2\/product\/12550\/revisions"}],"predecessor-version":[{"id":15427,"href":"https:\/\/edimeinter.com\/libreria\/wp-json\/wp\/v2\/product\/12550\/revisions\/15427"}],"wp:featuredmedia":[{"embeddable":true,"href":"https:\/\/edimeinter.com\/libreria\/wp-json\/wp\/v2\/media\/12551"}],"wp:attachment":[{"href":"https:\/\/edimeinter.com\/libreria\/wp-json\/wp\/v2\/media?parent=12550"}],"wp:term":[{"taxonomy":"product_cat","embeddable":true,"href":"https:\/\/edimeinter.com\/libreria\/wp-json\/wp\/v2\/product_cat?post=12550"},{"taxonomy":"product_tag","embeddable":true,"href":"https:\/\/edimeinter.com\/libreria\/wp-json\/wp\/v2\/product_tag?post=12550"}],"curies":[{"name":"wp","href":"https:\/\/api.w.org\/{rel}","templated":true}]}}