{"id":12657,"date":"2025-02-12T21:08:07","date_gmt":"2025-02-12T21:08:07","guid":{"rendered":"https:\/\/edimeinter.com\/libreria\/?post_type=product&#038;p=12657"},"modified":"2025-12-22T20:24:53","modified_gmt":"2025-12-22T20:24:53","slug":"radiologia-esencial-incluye-version-digital-2-tomos-2a-edicion","status":"publish","type":"product","link":"https:\/\/edimeinter.com\/libreria\/product\/radiologia-esencial-incluye-version-digital-2-tomos-2a-edicion\/","title":{"rendered":"Radiolog\u00eda Esencial (incluye versi\u00f3n digital) (2 Tomos). 2\u00aa Edici\u00f3n"},"content":{"rendered":"\t\t<div data-elementor-type=\"wp-post\" data-elementor-id=\"12657\" class=\"elementor elementor-12657\">\n\t\t\t\t<div class=\"elementor-element elementor-element-2612b12 e-flex e-con-boxed e-con e-parent\" data-id=\"2612b12\" data-element_type=\"container\" data-e-type=\"container\">\n\t\t\t\t\t<div class=\"e-con-inner\">\n\t\t\n\t\t<div class=\"elementor-element elementor-element-498707ae elementor-widget elementor-widget-text-editor\" data-id=\"498707ae\" data-element_type=\"widget\" data-e-type=\"widget\" data-widget_type=\"text-editor.default\">\n\t\t\t\t<div class=\"elementor-widget-container\">\n\t\t\t\t\t\t\t\t\t<p>La publicaci\u00f3n de esta 2\u00aa edici\u00f3n de Radiolog\u00eda Esencial es consecuencia, por un lado, del enorme \u00e9xito de la 1\u00aa edici\u00f3n de la obra y, por otro, de la necesidad de renovar sus contenidos dados los avances cient\u00edficos que se han producido en el campo de la Radiolog\u00eda en los \u00faltimos a\u00f1os.<\/p><p>La Radiolog\u00eda es una especialidad m\u00e9dica en constante crecimiento que se ha convertido en la t\u00e9cnica paracl\u00ednica m\u00e1s relevante para establecer diagn\u00f3sticos precisos y precoces en un elevad\u00edsimo n\u00famero de procesos. Adem\u00e1s, juega un papel esencial en la monitorizaci\u00f3n de m\u00faltiples enfermedades con el objeto de analizar su evoluci\u00f3n y respuesta terap\u00e9utica.<\/p>\t\t\t\t\t\t\t\t<\/div>\n\t\t\t\t<\/div>\n\t\t\t\t\t<\/div>\n\t\t\t\t<\/div>\n\t\t\t\t<\/div>\n\t\t","protected":false},"excerpt":{"rendered":"<p><strong>Autores:<\/strong>\u00a0Jos\u00e9 Luis Del Cura Rodr\u00edguez, \u00c1ngel Gayete Cara, \u00c0lex Rovira Ca\u00f1ellas, Salvador Pedraza Guti\u00e9rrez<br \/>\n<strong>ISBN:<\/strong>\u00a09788491103493<br \/>\n<strong>Editorial:<\/strong>\u00a0Panamericana<br \/>\n<strong>Edici\u00f3n:<\/strong>\u00a02\u00aa<br \/>\n<strong>Especialidad<\/strong>: Diagn\u00f3stico por Im\u00e1genes<br \/>\n<strong>P\u00e1ginas:\u00a0<\/strong>2100<br \/>\n\u00a9 2019<\/p>\n","protected":false},"featured_media":12658,"comment_status":"open","ping_status":"closed","template":"","meta":{"_joinchat":[]},"product_cat":[80],"product_tag":[81,70],"class_list":{"0":"post-12657","1":"product","2":"type-product","3":"status-publish","4":"has-post-thumbnail","6":"product_cat-diagnostico-por-imagenes","7":"product_tag-diagnostico-por-imagenes","8":"product_tag-panamericana","10":"first","11":"instock","12":"featured","13":"taxable","14":"shipping-taxable","15":"purchasable","16":"product-type-simple"},"_links":{"self":[{"href":"https:\/\/edimeinter.com\/libreria\/wp-json\/wp\/v2\/product\/12657","targetHints":{"allow":["GET"]}}],"collection":[{"href":"https:\/\/edimeinter.com\/libreria\/wp-json\/wp\/v2\/product"}],"about":[{"href":"https:\/\/edimeinter.com\/libreria\/wp-json\/wp\/v2\/types\/product"}],"replies":[{"embeddable":true,"href":"https:\/\/edimeinter.com\/libreria\/wp-json\/wp\/v2\/comments?post=12657"}],"version-history":[{"count":1,"href":"https:\/\/edimeinter.com\/libreria\/wp-json\/wp\/v2\/product\/12657\/revisions"}],"predecessor-version":[{"id":15441,"href":"https:\/\/edimeinter.com\/libreria\/wp-json\/wp\/v2\/product\/12657\/revisions\/15441"}],"wp:featuredmedia":[{"embeddable":true,"href":"https:\/\/edimeinter.com\/libreria\/wp-json\/wp\/v2\/media\/12658"}],"wp:attachment":[{"href":"https:\/\/edimeinter.com\/libreria\/wp-json\/wp\/v2\/media?parent=12657"}],"wp:term":[{"taxonomy":"product_cat","embeddable":true,"href":"https:\/\/edimeinter.com\/libreria\/wp-json\/wp\/v2\/product_cat?post=12657"},{"taxonomy":"product_tag","embeddable":true,"href":"https:\/\/edimeinter.com\/libreria\/wp-json\/wp\/v2\/product_tag?post=12657"}],"curies":[{"name":"wp","href":"https:\/\/api.w.org\/{rel}","templated":true}]}}