{"id":12708,"date":"2025-02-12T22:02:31","date_gmt":"2025-02-12T22:02:31","guid":{"rendered":"https:\/\/edimeinter.com\/libreria\/?post_type=product&#038;p=12708"},"modified":"2025-03-04T20:29:36","modified_gmt":"2025-03-04T20:29:36","slug":"manual-de-epidemiologia-y-salud-publica-para-grados-en-ciencias-de-la-salud-incluye-version-digital-3a-edicion","status":"publish","type":"product","link":"https:\/\/edimeinter.com\/libreria\/product\/manual-de-epidemiologia-y-salud-publica-para-grados-en-ciencias-de-la-salud-incluye-version-digital-3a-edicion\/","title":{"rendered":"Manual de Epidemiolog\u00eda y Salud P\u00fablica para Grados en Ciencias de la Salud (incluye versi\u00f3n digital). 3\u00aa Edici\u00f3n"},"content":{"rendered":"\t\t<div data-elementor-type=\"wp-post\" data-elementor-id=\"12708\" class=\"elementor elementor-12708\">\n\t\t\t\t<div class=\"elementor-element elementor-element-2612b12 e-flex e-con-boxed e-con e-parent\" data-id=\"2612b12\" data-element_type=\"container\" data-e-type=\"container\">\n\t\t\t\t\t<div class=\"e-con-inner\">\n\t\t\n\t\t<div class=\"elementor-element elementor-element-498707ae elementor-widget elementor-widget-text-editor\" data-id=\"498707ae\" data-element_type=\"widget\" data-e-type=\"widget\" data-widget_type=\"text-editor.default\">\n\t\t\t\t<div class=\"elementor-widget-container\">\n\t\t\t\t\t\t\t\t\t<p>Los nuevos cambios introducidos por el Espacio Europeo de Educaci\u00f3n Superior hacen necesaria una ampliaci\u00f3n de los conocimientos para afrontar las competencias del profesional implicado en la salud p\u00fablica.<\/p><p>Esta nueva edici\u00f3n de la obra Manual de epidemiolog\u00eda y Salud P\u00fablica para grados en Ciencias de la Salud contiene 95 cap\u00edtulos organizados en 8 secciones: introducci\u00f3n a la salud p\u00fabica, herramientas y m\u00e9todos en salud p\u00fablica, condicionantes de la salud, estrategias de salud p\u00fablica, actuaciones de salud p\u00fablica, salud p\u00fablica para grupos vulnerables, gesti\u00f3n y planificaci\u00f3n sanitaria y por \u00faltimo pol\u00edticas de salud p\u00fablica y \u00e9tica.<\/p>\t\t\t\t\t\t\t\t<\/div>\n\t\t\t\t<\/div>\n\t\t\t\t\t<\/div>\n\t\t\t\t<\/div>\n\t\t\t\t<\/div>\n\t\t","protected":false},"excerpt":{"rendered":"<p><strong>Autores:<\/strong>\u00a0Ildefonso Hern\u00e1ndez-Aguado, Blanca Lumbreras Lacarra<br \/>\n<strong>ISBN:<\/strong>\u00a09788491101734<br \/>\n<strong>Editorial:<\/strong>\u00a0Panamericana<br \/>\n<strong>Edici\u00f3n:<\/strong>\u00a03\u00aa<br \/>\n<strong>Especialidad<\/strong>: Epidemiolog\u00eda<br \/>\n<strong>P\u00e1ginas:\u00a0<\/strong>420<br \/>\n\u00a9 2018<\/p>\n","protected":false},"featured_media":12709,"comment_status":"open","ping_status":"open","template":"","meta":{"_joinchat":[]},"product_cat":[225],"product_tag":[226,70],"class_list":{"0":"post-12708","1":"product","2":"type-product","3":"status-publish","4":"has-post-thumbnail","6":"product_cat-epidemiologia","7":"product_tag-epidemiologia","8":"product_tag-panamericana","10":"first","11":"instock","12":"featured","13":"taxable","14":"shipping-taxable","15":"purchasable","16":"product-type-simple"},"_links":{"self":[{"href":"https:\/\/edimeinter.com\/libreria\/wp-json\/wp\/v2\/product\/12708","targetHints":{"allow":["GET"]}}],"collection":[{"href":"https:\/\/edimeinter.com\/libreria\/wp-json\/wp\/v2\/product"}],"about":[{"href":"https:\/\/edimeinter.com\/libreria\/wp-json\/wp\/v2\/types\/product"}],"replies":[{"embeddable":true,"href":"https:\/\/edimeinter.com\/libreria\/wp-json\/wp\/v2\/comments?post=12708"}],"version-history":[{"count":1,"href":"https:\/\/edimeinter.com\/libreria\/wp-json\/wp\/v2\/product\/12708\/revisions"}],"predecessor-version":[{"id":15453,"href":"https:\/\/edimeinter.com\/libreria\/wp-json\/wp\/v2\/product\/12708\/revisions\/15453"}],"wp:featuredmedia":[{"embeddable":true,"href":"https:\/\/edimeinter.com\/libreria\/wp-json\/wp\/v2\/media\/12709"}],"wp:attachment":[{"href":"https:\/\/edimeinter.com\/libreria\/wp-json\/wp\/v2\/media?parent=12708"}],"wp:term":[{"taxonomy":"product_cat","embeddable":true,"href":"https:\/\/edimeinter.com\/libreria\/wp-json\/wp\/v2\/product_cat?post=12708"},{"taxonomy":"product_tag","embeddable":true,"href":"https:\/\/edimeinter.com\/libreria\/wp-json\/wp\/v2\/product_tag?post=12708"}],"curies":[{"name":"wp","href":"https:\/\/api.w.org\/{rel}","templated":true}]}}