{"id":12714,"date":"2025-02-12T22:09:45","date_gmt":"2025-02-12T22:09:45","guid":{"rendered":"https:\/\/edimeinter.com\/libreria\/?post_type=product&#038;p=12714"},"modified":"2025-03-04T20:31:05","modified_gmt":"2025-03-04T20:31:05","slug":"nuevas-tecnologias-en-neurorrehabilitacion-incluye-version-digital-1a-edicion","status":"publish","type":"product","link":"https:\/\/edimeinter.com\/libreria\/product\/nuevas-tecnologias-en-neurorrehabilitacion-incluye-version-digital-1a-edicion\/","title":{"rendered":"Nuevas tecnolog\u00edas en Neurorrehabilitaci\u00f3n (Incluye versi\u00f3n digital). 1\u00aa Edici\u00f3n"},"content":{"rendered":"\t\t<div data-elementor-type=\"wp-post\" data-elementor-id=\"12714\" class=\"elementor elementor-12714\">\n\t\t\t\t<div class=\"elementor-element elementor-element-2612b12 e-flex e-con-boxed e-con e-parent\" data-id=\"2612b12\" data-element_type=\"container\" data-e-type=\"container\">\n\t\t\t\t\t<div class=\"e-con-inner\">\n\t\t\n\t\t<div class=\"elementor-element elementor-element-498707ae elementor-widget elementor-widget-text-editor\" data-id=\"498707ae\" data-element_type=\"widget\" data-e-type=\"widget\" data-widget_type=\"text-editor.default\">\n\t\t\t\t<div class=\"elementor-widget-container\">\n\t\t\t\t\t\t\t\t\t<p>La obra Nuevas Tecnolog\u00edas en Neurorrehabilitaci\u00f3n. Aplicaciones diagn\u00f3sticas y terap\u00e9uticas est\u00e1 escrita por profesionales de las ciencias de la salud que est\u00e1n en contacto con pacientes neurol\u00f3gicos, pero tambi\u00e9n con la investigaci\u00f3n en el campo de la neurorrehabilitaci\u00f3n.<\/p><p>Las nuevas tecnolog\u00edas son el presente en este campo y se deben considerar como un aliado m\u00e1s dentro del arsenal diagn\u00f3stico y terap\u00e9utico al alcance del profesional.<\/p><p>La obra est\u00e1 divida en tres bloques tem\u00e1ticos: en el primero de ellos se abordan las bases y fundamentos de las nuevas tecnolog\u00edas en la rehabilitaci\u00f3n neurol\u00f3gica; el segundo se centra en el estudio de las aplicaciones diagn\u00f3sticas y terap\u00e9uticas de las nuevas tecnolog\u00edas en neurorrehabilitaci\u00f3n, y el tercero versa sobre otras aplicaciones de las nuevas tecnolog\u00edas en la actualidad, con contenidos muy actuales, como por ejemplo, el dise\u00f1o de pr\u00f3tesis 3D, sistemas de comunicaci\u00f3n aumentativa y alternativa, dom\u00f3tica, entornos inteligentes, as\u00ed como el estudio de la implementaci\u00f3n y los retos actuales que presentan todos estos sistemas.<\/p>\t\t\t\t\t\t\t\t<\/div>\n\t\t\t\t<\/div>\n\t\t\t\t\t<\/div>\n\t\t\t\t<\/div>\n\t\t\t\t<\/div>\n\t\t","protected":false},"excerpt":{"rendered":"<p><strong>Autores:<\/strong>\u00a0Roberto Cano de la Cuerda<br \/>\n<strong>ISBN:<\/strong>\u00a09788491102397<br \/>\n<strong>Editorial:<\/strong>\u00a0Panamericana<br \/>\n<strong>Edici\u00f3n:<\/strong>\u00a01\u00aa<br \/>\n<strong>Especialidad<\/strong>: Rehabilitaci\u00f3n y Medicina F\u00edsica<br \/>\n<strong>P\u00e1ginas:\u00a0<\/strong>232<br \/>\n\u00a9 2018<\/p>\n","protected":false},"featured_media":12715,"comment_status":"open","ping_status":"open","template":"","meta":{"_joinchat":[]},"product_cat":[211],"product_tag":[70,212],"class_list":{"0":"post-12714","1":"product","2":"type-product","3":"status-publish","4":"has-post-thumbnail","6":"product_cat-rehabilitacion-y-medicina-fisica","7":"product_tag-panamericana","8":"product_tag-rehabilitacion-y-medicina-fisica","10":"first","11":"instock","12":"featured","13":"taxable","14":"shipping-taxable","15":"purchasable","16":"product-type-simple"},"_links":{"self":[{"href":"https:\/\/edimeinter.com\/libreria\/wp-json\/wp\/v2\/product\/12714","targetHints":{"allow":["GET"]}}],"collection":[{"href":"https:\/\/edimeinter.com\/libreria\/wp-json\/wp\/v2\/product"}],"about":[{"href":"https:\/\/edimeinter.com\/libreria\/wp-json\/wp\/v2\/types\/product"}],"replies":[{"embeddable":true,"href":"https:\/\/edimeinter.com\/libreria\/wp-json\/wp\/v2\/comments?post=12714"}],"version-history":[{"count":1,"href":"https:\/\/edimeinter.com\/libreria\/wp-json\/wp\/v2\/product\/12714\/revisions"}],"predecessor-version":[{"id":15455,"href":"https:\/\/edimeinter.com\/libreria\/wp-json\/wp\/v2\/product\/12714\/revisions\/15455"}],"wp:featuredmedia":[{"embeddable":true,"href":"https:\/\/edimeinter.com\/libreria\/wp-json\/wp\/v2\/media\/12715"}],"wp:attachment":[{"href":"https:\/\/edimeinter.com\/libreria\/wp-json\/wp\/v2\/media?parent=12714"}],"wp:term":[{"taxonomy":"product_cat","embeddable":true,"href":"https:\/\/edimeinter.com\/libreria\/wp-json\/wp\/v2\/product_cat?post=12714"},{"taxonomy":"product_tag","embeddable":true,"href":"https:\/\/edimeinter.com\/libreria\/wp-json\/wp\/v2\/product_tag?post=12714"}],"curies":[{"name":"wp","href":"https:\/\/api.w.org\/{rel}","templated":true}]}}