{"id":12769,"date":"2025-02-12T22:51:11","date_gmt":"2025-02-12T22:51:11","guid":{"rendered":"https:\/\/edimeinter.com\/libreria\/?post_type=product&#038;p=12769"},"modified":"2025-03-04T20:47:24","modified_gmt":"2025-03-04T20:47:24","slug":"protocolos-de-andrologia-incluye-version-digital-2a-edicion","status":"publish","type":"product","link":"https:\/\/edimeinter.com\/libreria\/product\/protocolos-de-andrologia-incluye-version-digital-2a-edicion\/","title":{"rendered":"Protocolos de Androlog\u00eda (incluye versi\u00f3n digital). 2\u00aa Edici\u00f3n"},"content":{"rendered":"\t\t<div data-elementor-type=\"wp-post\" data-elementor-id=\"12769\" class=\"elementor elementor-12769\">\n\t\t\t\t<div class=\"elementor-element elementor-element-2612b12 e-flex e-con-boxed e-con e-parent\" data-id=\"2612b12\" data-element_type=\"container\" data-e-type=\"container\">\n\t\t\t\t\t<div class=\"e-con-inner\">\n\t\t\n\t\t<div class=\"elementor-element elementor-element-498707ae elementor-widget elementor-widget-text-editor\" data-id=\"498707ae\" data-element_type=\"widget\" data-e-type=\"widget\" data-widget_type=\"text-editor.default\">\n\t\t\t\t<div class=\"elementor-widget-container\">\n\t\t\t\t\t\t\t\t\t<p>La obra Protocolos de Androlog\u00eda de la Fundaci\u00f3 Puigvert, recoge de forma actualizada el abordaje, por parte de los profesionales de la Fundaci\u00f3, de las patolog\u00edas m\u00e1s frecuentes en el aparato genital masculino, especialmente en las \u00e1reas de infertilidad, disfunciones sexuales, contracepci\u00f3n masculina, infecciones de transmisi\u00f3n sexual, alteraciones morfol\u00f3gicas del pene y del desarrollo gonadal.<\/p><p>Trata los temas relacionados con la salud sexual y reproductiva con un \u00e9nfasis importante en el papel de la pareja, los aspectos relacionales y psicoemocionales. Es por esta raz\u00f3n que tambi\u00e9n contiene cap\u00edtulos sobre el estudio y tratamiento de las disfunciones sexuales femeninas y sobre reproducci\u00f3n asistida para hombres o mujeres con problemas de fertilidad.<\/p>\t\t\t\t\t\t\t\t<\/div>\n\t\t\t\t<\/div>\n\t\t\t\t\t<\/div>\n\t\t\t\t<\/div>\n\t\t\t\t<\/div>\n\t\t","protected":false},"excerpt":{"rendered":"<p><strong>Autores:<\/strong>\u00a0Eduardo Ruiz Casta\u00f1\u00e9<br \/>\n<strong>ISBN:<\/strong>\u00a09788491104575<br \/>\n<strong>Editorial:<\/strong>\u00a0Panamericana<br \/>\n<strong>Edici\u00f3n:<\/strong>\u00a02\u00aa<br \/>\n<strong>Especialidad<\/strong>: Urolog\u00eda<br \/>\n<strong>P\u00e1ginas:\u00a0<\/strong>228<br \/>\n\u00a9 2018<\/p>\n","protected":false},"featured_media":12770,"comment_status":"open","ping_status":"open","template":"","meta":{"_joinchat":[]},"product_cat":[148],"product_tag":[70,149],"class_list":{"0":"post-12769","1":"product","2":"type-product","3":"status-publish","4":"has-post-thumbnail","6":"product_cat-urologia","7":"product_tag-panamericana","8":"product_tag-urologia","10":"first","11":"instock","12":"featured","13":"taxable","14":"shipping-taxable","15":"purchasable","16":"product-type-simple"},"_links":{"self":[{"href":"https:\/\/edimeinter.com\/libreria\/wp-json\/wp\/v2\/product\/12769","targetHints":{"allow":["GET"]}}],"collection":[{"href":"https:\/\/edimeinter.com\/libreria\/wp-json\/wp\/v2\/product"}],"about":[{"href":"https:\/\/edimeinter.com\/libreria\/wp-json\/wp\/v2\/types\/product"}],"replies":[{"embeddable":true,"href":"https:\/\/edimeinter.com\/libreria\/wp-json\/wp\/v2\/comments?post=12769"}],"version-history":[{"count":2,"href":"https:\/\/edimeinter.com\/libreria\/wp-json\/wp\/v2\/product\/12769\/revisions"}],"predecessor-version":[{"id":15465,"href":"https:\/\/edimeinter.com\/libreria\/wp-json\/wp\/v2\/product\/12769\/revisions\/15465"}],"wp:featuredmedia":[{"embeddable":true,"href":"https:\/\/edimeinter.com\/libreria\/wp-json\/wp\/v2\/media\/12770"}],"wp:attachment":[{"href":"https:\/\/edimeinter.com\/libreria\/wp-json\/wp\/v2\/media?parent=12769"}],"wp:term":[{"taxonomy":"product_cat","embeddable":true,"href":"https:\/\/edimeinter.com\/libreria\/wp-json\/wp\/v2\/product_cat?post=12769"},{"taxonomy":"product_tag","embeddable":true,"href":"https:\/\/edimeinter.com\/libreria\/wp-json\/wp\/v2\/product_tag?post=12769"}],"curies":[{"name":"wp","href":"https:\/\/api.w.org\/{rel}","templated":true}]}}