{"id":12799,"date":"2025-02-13T00:15:56","date_gmt":"2025-02-13T00:15:56","guid":{"rendered":"https:\/\/edimeinter.com\/libreria\/?post_type=product&#038;p=12799"},"modified":"2026-01-19T02:51:00","modified_gmt":"2026-01-19T02:51:00","slug":"el-encefalo-diagnostico-por-imagen-patologia-y-anatomia-1a-edicion","status":"publish","type":"product","link":"https:\/\/edimeinter.com\/libreria\/product\/el-encefalo-diagnostico-por-imagen-patologia-y-anatomia-1a-edicion\/","title":{"rendered":"El Enc\u00e9falo. Diagn\u00f3stico por imagen, patolog\u00eda y anatom\u00eda. 1\u00aa Edici\u00f3n"},"content":{"rendered":"\t\t<div data-elementor-type=\"wp-post\" data-elementor-id=\"12799\" class=\"elementor elementor-12799\">\n\t\t\t\t<div class=\"elementor-element elementor-element-2612b12 e-flex e-con-boxed e-con e-parent\" data-id=\"2612b12\" data-element_type=\"container\" data-e-type=\"container\">\n\t\t\t\t\t<div class=\"e-con-inner\">\n\t\t\n\t\t<div class=\"elementor-element elementor-element-498707ae elementor-widget elementor-widget-text-editor\" data-id=\"498707ae\" data-element_type=\"widget\" data-e-type=\"widget\" data-widget_type=\"text-editor.default\">\n\t\t\t\t<div class=\"elementor-widget-container\">\n\t\t\t\t\t\t\t\t\t<p>La obra de la Dra. Anne G. Osborn, \u2018Osborn, el enc\u00e9falo. Diagn\u00f3stico por imagen, patolog\u00eda y anatom\u00eda\u2019 es completa, atractiva visualmente y f\u00e1cil de entender. Proporciona un s\u00f3lido y amplio marco para comprender una materia compleja y \u00e1rida como es la imagen cerebral.<\/p><p>Combina los aspectos anat\u00f3micos esenciales con la patolog\u00eda macrosc\u00f3pica y las t\u00e9cnicas de imagen, mostrando de forma clara por qu\u00e9 y c\u00f3mo aparecen las enfermedades de la forma en la que lo hacen.<br \/>Todo el texto ha sido redactado por la Dra. Osborn, aport\u00e1ndole su toque genuino y especial para convertir temas complejos en f\u00e1cilmente comprensibles y d\u00e1ndole un enfoque uniforme a todos los cap\u00edtulos que integran la obra.<\/p><p>Cubre todos los aspectos de obligado conocimiento en lo relativo a la imagen cerebral, junto con espectaculares ejemplos patol\u00f3gicos, la anatom\u00eda m\u00e1s relevante y t\u00e9cnicas actualizadas en Neurorradiolog\u00eda.<\/p>\t\t\t\t\t\t\t\t<\/div>\n\t\t\t\t<\/div>\n\t\t\t\t\t<\/div>\n\t\t\t\t<\/div>\n\t\t\t\t<\/div>\n\t\t","protected":false},"excerpt":{"rendered":"<p><strong>Autores:<\/strong>\u00a0Anne G. Osborn<br \/>\n<strong>ISBN:<\/strong>\u00a09788498358056<br \/>\n<strong>Editorial:<\/strong>\u00a0Panamericana<br \/>\n<strong>Edici\u00f3n:<\/strong>\u00a01\u00aa<br \/>\n<strong>Especialidad<\/strong>: Radiolog\u00eda<br \/>\n<strong>P\u00e1ginas:\u00a0<\/strong>1300<br \/>\n\u00a9 2018<\/p>\n","protected":false},"featured_media":12800,"comment_status":"open","ping_status":"closed","template":"","meta":{"_joinchat":[]},"product_cat":[221],"product_tag":[70,222],"class_list":{"0":"post-12799","1":"product","2":"type-product","3":"status-publish","4":"has-post-thumbnail","6":"product_cat-radiologia","7":"product_tag-panamericana","8":"product_tag-radiologia","10":"first","11":"outofstock","12":"featured","13":"taxable","14":"shipping-taxable","15":"purchasable","16":"product-type-simple"},"_links":{"self":[{"href":"https:\/\/edimeinter.com\/libreria\/wp-json\/wp\/v2\/product\/12799","targetHints":{"allow":["GET"]}}],"collection":[{"href":"https:\/\/edimeinter.com\/libreria\/wp-json\/wp\/v2\/product"}],"about":[{"href":"https:\/\/edimeinter.com\/libreria\/wp-json\/wp\/v2\/types\/product"}],"replies":[{"embeddable":true,"href":"https:\/\/edimeinter.com\/libreria\/wp-json\/wp\/v2\/comments?post=12799"}],"version-history":[{"count":1,"href":"https:\/\/edimeinter.com\/libreria\/wp-json\/wp\/v2\/product\/12799\/revisions"}],"predecessor-version":[{"id":15470,"href":"https:\/\/edimeinter.com\/libreria\/wp-json\/wp\/v2\/product\/12799\/revisions\/15470"}],"wp:featuredmedia":[{"embeddable":true,"href":"https:\/\/edimeinter.com\/libreria\/wp-json\/wp\/v2\/media\/12800"}],"wp:attachment":[{"href":"https:\/\/edimeinter.com\/libreria\/wp-json\/wp\/v2\/media?parent=12799"}],"wp:term":[{"taxonomy":"product_cat","embeddable":true,"href":"https:\/\/edimeinter.com\/libreria\/wp-json\/wp\/v2\/product_cat?post=12799"},{"taxonomy":"product_tag","embeddable":true,"href":"https:\/\/edimeinter.com\/libreria\/wp-json\/wp\/v2\/product_tag?post=12799"}],"curies":[{"name":"wp","href":"https:\/\/api.w.org\/{rel}","templated":true}]}}

El Encéfalo. Diagnóstico por imagen, patología y anatomía. 1ª Edición

<div data-elementor-type="wp-post" data-elementor-id="12799" class="elementor elementor-12799">
				<div class="elementor-element elementor-element-2612b12 e-flex e-con-boxed e-con e-parent" data-id="2612b12" data-element_type="container" data-e-type="container">
					<div class="e-con-inner">
		
		<div class="elementor-element elementor-element-498707ae elementor-widget elementor-widget-text-editor" data-id="498707ae" data-element_type="widget" data-e-type="widget" data-widget_type="text-editor.default">
				<div class="elementor-widget-container">
									<p>La obra de la Dra. Anne G. Osborn, ‘Osborn, el encéfalo. Diagnóstico por imagen, patología y anatomía’ es completa, atractiva visualmente y fácil de entender. Proporciona un sólido y amplio marco para comprender una materia compleja y árida como es la imagen cerebral.</p><p>Combina los aspectos anatómicos esenciales con la patología macroscópica y las técnicas de imagen, mostrando de forma clara por qué y cómo aparecen las enfermedades de la forma en la que lo hacen.<br />Todo el texto ha sido redactado por la Dra. Osborn, aportándole su toque genuino y especial para convertir temas complejos en fácilmente comprensibles y dándole un enfoque uniforme a todos los capítulos que integran la obra.</p><p>Cubre todos los aspectos de obligado conocimiento en lo relativo a la imagen cerebral, junto con espectaculares ejemplos patológicos, la anatomía más relevante y técnicas actualizadas en Neurorradiología.</p>								</div>
				</div>
					</div>
				</div>
				</div>

<p><strong>Autores:</strong> Anne G. Osborn<br />
<strong>ISBN:</strong> 9788498358056<br />
<strong>Editorial:</strong> Panamericana<br />
<strong>Edición:</strong> 1ª<br />
<strong>Especialidad</strong>: Radiología<br />
<strong>Páginas: </strong>1300<br />
© 2018</p>
