{"id":12820,"date":"2025-02-13T14:04:43","date_gmt":"2025-02-13T14:04:43","guid":{"rendered":"https:\/\/edimeinter.com\/libreria\/?post_type=product&#038;p=12820"},"modified":"2025-03-04T20:53:31","modified_gmt":"2025-03-04T20:53:31","slug":"enferpedia-tecnicas-y-procedimientos-de-enfermeria-1a-edicion","status":"publish","type":"product","link":"https:\/\/edimeinter.com\/libreria\/product\/enferpedia-tecnicas-y-procedimientos-de-enfermeria-1a-edicion\/","title":{"rendered":"Enferpedia \u2013 T\u00e9cnicas y procedimientos de enfermer\u00eda. 1\u00aa Edici\u00f3n"},"content":{"rendered":"\t\t<div data-elementor-type=\"wp-post\" data-elementor-id=\"12820\" class=\"elementor elementor-12820\">\n\t\t\t\t<div class=\"elementor-element elementor-element-2612b12 e-flex e-con-boxed e-con e-parent\" data-id=\"2612b12\" data-element_type=\"container\" data-e-type=\"container\">\n\t\t\t\t\t<div class=\"e-con-inner\">\n\t\t\n\t\t<div class=\"elementor-element elementor-element-498707ae elementor-widget elementor-widget-text-editor\" data-id=\"498707ae\" data-element_type=\"widget\" data-e-type=\"widget\" data-widget_type=\"text-editor.default\">\n\t\t\t\t<div class=\"elementor-widget-container\">\n\t\t\t\t\t\t\t\t\t<div class=\"accordionContent pulir\"><p>Enferpedia, T\u00e9cnicas y procedimientos de Enfermer\u00eda nace para dar respuesta a una condici\u00f3n habitual en la pr\u00e1ctica de la Enfermer\u00eda: el profesional de Enfermer\u00eda va a trabajar en servicios muy distintos a lo largo de su carrera y cada uno de estos servicios tiene asociados una serie de conocimientos y t\u00e9cnicas que pueden ser desconocidas al inicio de la actividad laboral.<\/p><p>Se organiza por especialidades m\u00e9dicas (a imagen y semejanza de los servicios hospitalarios), en las que se van detallando la finalidad de la t\u00e9cnica descrita, sus indicaciones y contraindicaciones, el material necesario, el procedimiento para su realizaci\u00f3n, los cuidados de Enfermer\u00eda necesarios y las complicaciones que pudieran surgir.<\/p><\/div><div class=\"accordionContent pulir\">\u00a0<\/div><div class=\"accordionContent pulir\">Se exponen m\u00e1s de 250 t\u00e9cnicas.<\/div>\t\t\t\t\t\t\t\t<\/div>\n\t\t\t\t<\/div>\n\t\t\t\t\t<\/div>\n\t\t\t\t<\/div>\n\t\t\t\t<\/div>\n\t\t","protected":false},"excerpt":{"rendered":"<p><strong>Autores:<\/strong>\u00a0Sergio Galarreta Aperte, Carlos Mart\u00edn Gracia<br \/>\n<strong>ISBN:<\/strong>\u00a09788491101833<br \/>\n<strong>Editorial:<\/strong>\u00a0Panamericana<br \/>\n<strong>Edici\u00f3n:<\/strong>\u00a01\u00aa<br \/>\n<strong>Especialidad<\/strong>: Enfermer\u00eda<br \/>\n<strong>P\u00e1ginas:\u00a0<\/strong>1168<br \/>\n\u00a9 2018<\/p>\n","protected":false},"featured_media":12821,"comment_status":"open","ping_status":"open","template":"","meta":{"_joinchat":[]},"product_cat":[115],"product_tag":[82,70],"class_list":{"0":"post-12820","1":"product","2":"type-product","3":"status-publish","4":"has-post-thumbnail","6":"product_cat-enfermeria","7":"product_tag-enfermeria","8":"product_tag-panamericana","10":"first","11":"outofstock","12":"featured","13":"taxable","14":"shipping-taxable","15":"purchasable","16":"product-type-simple"},"_links":{"self":[{"href":"https:\/\/edimeinter.com\/libreria\/wp-json\/wp\/v2\/product\/12820","targetHints":{"allow":["GET"]}}],"collection":[{"href":"https:\/\/edimeinter.com\/libreria\/wp-json\/wp\/v2\/product"}],"about":[{"href":"https:\/\/edimeinter.com\/libreria\/wp-json\/wp\/v2\/types\/product"}],"replies":[{"embeddable":true,"href":"https:\/\/edimeinter.com\/libreria\/wp-json\/wp\/v2\/comments?post=12820"}],"version-history":[{"count":1,"href":"https:\/\/edimeinter.com\/libreria\/wp-json\/wp\/v2\/product\/12820\/revisions"}],"predecessor-version":[{"id":15473,"href":"https:\/\/edimeinter.com\/libreria\/wp-json\/wp\/v2\/product\/12820\/revisions\/15473"}],"wp:featuredmedia":[{"embeddable":true,"href":"https:\/\/edimeinter.com\/libreria\/wp-json\/wp\/v2\/media\/12821"}],"wp:attachment":[{"href":"https:\/\/edimeinter.com\/libreria\/wp-json\/wp\/v2\/media?parent=12820"}],"wp:term":[{"taxonomy":"product_cat","embeddable":true,"href":"https:\/\/edimeinter.com\/libreria\/wp-json\/wp\/v2\/product_cat?post=12820"},{"taxonomy":"product_tag","embeddable":true,"href":"https:\/\/edimeinter.com\/libreria\/wp-json\/wp\/v2\/product_tag?post=12820"}],"curies":[{"name":"wp","href":"https:\/\/api.w.org\/{rel}","templated":true}]}}