{"id":12880,"date":"2025-02-13T18:45:20","date_gmt":"2025-02-13T18:45:20","guid":{"rendered":"https:\/\/edimeinter.com\/libreria\/?post_type=product&#038;p=12880"},"modified":"2025-03-04T21:09:51","modified_gmt":"2025-03-04T21:09:51","slug":"microbiologia-y-parasitologia-humana-bases-etiologicas-de-las-enfermedades-infecciosas-y-parasitarias-4a-edicion","status":"publish","type":"product","link":"https:\/\/edimeinter.com\/libreria\/product\/microbiologia-y-parasitologia-humana-bases-etiologicas-de-las-enfermedades-infecciosas-y-parasitarias-4a-edicion\/","title":{"rendered":"Microbiolog\u00eda y Parasitolog\u00eda Humana \u2013 Bases etiol\u00f3gicas de las enfermedades infecciosas y parasitarias. 4\u00aa Edici\u00f3n"},"content":{"rendered":"\t\t<div data-elementor-type=\"wp-post\" data-elementor-id=\"12880\" class=\"elementor elementor-12880\">\n\t\t\t\t<div class=\"elementor-element elementor-element-2612b12 e-flex e-con-boxed e-con e-parent\" data-id=\"2612b12\" data-element_type=\"container\" data-e-type=\"container\">\n\t\t\t\t\t<div class=\"e-con-inner\">\n\t\t\n\t\t<div class=\"elementor-element elementor-element-498707ae elementor-widget elementor-widget-text-editor\" data-id=\"498707ae\" data-element_type=\"widget\" data-e-type=\"widget\" data-widget_type=\"text-editor.default\">\n\t\t\t\t<div class=\"elementor-widget-container\">\n\t\t\t\t\t\t\t\t\t<div class=\"accordionContent pulir\"><div class=\"accordionContent pulir\"><p>La cuarta edici\u00f3n de Microbiolog\u00eda y Parasitolog\u00eda Humana, con una larga y exitosa presencia en el mercado, mantiene intactos sus principios y objetivos originales: acercar al lector al conocimiento de las enfermedades infecciosas y la relaci\u00f3n hu\u00e9sped\u2013par\u00e1sito, desde la perspectiva ahora de esta relaci\u00f3n en el Siglo XXI. El libro ha sido elaborado y escrito por destacados profesionales y su claridad expositiva y su estructura did\u00e1ctica permitir\u00e1n a todos los lectores lograr aprendizajes significativos y con una integraci\u00f3n b\u00e1sico\u2013cl\u00ednica sobre las enfermedades infecciosas y parasitarias.<\/p><p>Esta nueva edici\u00f3n contiene numerosas herramientas pedag\u00f3gicas como:<\/p><ul><li>Objetivos de aprendizaje<\/li><\/ul><ul><li>Introducci\u00f3n<\/li><\/ul><ul><li>Informaci\u00f3n estructurada en los diferentes aspectos del tema<\/li><\/ul><ul><li>Distinci\u00f3n de los conceptos m\u00e1s importantes por p\u00e1rrafo<\/li><\/ul><ul><li>Tablas sin\u00f3pticas<\/li><\/ul><ul><li>Palabras claves destacadas<\/li><\/ul><ul><li>S\u00edntesis conceptual<\/li><\/ul><ul><li>Definici\u00f3n de los vocablos m\u00e1s importantes del tema<\/li><\/ul><ul><li>Dibujos y fotograf\u00edas<\/li><\/ul><p>Contiene adem\u00e1s un sitio web para el docente y el estudiante, con valioso material complementario como: preguntas de repaso, preguntas de autoevaluaci\u00f3n, casos cl\u00ednicos y un glosario de t\u00e9rminos de la especialidad.Una obra dirigida al estudiante de ciencias de la salud, tanto de pregrado como de posgrado, y a todo aquel interesado en conocer el extraordinario mundo biol\u00f3gico de los agentes que interact\u00faan con el ser humano, ya sea que lo enfermen o s\u00f3lo lo colonicen.<\/p><\/div><\/div>\t\t\t\t\t\t\t\t<\/div>\n\t\t\t\t<\/div>\n\t\t\t\t\t<\/div>\n\t\t\t\t<\/div>\n\t\t\t\t<\/div>\n\t\t","protected":false},"excerpt":{"rendered":"<p><strong>Autores:<\/strong>\u00a0Ra\u00fal Romero Cabello<br \/>\n<strong>ISBN:<\/strong>\u00a09786078546138<br \/>\n<strong>Editorial:<\/strong>\u00a0Panamericana<br \/>\n<strong>Edici\u00f3n:<\/strong>\u00a04\u00aa<br \/>\n<strong>Especialidad<\/strong>: Laboratorio Cl\u00ednico<br \/>\n<strong>P\u00e1ginas:\u00a0<\/strong>1288<br \/>\n\u00a9 2018<\/p>\n","protected":false},"featured_media":12882,"comment_status":"open","ping_status":"open","template":"","meta":{"_joinchat":[]},"product_cat":[136],"product_tag":[137,70],"class_list":{"0":"post-12880","1":"product","2":"type-product","3":"status-publish","4":"has-post-thumbnail","6":"product_cat-laboratorio-clinico","7":"product_tag-laboratorio-clinico","8":"product_tag-panamericana","10":"first","11":"instock","12":"sale","13":"featured","14":"taxable","15":"shipping-taxable","16":"purchasable","17":"product-type-simple"},"_links":{"self":[{"href":"https:\/\/edimeinter.com\/libreria\/wp-json\/wp\/v2\/product\/12880","targetHints":{"allow":["GET"]}}],"collection":[{"href":"https:\/\/edimeinter.com\/libreria\/wp-json\/wp\/v2\/product"}],"about":[{"href":"https:\/\/edimeinter.com\/libreria\/wp-json\/wp\/v2\/types\/product"}],"replies":[{"embeddable":true,"href":"https:\/\/edimeinter.com\/libreria\/wp-json\/wp\/v2\/comments?post=12880"}],"version-history":[{"count":1,"href":"https:\/\/edimeinter.com\/libreria\/wp-json\/wp\/v2\/product\/12880\/revisions"}],"predecessor-version":[{"id":15478,"href":"https:\/\/edimeinter.com\/libreria\/wp-json\/wp\/v2\/product\/12880\/revisions\/15478"}],"wp:featuredmedia":[{"embeddable":true,"href":"https:\/\/edimeinter.com\/libreria\/wp-json\/wp\/v2\/media\/12882"}],"wp:attachment":[{"href":"https:\/\/edimeinter.com\/libreria\/wp-json\/wp\/v2\/media?parent=12880"}],"wp:term":[{"taxonomy":"product_cat","embeddable":true,"href":"https:\/\/edimeinter.com\/libreria\/wp-json\/wp\/v2\/product_cat?post=12880"},{"taxonomy":"product_tag","embeddable":true,"href":"https:\/\/edimeinter.com\/libreria\/wp-json\/wp\/v2\/product_tag?post=12880"}],"curies":[{"name":"wp","href":"https:\/\/api.w.org\/{rel}","templated":true}]}}